{"id":4632,"date":"2018-03-29T11:31:49","date_gmt":"2018-03-29T09:31:49","guid":{"rendered":"http:\/\/kayapati.com\/demos\/julia\/?page_id=4632"},"modified":"2024-02-21T15:41:07","modified_gmt":"2024-02-21T13:41:07","slug":"cuerpos-conectados","status":"publish","type":"page","link":"https:\/\/www.ub.edu\/archID\/cuerpos-conectados\/","title":{"rendered":"Cuerpos Conectados"},"content":{"rendered":"<p>[vc_row][vc_column width=&#8221;1\/2&#8243;][vc_column_text]<\/p>\n<h2>Cuerpos conectados II. Nuevos procesos de creaci\u00f3n y difusi\u00f3n de las pr\u00e1cticas art\u00edsticas en la no-presencialidad<\/h2>\n<p>&nbsp;<\/p>\n<p>Proyecto de investigaci\u00f3n art\u00edstica sobre los nuevos procesos de creaci\u00f3n y difusi\u00f3n de las pr\u00e1cticas art\u00edsticas identitarias en la no-presencialidad (online); en concreto sobre aquellas pr\u00e1cticas de la sociedad transmedia centradas en la autorrepresentaci\u00f3n, la autorreferencia y la construcci\u00f3n identitaria .<\/p>\n<p>Los objetivos principales del proyecto son:<\/p>\n<ul>\n<li>La identificaci\u00f3n, a trav\u00e9s del an\u00e1lisis del actual panorama art\u00edstico iberoamericano, de aquellas pr\u00e1cticas basadas en la autorrepresentaci\u00f3n del individuo que utilizan la no-presencialidad en su proceso de creaci\u00f3n y\/o difusi\u00f3n.<\/li>\n<li>La investigaci\u00f3n de la orientaci\u00f3n y resoluci\u00f3n de los nuevos modos de creaci\u00f3n y compartici\u00f3n online que se han activado durante la pandemia para que nos permitan vislumbrar opciones de futuro en la difusi\u00f3n del arte y, a la vez, sean referente de investigaci\u00f3n pionera para la futura arqueolog\u00eda medi\u00e1tica.<\/li>\n<li>La producci\u00f3n de obra art\u00edstica como resultado de la investigaci\u00f3n (investigaci\u00f3n art\u00edstica).<\/li>\n<li>La difusi\u00f3n y transferencia de los resultados a trav\u00e9s de la plataforma <em>Cuerpos conectados, <\/em>de la publicaci\u00f3n de art\u00edculos cient\u00edficos en acceso abierto y de la participaci\u00f3n en exposiciones y congresos internacionales divulgando los resultados de las investigaciones realizadas. Alguno de estos resultados reflexionar\u00e1 sobre los nuevos cuerpos conectados desde una perspectiva de g\u00e9nero. Tambi\u00e9n la continuidad del archivo <em>ArchID<\/em>.<\/li>\n<\/ul>\n<p>&nbsp;<\/p>\n<p>Este proyecto representa la continuidad del proyecto (HAR2017-84195-R) &#8220;Cuerpos conectados. Arte y cartograf\u00edas identitarias en la sociedad transmedia&#8221; (2018-2021).<\/p>\n<div class=\"page\" title=\"Page 7\">\n<div class=\"layoutArea\">\n<div class=\"column\">\n<p>Proyecto PID2020-1166999RB-100 financiado por:<\/p>\n<p><img loading=\"lazy\" decoding=\"async\" class=\"alignnone wp-image-7659\" src=\"https:\/\/www.ub.edu\/archID\/wp-content\/uploads\/micin-aei-370x123.jpg\" alt=\"\" width=\"271\" height=\"90\" srcset=\"https:\/\/www.ub.edu\/archID\/wp-content\/uploads\/micin-aei-370x123.jpg 370w, https:\/\/www.ub.edu\/archID\/wp-content\/uploads\/micin-aei-1024x341.jpg 1024w, https:\/\/www.ub.edu\/archID\/wp-content\/uploads\/micin-aei-768x255.jpg 768w, https:\/\/www.ub.edu\/archID\/wp-content\/uploads\/micin-aei-1536x511.jpg 1536w, https:\/\/www.ub.edu\/archID\/wp-content\/uploads\/micin-aei.jpg 2048w\" sizes=\"auto, (max-width: 271px) 100vw, 271px\" \/><\/p>\n<\/div>\n<\/div>\n<\/div>\n<p>[\/vc_column_text][\/vc_column][vc_column width=&#8221;1\/2&#8243;][vc_column_text]<\/p>\n<h2>Informaci\u00f3n general<\/h2>\n<p><strong>Convocatoria<\/strong>: Convocatoria de ayudas del Programa Estatal de Investigaci\u00f3n, Desarrollo e Innovaci\u00f3n Orientada a los Retos de la Sociedad. Modalidad Proyectos I+D+I<br \/>\n<strong>Organismo<\/strong>: Ministerio de Ciencia, Innovaci\u00f3n y Universidades<br \/>\n<strong>Programa<\/strong>: Programa Nacional Promoci\u00f3n General del Conocimiento &#8211; H\u00aa y Arte (BHA)<br \/>\n<strong>C\u00f3digo oficial<\/strong>: <strong>PID2020-1166999RB-100<\/strong><br \/>\n<strong>Fecha inicial<\/strong>: 01\/09\/2021 \u00a0<strong>Fecha final<\/strong>: 30\/08\/2024<br \/>\n<strong>Palabras clave: <\/strong>000182 &#8211; Arte \/ 009218 &#8211; Cuerpo \/ 001103 &#8211; Identidad \/ \u00a0253277 &#8211; Autorrepresentaci\u00f3n \/ 018726 &#8211; Conexi\u00f3n<\/p>\n<h2>Equipo investigador<\/h2>\n<p><strong>Investigadores principales<\/strong><br \/>\nLaura Baigorri Ballar\u00edn (UB) y Pedro Ortu\u00f1o Mengual (UM)<\/p>\n<p><strong>Investigadoras:<\/strong><br \/>\nClara Boj Tovar (UM\/UPV)<br \/>\nLourdes Cilleruelo Guti\u00e9rrez (EHU)<br \/>\nDiego D\u00edaz Garc\u00eda (UJI)<br \/>\nPaloma G. D\u00edaz (UOC)<br \/>\nDiego Marchante Hueso (UB)<br \/>\nMau Monle\u00f3n Pradas (UPV)<br \/>\nBlanca Montalvo Gallego (UMA)<br \/>\nVirginia Paniagua Guti\u00e9rrez (UV)<br \/>\nMireia Plans Farrero (UB)<br \/>\nPilar Rosado Rodr\u00edguez (UB)<br \/>\n\u00c1gueda Sim\u00f3 Cachorro (UBI-PT)<br \/>\nAna Urroz Os\u00e9s (UB)<br \/>\nAugusto Pedro Zubiaga G\u00e1rate (EHU)<\/p>\n<p><strong>Becarias adscritas:<\/strong><br \/>\nJoana Blotchein Burd (Beca FI &#8211; UB)[\/vc_column_text][\/vc_column][\/vc_row][vc_row][vc_column][vc_separator][\/vc_column][\/vc_row][vc_section][vc_row][vc_column width=&#8221;1\/2&#8243;][vc_column_text]<\/p>\n<h2>Cuerpos conectados. Arte y cartograf\u00edas identitarias en la sociedad transmedia<\/h2>\n<p>&nbsp;<\/p>\n<p>Proyecto de investigaci\u00f3n y pr\u00e1ctica art\u00edstica creativa sobre la autorrepresentaci\u00f3n, construcci\u00f3n identitaria y su impacto social, centrado en el an\u00e1lisis de los nuevos procesos de creaci\u00f3n, recepci\u00f3n y compartici\u00f3n de contenidos audiovisuales y transmedia relacionados con el cuerpo y la identidad.<\/p>\n<p>Los objetivos principales del proyecto son:<\/p>\n<ul>\n<li>La identificaci\u00f3n a trav\u00e9s del estudio y el an\u00e1lisis del panorama contempor\u00e1neo art\u00edstico iberoamericano, de las pr\u00e1cticas art\u00edsticas m\u00e1s significativas generadas a partir de la aplicaci\u00f3n de diversas tecnolog\u00edas audiovisuales en la representaci\u00f3n y la autorrepresentaci\u00f3n del individuo.<\/li>\n<li>La creaci\u00f3n de Arch-ID, un archivo cartogr\u00e1fico online para la documentaci\u00f3n y el an\u00e1lisis de las obras iberoamericanas identificadas, configurado como un dispositivo de investigaci\u00f3n, difusi\u00f3n y aprendizaje de acceso libre.<\/li>\n<li>La producci\u00f3n de obra art\u00edstica como resultado de la investigaci\u00f3n.<\/li>\n<li>La difusi\u00f3n de los resultados a trav\u00e9s de la publicaci\u00f3n de art\u00edculos cient\u00edficos; as\u00ed como la participaci\u00f3n en exposiciones y congresos internacionales difundiendo los resultados de las investigaciones realizadas.<\/li>\n<\/ul>\n<p>&nbsp;<\/p>\n<p>La relevancia e impacto del proyecto se manifiestan en los diferentes \u00e1mbitos culturales y tecnol\u00f3gicos que conforman nuestra sociedad y en las pr\u00e1cticas art\u00edsticas que hacen part\u00edcipes a\u00a0 individuos y colectivos, reivindicando la expresi\u00f3n de su representaci\u00f3n y autorrepresentaci\u00f3n.[\/vc_column_text][\/vc_column][vc_column width=&#8221;1\/2&#8243;][vc_column_text]<\/p>\n<h2>Informaci\u00f3n general<\/h2>\n<p><strong>Convocatoria<\/strong>: Convocatoria de ayudas del Programa Estatal de Investigaci\u00f3n, Desarrollo e Innovaci\u00f3n Orientada a los Retos de la Sociedad. Modalidad Proyectos I+D+I<br \/>\n<strong>Organismo<\/strong>: Ministerio de Econom\u00eda y Competitividad<br \/>\n<strong>Programa<\/strong>: Programa Nacional Promoci\u00f3n General del Conocimiento &#8211; H\u00aa y Arte (BHA)<br \/>\n<strong>C\u00f3digo oficial<\/strong>: <strong>HAR2017-84915-R<\/strong><br \/>\n<strong>Fecha inicial<\/strong>: 01\/01\/2018 \u00a0<strong>Fecha final<\/strong>: 30\/09\/2021<br \/>\n<strong>Palabras clave: <\/strong>000182 &#8211; Arte \/ 001103 &#8211; Identidad \/ 009218 &#8211; Cuerpo \/ 054960 &#8211; Media art \/ 054961 &#8211; Sociedad transmedia<\/p>\n<h2>Equipo investigador<\/h2>\n<p><strong>Investigadores principales<\/strong><br \/>\nLaura Baigorri Ballar\u00edn (UB) y Pedro Ortu\u00f1o Mengual (UM)<\/p>\n<p><strong>Investigadoras:<\/strong><br \/>\nPatxi Araujo Bar\u00f3n (EHU)<br \/>\nClara Boj Tovar (UM\/UPV)<br \/>\nQuim Cantalozella i Planas (UB)<br \/>\nLourdes Cilleruelo Guti\u00e9rrez (EHU)<br \/>\nRicardo Iglesias Garc\u00eda (UB\/UCM)<br \/>\nDiego Marchante Hueso (UB)<br \/>\nMau Monle\u00f3n Pradas (UPV)<br \/>\nBlanca Montalvo Gallego (UMA)<br \/>\nMontse Morcate Casera (UB)<br \/>\nMarta Negre Bus\u00f3 (UB)<br \/>\n\u00c1gueda Sim\u00f3 Cachorro (UBI-PT)<br \/>\nMaria Dolors T\u00e1pias Gil (UB)<br \/>\nAugusto Pedro Zubiaga G\u00e1rate (EHU)<\/p>\n<p><strong>Becarios adscritos:<\/strong><br \/>\nJoana Blotchein Burd (Beca FI &#8211; UB)<br \/>\n\u00c1ngel Cayuela Portela (Beca FPU &#8211; UM)[\/vc_column_text][\/vc_column][\/vc_row][\/vc_section]<\/p>\n","protected":false},"excerpt":{"rendered":"<p>[vc_row][vc_column width=&#8221;1\/2&#8243;][vc_column_text] Cuerpos conectados II. Nuevos procesos de creaci\u00f3n y difusi\u00f3n de las pr\u00e1cticas art\u00edsticas en la no-presencialidad &nbsp; Proyecto de investigaci\u00f3n art\u00edstica sobre los nuevos procesos de creaci\u00f3n y difusi\u00f3n de las pr\u00e1cticas art\u00edsticas identitarias en la no-presencialidad (online); en concreto sobre aquellas pr\u00e1cticas de la sociedad transmedia centradas en la autorrepresentaci\u00f3n, la autorreferencia [&hellip;]<\/p>\n","protected":false},"author":1,"featured_media":0,"parent":0,"menu_order":2,"comment_status":"closed","ping_status":"closed","template":"","meta":{"inline_featured_image":false,"footnotes":""},"class_list":["post-4632","page","type-page","status-publish","hentry"],"_links":{"self":[{"href":"https:\/\/www.ub.edu\/archID\/wp-json\/wp\/v2\/pages\/4632","targetHints":{"allow":["GET"]}}],"collection":[{"href":"https:\/\/www.ub.edu\/archID\/wp-json\/wp\/v2\/pages"}],"about":[{"href":"https:\/\/www.ub.edu\/archID\/wp-json\/wp\/v2\/types\/page"}],"author":[{"embeddable":true,"href":"https:\/\/www.ub.edu\/archID\/wp-json\/wp\/v2\/users\/1"}],"replies":[{"embeddable":true,"href":"https:\/\/www.ub.edu\/archID\/wp-json\/wp\/v2\/comments?post=4632"}],"version-history":[{"count":67,"href":"https:\/\/www.ub.edu\/archID\/wp-json\/wp\/v2\/pages\/4632\/revisions"}],"predecessor-version":[{"id":7687,"href":"https:\/\/www.ub.edu\/archID\/wp-json\/wp\/v2\/pages\/4632\/revisions\/7687"}],"wp:attachment":[{"href":"https:\/\/www.ub.edu\/archID\/wp-json\/wp\/v2\/media?parent=4632"}],"curies":[{"name":"wp","href":"https:\/\/api.w.org\/{rel}","templated":true}]}}