{"id":775,"date":"2023-03-06T21:08:37","date_gmt":"2023-03-06T19:08:37","guid":{"rendered":"https:\/\/www.ub.edu\/art-prodoc\/pedro-moraes-8\/"},"modified":"2026-01-06T22:41:15","modified_gmt":"2026-01-06T20:41:15","slug":"trobades-amb-creadors-processos-i-projectes-2011-2012","status":"publish","type":"page","link":"https:\/\/www.ub.edu\/art-prodoc\/linies-dactuacio-arxiu\/jornades-amb-creadors\/trobades-amb-creadors-processos-i-projectes-2011-2012\/","title":{"rendered":"Trobades amb creadors. Processos i Projectes (2011\/2012)"},"content":{"rendered":"\t\t<div data-elementor-type=\"wp-page\" data-elementor-id=\"775\" class=\"elementor elementor-775\">\n\t\t\t\t\t\t<section class=\"elementor-section elementor-top-section elementor-element elementor-element-57f3662 elementor-section-full_width qode_elementor_container_inner seccio elementor-section-height-default elementor-section-height-default parallax_section_no qode-content-aligment-left\" data-id=\"57f3662\" data-element_type=\"section\">\n\t\t\t\t\t\t<div class=\"elementor-container elementor-column-gap-default\">\n\t\t\t\t\t<div class=\"elementor-column elementor-col-50 elementor-top-column elementor-element elementor-element-d0ffb8b\" data-id=\"d0ffb8b\" data-element_type=\"column\">\n\t\t\t<div class=\"elementor-widget-wrap elementor-element-populated\">\n\t\t\t\t\t\t<div class=\"elementor-element elementor-element-8086717 elementor-widget elementor-widget-heading\" data-id=\"8086717\" data-element_type=\"widget\" data-widget_type=\"heading.default\">\n\t\t\t\t<div class=\"elementor-widget-container\">\n\t\t\t\t\t<h2 class=\"elementor-heading-title elementor-size-default\">Trobades amb creadors. Processos i Projectes (2011\/2012)<\/h2>\t\t\t\t<\/div>\n\t\t\t\t<\/div>\n\t\t\t\t<div class=\"elementor-element elementor-element-7f26597 elementor-widget elementor-widget-text-editor\" data-id=\"7f26597\" data-element_type=\"widget\" data-widget_type=\"text-editor.default\">\n\t\t\t\t<div class=\"elementor-widget-container\">\n\t\t\t\t\t\t\t\t\t<p>En l\u2019edici\u00f3 2011-2012, la tem\u00e0tica s\u2019ajustava a les problem\u00e0tiques expositives, relacionant l\u2019artista i la presentaci\u00f3 p\u00fablica de l\u2019obra, tractant temes com la producci\u00f3, l\u2019exposici\u00f3 o difusi\u00f3, el paper del cr\u00edtic i dels centres d\u2019art. Els ponents van ser: Eudald Camps (cr\u00edtic d\u2019art), Quico Estivill (artista), Bestu\u00e9-Vives (artistes) i Laia Manresa (periodista i directora de cinema). Quant als continguts, Eudald Camps i Quico Estivill van plantejar la relaci\u00f3 que s\u2019estableix entre el cr\u00edtic i l\u2019artista. Laia Manresa va abordar el fet creatiu i la seva difusi\u00f3 en el terreny dels mitjans audiovisuals. I finalment, l\u2019exposici\u00f3 de Bestu\u00e9-Vives al Caixa F\u00f2rum es va aprofitar per parlar de la concepci\u00f3 de l\u2019obra i de la seva instal\u00b7laci\u00f3 a l\u2019espai expositiu.\u00a0<\/p>\t\t\t\t\t\t\t\t<\/div>\n\t\t\t\t<\/div>\n\t\t\t\t\t<\/div>\n\t\t<\/div>\n\t\t\t\t<div class=\"elementor-column elementor-col-50 elementor-top-column elementor-element elementor-element-67cb92c\" data-id=\"67cb92c\" data-element_type=\"column\">\n\t\t\t<div class=\"elementor-widget-wrap elementor-element-populated\">\n\t\t\t\t\t\t<div class=\"elementor-element elementor-element-1276f9e elementor-widget elementor-widget-qi_addons_for_elementor_image_gallery\" data-id=\"1276f9e\" data-element_type=\"widget\" data-widget_type=\"qi_addons_for_elementor_image_gallery.default\">\n\t\t\t\t<div class=\"elementor-widget-container\">\n\t\t\t\t\t<div class=\"qodef-shortcode qodef-m qodef-qi-image-gallery qodef-qi-fslightbox-popup qodef-popup-gallery qodef-image--hover-zoom qodef-qi-grid qodef-layout--qi-columns qodef-col-num--1 qodef-responsive--predefined\">\n\t<div class=\"qodef-grid-inner\">\n\t\t<div class=\"qodef-e qodef-image-wrapper qodef-grid-item\">\n\t<div class=\"qodef-e-inner\">\n\t\t\t\t\t<a class=\"qodef-popup-item\" itemprop=\"image\" href=\"https:\/\/www.ub.edu\/art-prodoc\/wp-content\/uploads\/2023\/03\/1-4.png\" data-type=\"image\" data-fslightbox=\"gallery-332\">\n\t\t\t\t\t<img fetchpriority=\"high\" decoding=\"async\" width=\"472\" height=\"259\" src=\"https:\/\/www.ub.edu\/art-prodoc\/wp-content\/uploads\/2023\/03\/1-4.png\" class=\"attachment-full size-full\" alt=\"\" srcset=\"https:\/\/www.ub.edu\/art-prodoc\/wp-content\/uploads\/2023\/03\/1-4.png 472w, https:\/\/www.ub.edu\/art-prodoc\/wp-content\/uploads\/2023\/03\/1-4-300x165.png 300w\" sizes=\"(max-width: 472px) 100vw, 472px\" \/>\t\t\t\t\t<\/a>\n\t\t\t<\/div>\n<\/div>\n<div class=\"qodef-e qodef-image-wrapper qodef-grid-item\">\n\t<div class=\"qodef-e-inner\">\n\t\t\t\t\t<a class=\"qodef-popup-item\" itemprop=\"image\" href=\"https:\/\/www.ub.edu\/art-prodoc\/wp-content\/uploads\/2023\/03\/2-4.png\" data-type=\"image\" data-fslightbox=\"gallery-332\">\n\t\t\t\t\t<img decoding=\"async\" width=\"472\" height=\"259\" src=\"https:\/\/www.ub.edu\/art-prodoc\/wp-content\/uploads\/2023\/03\/2-4.png\" class=\"attachment-full size-full\" alt=\"\" srcset=\"https:\/\/www.ub.edu\/art-prodoc\/wp-content\/uploads\/2023\/03\/2-4.png 472w, https:\/\/www.ub.edu\/art-prodoc\/wp-content\/uploads\/2023\/03\/2-4-300x165.png 300w\" sizes=\"(max-width: 472px) 100vw, 472px\" \/>\t\t\t\t\t<\/a>\n\t\t\t<\/div>\n<\/div>\n<div class=\"qodef-e qodef-image-wrapper qodef-grid-item\">\n\t<div class=\"qodef-e-inner\">\n\t\t\t\t\t<a class=\"qodef-popup-item\" itemprop=\"image\" href=\"https:\/\/www.ub.edu\/art-prodoc\/wp-content\/uploads\/2023\/03\/3-3.png\" data-type=\"image\" data-fslightbox=\"gallery-332\">\n\t\t\t\t\t<img decoding=\"async\" width=\"472\" height=\"259\" src=\"https:\/\/www.ub.edu\/art-prodoc\/wp-content\/uploads\/2023\/03\/3-3.png\" class=\"attachment-full size-full\" alt=\"\" srcset=\"https:\/\/www.ub.edu\/art-prodoc\/wp-content\/uploads\/2023\/03\/3-3.png 472w, https:\/\/www.ub.edu\/art-prodoc\/wp-content\/uploads\/2023\/03\/3-3-300x165.png 300w\" sizes=\"(max-width: 472px) 100vw, 472px\" \/>\t\t\t\t\t<\/a>\n\t\t\t<\/div>\n<\/div>\n<div class=\"qodef-e qodef-image-wrapper qodef-grid-item\">\n\t<div class=\"qodef-e-inner\">\n\t\t\t\t\t<a class=\"qodef-popup-item\" itemprop=\"image\" href=\"https:\/\/www.ub.edu\/art-prodoc\/wp-content\/uploads\/2023\/03\/4-2.png\" data-type=\"image\" data-fslightbox=\"gallery-332\">\n\t\t\t\t\t<img loading=\"lazy\" decoding=\"async\" width=\"472\" height=\"259\" src=\"https:\/\/www.ub.edu\/art-prodoc\/wp-content\/uploads\/2023\/03\/4-2.png\" class=\"attachment-full size-full\" alt=\"\" srcset=\"https:\/\/www.ub.edu\/art-prodoc\/wp-content\/uploads\/2023\/03\/4-2.png 472w, https:\/\/www.ub.edu\/art-prodoc\/wp-content\/uploads\/2023\/03\/4-2-300x165.png 300w\" sizes=\"(max-width: 472px) 100vw, 472px\" \/>\t\t\t\t\t<\/a>\n\t\t\t<\/div>\n<\/div>\n\t<\/div>\n<\/div>\n\t\t\t\t<\/div>\n\t\t\t\t<\/div>\n\t\t\t\t\t<\/div>\n\t\t<\/div>\n\t\t\t\t\t<\/div>\n\t\t<\/section>\n\t\t\t\t<\/div>\n\t\t","protected":false},"excerpt":{"rendered":"<p>Trobades amb creadors. Processos i Projectes (2011\/2012) <\/p>\n<p>En l\u2019edici\u00f3 2011-2012, la tem\u00e0tica s\u2019ajustava a les problem\u00e0tiques expositives, relacionant l\u2019artista i la presentaci\u00f3 p\u00fablica de l\u2019obra, tractant temes com la producci\u00f3, l\u2019exposici\u00f3 o difusi\u00f3, el paper del cr\u00edtic i dels centres d\u2019art. Els ponents van ser:&#8230;<\/p>\n","protected":false},"author":1,"featured_media":0,"parent":894,"menu_order":0,"comment_status":"closed","ping_status":"closed","template":"full_width.php","meta":{"footnotes":""},"class_list":["post-775","page","type-page","status-publish","hentry"],"_links":{"self":[{"href":"https:\/\/www.ub.edu\/art-prodoc\/wp-json\/wp\/v2\/pages\/775","targetHints":{"allow":["GET"]}}],"collection":[{"href":"https:\/\/www.ub.edu\/art-prodoc\/wp-json\/wp\/v2\/pages"}],"about":[{"href":"https:\/\/www.ub.edu\/art-prodoc\/wp-json\/wp\/v2\/types\/page"}],"author":[{"embeddable":true,"href":"https:\/\/www.ub.edu\/art-prodoc\/wp-json\/wp\/v2\/users\/1"}],"replies":[{"embeddable":true,"href":"https:\/\/www.ub.edu\/art-prodoc\/wp-json\/wp\/v2\/comments?post=775"}],"version-history":[{"count":10,"href":"https:\/\/www.ub.edu\/art-prodoc\/wp-json\/wp\/v2\/pages\/775\/revisions"}],"predecessor-version":[{"id":1348,"href":"https:\/\/www.ub.edu\/art-prodoc\/wp-json\/wp\/v2\/pages\/775\/revisions\/1348"}],"up":[{"embeddable":true,"href":"https:\/\/www.ub.edu\/art-prodoc\/wp-json\/wp\/v2\/pages\/894"}],"wp:attachment":[{"href":"https:\/\/www.ub.edu\/art-prodoc\/wp-json\/wp\/v2\/media?parent=775"}],"curies":[{"name":"wp","href":"https:\/\/api.w.org\/{rel}","templated":true}]}}