{"id":10,"date":"2023-01-16T13:07:59","date_gmt":"2023-01-16T11:07:59","guid":{"rendered":"https:\/\/www.ub.edu\/asargafil\/?page_id=10"},"modified":"2024-03-27T11:58:10","modified_gmt":"2024-03-27T09:58:10","slug":"objetivo","status":"publish","type":"page","link":"https:\/\/www.ub.edu\/asargafil\/objetivo\/","title":{"rendered":"Objetivo"},"content":{"rendered":"\n<p>Nuestro proyecto de investigaci\u00f3n \u201cAspectos sociales en fuentes astrol\u00f3gicas \u00e1rabes medievales: herencias y discontinuidades respecto a la tradici\u00f3n griega\u201d, en base a fuentes relevantes y a manuscritos in\u00e9ditos, uno de ellos (el <em>Kit\u0101b al-B\u0101ri\u2018<\/em>, Libro I y Libro II) imprescindible en la comprensi\u00f3n del alcance de la astrolog\u00eda en el mediterr\u00e1neo y en la Europa medieval, busca dar forma a los elementos que nos acerquen a comprender el modelo social y la manera de concebir la vida que se desprende de los textos astrol\u00f3gicos, lo que la propia astrolog\u00eda\/pronosticaci\u00f3n nos dice sobre la significaci\u00f3n de la religi\u00f3n en la sociedad, la intencionalidad del astr\u00f3logo, la recepci\u00f3n de la astrolog\u00eda por parte de diversos grupos sociales (los usuarios, los religiosos, los fil\u00f3sofos) y los elementos comunes y su posible parentesco con la tradici\u00f3n griega.<\/p>\n\n\n\n<p><strong>\u00c1rea: <\/strong>Cultura: filolog\u00eda, literatura y arte.<\/p>\n\n\n\n<div class=\"wp-block-columns is-layout-flex wp-container-core-columns-is-layout-28f84493 wp-block-columns-is-layout-flex\">\n<div class=\"wp-block-column is-layout-flow wp-block-column-is-layout-flow\" style=\"flex-basis:60px\">\n<figure class=\"wp-block-image size-full is-resized\"><img loading=\"lazy\" decoding=\"async\" width=\"472\" height=\"472\" src=\"https:\/\/www.ub.edu\/asargafil\/wp-content\/uploads\/ods-4-educacio-qualitat.jpg\" alt=\"\" class=\"wp-image-521\" style=\"width:50px\" srcset=\"https:\/\/www.ub.edu\/asargafil\/wp-content\/uploads\/ods-4-educacio-qualitat.jpg 472w, https:\/\/www.ub.edu\/asargafil\/wp-content\/uploads\/ods-4-educacio-qualitat-300x300.jpg 300w, https:\/\/www.ub.edu\/asargafil\/wp-content\/uploads\/ods-4-educacio-qualitat-150x150.jpg 150w\" sizes=\"auto, (max-width: 472px) 100vw, 472px\" \/><\/figure>\n<\/div>\n\n\n\n<div class=\"wp-block-column is-layout-flow wp-block-column-is-layout-flow\">\n<p><strong>Impacto social relacionado con los objetivos del desarrollo sostenible: <\/strong><br>Generaci\u00f3n de conocimiento.<br>Fomento del inter\u00e9s en el valor de los manuscritos medievales.<\/p>\n<\/div>\n<\/div>\n\n\n\n<div class=\"wp-block-columns is-layout-flex wp-container-core-columns-is-layout-28f84493 wp-block-columns-is-layout-flex\">\n<div class=\"wp-block-column is-layout-flow wp-block-column-is-layout-flow\" style=\"flex-basis:60%\">\n<p class=\"has-text-align-left\">Proyecto I+D+i: PID2021-126415NB-I00 finaciado por:<\/p>\n<\/div>\n\n\n\n<div class=\"wp-block-column is-layout-flow wp-block-column-is-layout-flow\">\n<figure class=\"wp-block-image alignleft size-full is-resized\"><img loading=\"lazy\" decoding=\"async\" width=\"400\" height=\"120\" src=\"https:\/\/www.ub.edu\/asargafil\/wp-content\/uploads\/micin-uefeder-aei_400.png\" alt=\"\" class=\"wp-image-244\" style=\"aspect-ratio:3.3333333333333335;width:166px;height:auto\" srcset=\"https:\/\/www.ub.edu\/asargafil\/wp-content\/uploads\/micin-uefeder-aei_400.png 400w, https:\/\/www.ub.edu\/asargafil\/wp-content\/uploads\/micin-uefeder-aei_400-300x90.png 300w\" sizes=\"auto, (max-width: 400px) 100vw, 400px\" \/><\/figure>\n<\/div>\n<\/div>\n","protected":false},"excerpt":{"rendered":"<p>Nuestro proyecto de investigaci\u00f3n \u201cAspectos sociales en fuentes astrol\u00f3gicas \u00e1rabes medievales: herencias y discontinuidades respecto a la tradici\u00f3n griega\u201d, en base a fuentes relevantes y a manuscritos in\u00e9ditos, uno de ellos (el Kit\u0101b al-B\u0101ri\u2018, Libro I y Libro II) imprescindible en la comprensi\u00f3n del alcance de la astrolog\u00eda en el mediterr\u00e1neo y en la Europa [&hellip;]<\/p>\n","protected":false},"author":1,"featured_media":0,"parent":0,"menu_order":0,"comment_status":"closed","ping_status":"closed","template":"wp-custom-template-p-gina-es","meta":{"_eb_attr":"","footnotes":""},"class_list":["post-10","page","type-page","status-publish","hentry"],"_links":{"self":[{"href":"https:\/\/www.ub.edu\/asargafil\/wp-json\/wp\/v2\/pages\/10","targetHints":{"allow":["GET"]}}],"collection":[{"href":"https:\/\/www.ub.edu\/asargafil\/wp-json\/wp\/v2\/pages"}],"about":[{"href":"https:\/\/www.ub.edu\/asargafil\/wp-json\/wp\/v2\/types\/page"}],"author":[{"embeddable":true,"href":"https:\/\/www.ub.edu\/asargafil\/wp-json\/wp\/v2\/users\/1"}],"replies":[{"embeddable":true,"href":"https:\/\/www.ub.edu\/asargafil\/wp-json\/wp\/v2\/comments?post=10"}],"version-history":[{"count":5,"href":"https:\/\/www.ub.edu\/asargafil\/wp-json\/wp\/v2\/pages\/10\/revisions"}],"predecessor-version":[{"id":543,"href":"https:\/\/www.ub.edu\/asargafil\/wp-json\/wp\/v2\/pages\/10\/revisions\/543"}],"wp:attachment":[{"href":"https:\/\/www.ub.edu\/asargafil\/wp-json\/wp\/v2\/media?parent=10"}],"curies":[{"name":"wp","href":"https:\/\/api.w.org\/{rel}","templated":true}]}}