{"id":334,"date":"2023-11-21T15:37:06","date_gmt":"2023-11-21T13:37:06","guid":{"rendered":"https:\/\/www.ub.edu\/asargafil\/?page_id=334"},"modified":"2023-12-18T12:20:49","modified_gmt":"2023-12-18T10:20:49","slug":"inici","status":"publish","type":"page","link":"https:\/\/www.ub.edu\/asargafil\/ca\/inici\/","title":{"rendered":"INICI"},"content":{"rendered":"<nav style=\"font-style:normal;font-weight:100;text-transform:uppercase;letter-spacing:2px;\" class=\"has-text-color has-blanc-color has-background has-negre-background-color is-responsive items-justified-center wp-block-navigation has-avenir-book-font-family is-content-justification-center is-layout-flex wp-container-core-navigation-is-layout-a89b3969 wp-block-navigation-is-layout-flex\" aria-label=\"Principal CA\" \n\t\t data-wp-interactive=\"core\/navigation\" data-wp-context='{\"overlayOpenedBy\":{\"click\":false,\"hover\":false,\"focus\":false},\"type\":\"overlay\",\"roleAttribute\":\"\",\"ariaLabel\":\"Men\\u00fa\"}'><button aria-haspopup=\"dialog\" aria-label=\"Obre el men\u00fa\" class=\"wp-block-navigation__responsive-container-open always-shown\" \n\t\t\t\tdata-wp-on--click=\"actions.openMenuOnClick\"\n\t\t\t\tdata-wp-on--keydown=\"actions.handleMenuKeydown\"\n\t\t\t><svg width=\"24\" height=\"24\" xmlns=\"http:\/\/www.w3.org\/2000\/svg\" viewBox=\"0 0 24 24\"><path d=\"M5 5v1.5h14V5H5z\"><\/path><path d=\"M5 12.8h14v-1.5H5v1.5z\"><\/path><path d=\"M5 19h14v-1.5H5V19z\"><\/path><\/svg><\/button>\n\t\t\t\t<div class=\"wp-block-navigation__responsive-container hidden-by-default\"  id=\"modal-1\" \n\t\t\t\tdata-wp-class--has-modal-open=\"state.isMenuOpen\"\n\t\t\t\tdata-wp-class--is-menu-open=\"state.isMenuOpen\"\n\t\t\t\tdata-wp-watch=\"callbacks.initMenu\"\n\t\t\t\tdata-wp-on--keydown=\"actions.handleMenuKeydown\"\n\t\t\t\tdata-wp-on--focusout=\"actions.handleMenuFocusout\"\n\t\t\t\ttabindex=\"-1\"\n\t\t\t>\n\t\t\t\t\t<div class=\"wp-block-navigation__responsive-close\" tabindex=\"-1\">\n\t\t\t\t\t\t<div class=\"wp-block-navigation__responsive-dialog\" \n\t\t\t\tdata-wp-bind--aria-modal=\"state.ariaModal\"\n\t\t\t\tdata-wp-bind--aria-label=\"state.ariaLabel\"\n\t\t\t\tdata-wp-bind--role=\"state.roleAttribute\"\n\t\t\t>\n\t\t\t\t\t\t\t<button aria-label=\"Tanca el men\u00fa\" class=\"wp-block-navigation__responsive-container-close\" \n\t\t\t\tdata-wp-on--click=\"actions.closeMenuOnClick\"\n\t\t\t><svg xmlns=\"http:\/\/www.w3.org\/2000\/svg\" viewBox=\"0 0 24 24\" width=\"24\" height=\"24\" aria-hidden=\"true\" focusable=\"false\"><path d=\"m13.06 12 6.47-6.47-1.06-1.06L12 10.94 5.53 4.47 4.47 5.53 10.94 12l-6.47 6.47 1.06 1.06L12 13.06l6.47 6.47 1.06-1.06L13.06 12Z\"><\/path><\/svg><\/button>\n\t\t\t\t\t\t\t<div class=\"wp-block-navigation__responsive-container-content\" \n\t\t\t\tdata-wp-watch=\"callbacks.focusFirstElement\"\n\t\t\t id=\"modal-1-content\">\n\t\t\t\t\t\t\t\t<ul style=\"font-style:normal;font-weight:100;text-transform:uppercase;letter-spacing:2px;\" class=\"wp-block-navigation__container has-text-color has-blanc-color has-background has-negre-background-color is-responsive items-justified-center wp-block-navigation has-avenir-book-font-family\"><li class=\" wp-block-navigation-item wp-block-navigation-link\"><a class=\"wp-block-navigation-item__content\"  href=\"https:\/\/www.ub.edu\/asargafil\/ca\"><span class=\"wp-block-navigation-item__label\">INICI<\/span><\/a><\/li><li class=\" wp-block-navigation-item wp-block-navigation-link\"><a class=\"wp-block-navigation-item__content\"  href=\"https:\/\/www.ub.edu\/asargafil\/objectiu\/\"><span class=\"wp-block-navigation-item__label\">OBJECTIU<\/span><\/a><\/li><li class=\" wp-block-navigation-item wp-block-navigation-link\"><a class=\"wp-block-navigation-item__content\"  href=\"https:\/\/www.ub.edu\/asargafil\/equip\/\"><span class=\"wp-block-navigation-item__label\">EQUIP<\/span><\/a><\/li><li class=\" wp-block-navigation-item wp-block-navigation-link\"><a class=\"wp-block-navigation-item__content\"  href=\"https:\/\/www.ub.edu\/asargafil\/resultats\/\"><span class=\"wp-block-navigation-item__label\">RESULTATS<\/span><\/a><\/li><li class=\" wp-block-navigation-item wp-block-navigation-link\"><a class=\"wp-block-navigation-item__content\"  href=\"https:\/\/www.ub.edu\/asargafil\/imatges\/\"><span class=\"wp-block-navigation-item__label\">IMATGES<\/span><\/a><\/li><\/ul>\n\t\t\t\t\t\t\t<\/div>\n\t\t\t\t\t\t<\/div>\n\t\t\t\t\t<\/div>\n\t\t\t\t<\/div><\/nav>\n\n\n<div class=\"wp-block-group is-vertical is-content-justification-center is-nowrap is-layout-flex wp-container-core-group-is-layout-aa064c69 wp-block-group-is-layout-flex\" style=\"padding-top:var(--wp--preset--spacing--50);padding-bottom:var(--wp--preset--spacing--50)\">\n<h2 class=\"wp-block-heading has-text-align-center asargafilTitol has-blanc-color has-text-color has-opens-ans-font-family\" style=\"margin-top:6%;margin-right:0;margin-bottom:10%;margin-left:0;padding-top:0;padding-right:0;padding-bottom:0;padding-left:0;font-size:clamp(14px, 0.875rem + ((1vw - 3.2px) * 0.256), 16px);font-style:normal;font-weight:100;letter-spacing:4px;text-decoration:none;text-transform:uppercase\">ASPECTES SOCIALS EN fonts ASTROL\u00f2giques \u00c0RABS MEDIEVALS: <br> HER\u00c8NCIeS i DISCONTINU\u00cftatS RESPECTe A LA TRADICI\u00d3 GREGA<\/h2>\n\n\n\n<div style=\"height:0px\" aria-hidden=\"true\" class=\"wp-block-spacer wp-container-content-6388d5dc\"><\/div>\n\n\n\n<figure class=\"wp-block-image aligncenter size-full is-resized\"><img loading=\"lazy\" decoding=\"async\" width=\"941\" height=\"283\" src=\"https:\/\/www.ub.edu\/asargafil\/wp-content\/uploads\/marca_neg_1t.png\" alt=\"Universitat de Barcelona\" class=\"wp-image-251\" style=\"width:208px;height:auto\" srcset=\"https:\/\/www.ub.edu\/asargafil\/wp-content\/uploads\/marca_neg_1t.png 941w, https:\/\/www.ub.edu\/asargafil\/wp-content\/uploads\/marca_neg_1t-300x90.png 300w, https:\/\/www.ub.edu\/asargafil\/wp-content\/uploads\/marca_neg_1t-768x231.png 768w\" sizes=\"auto, (max-width: 941px) 100vw, 941px\" \/><\/figure>\n\n\n<ul class=\"polylang_langswitcher\">\t<li class=\"lang-item lang-item-5 lang-item-en lang-item-first\"><a  lang=\"en-GB\" hreflang=\"en-GB\" href=\"https:\/\/www.ub.edu\/asargafil\/en\/home\/\">en<\/a><\/li>\n\t<li class=\"lang-item lang-item-9 lang-item-ca\"><a  lang=\"ca\" hreflang=\"ca\" href=\"https:\/\/www.ub.edu\/asargafil\/ca\/inici\/\">ca<\/a><\/li>\n<\/ul>\n\n\n\n<p class=\"has-text-align-center has-opens-ans-font-family\" style=\"margin-top:0;margin-right:0;margin-bottom:var(--wp--preset--spacing--70);margin-left:0;font-size:clamp(14px, 0.875rem + ((1vw - 3.2px) * 0.256), 16px);\">ASARGAFIL \u00b7 2022\u20132026<\/p>\n<\/div>\n","protected":false},"excerpt":{"rendered":"<p>ASPECTES SOCIALS EN fonts ASTROL\u00f2giques \u00c0RABS MEDIEVALS: HER\u00c8NCIeS i DISCONTINU\u00cftatS RESPECTe A LA TRADICI\u00d3 GREGA ASARGAFIL \u00b7 2022\u20132026<\/p>\n","protected":false},"author":1,"featured_media":0,"parent":0,"menu_order":0,"comment_status":"closed","ping_status":"closed","template":"blank","meta":{"_eb_attr":"","footnotes":""},"class_list":["post-334","page","type-page","status-publish","hentry"],"_links":{"self":[{"href":"https:\/\/www.ub.edu\/asargafil\/wp-json\/wp\/v2\/pages\/334","targetHints":{"allow":["GET"]}}],"collection":[{"href":"https:\/\/www.ub.edu\/asargafil\/wp-json\/wp\/v2\/pages"}],"about":[{"href":"https:\/\/www.ub.edu\/asargafil\/wp-json\/wp\/v2\/types\/page"}],"author":[{"embeddable":true,"href":"https:\/\/www.ub.edu\/asargafil\/wp-json\/wp\/v2\/users\/1"}],"replies":[{"embeddable":true,"href":"https:\/\/www.ub.edu\/asargafil\/wp-json\/wp\/v2\/comments?post=334"}],"version-history":[{"count":16,"href":"https:\/\/www.ub.edu\/asargafil\/wp-json\/wp\/v2\/pages\/334\/revisions"}],"predecessor-version":[{"id":513,"href":"https:\/\/www.ub.edu\/asargafil\/wp-json\/wp\/v2\/pages\/334\/revisions\/513"}],"wp:attachment":[{"href":"https:\/\/www.ub.edu\/asargafil\/wp-json\/wp\/v2\/media?parent=334"}],"curies":[{"name":"wp","href":"https:\/\/api.w.org\/{rel}","templated":true}]}}