{"id":2781,"date":"2024-06-14T11:50:11","date_gmt":"2024-06-14T09:50:11","guid":{"rendered":"https:\/\/www.ub.edu\/bcnlab\/?page_id=2781"},"modified":"2024-08-07T08:32:27","modified_gmt":"2024-08-07T06:32:27","slug":"cookies","status":"publish","type":"page","link":"https:\/\/www.ub.edu\/bcnlab\/cookies\/","title":{"rendered":"Cookies"},"content":{"rendered":"<h2><strong>Pol\u00edtica de Cookies<\/strong><\/h2>\n<p>El prop\u00f3sito de esta pol\u00edtica es presentar los diferentes m\u00e9todos de administraci\u00f3n de cookies en el sitio web<\/p>\n<p><strong>Que son las Cookies.<\/strong><br \/>\nActualmente, la mayor\u00eda de las p\u00e1ginas Web, independientemente del servicio que presten, utilizan cookies, es decir, guardan una informaci\u00f3n m\u00ednima del uso o la navegaci\u00f3n que realiza el usuario dentro de la P\u00e1gina Web. Una cookie puede definirse como un peque\u00f1o archivo de texto o dispositivo de uso generalizado que se descarga en el equipo terminal del usuario cuando navega por las p\u00e1ginas Web con la finalidad de almacenar datos que podr\u00e1n ser actualizados y recuperados por la entidad responsable de su instalaci\u00f3n para facilitarle la navegaci\u00f3n y la experiencia de usuario. Tal y como establece el Considerando 30 del RGPD, las personas f\u00edsicas pueden ser asociadas a identificadores en l\u00ednea facilitados por sus dispositivos, aplicaciones, herramientas y protocolos, como direcciones de los protocolos de internet, identificadores de sesi\u00f3n en forma de \u201ccookies\u201d u otros identificadores con finalidades similares. Esto puede dejar huellas que, en particular, al ser combinadas con identificadores \u00fanicos y otros datos recibidos por los servidores, pueden ser utilizadas para elaborar perfiles de las personas f\u00edsicas e identificarlas. Por este motivo, El titular de la web dispone de una pol\u00edtica de cookies coherente con la normativa aplicable.<br \/>\nCon car\u00e1cter general, cuando la instalaci\u00f3n y\/o utilizaci\u00f3n de cookies conlleve el tratamiento de datos personales, ya se trate de cookies propias o de terceros, de sesi\u00f3n o persistentes, el responsable del tratamiento, proporcionar\u00e1 la informaci\u00f3n necesaria en este \u00e1mbito y recabar\u00e1 el previo consentimiento informado del usuario para instalar y\/o utilizar aqu\u00e9llas salvo en el caso de tener que instalar cookies estrictamente necesarias. Y es que se except\u00faan \u00fanicamente de tal consentimiento aqu\u00e9llas que permitan, de forma exclusiva, la comunicaci\u00f3n entre el equipo del usuario y la red y, estrictamente, aqu\u00e9llas utilizadas para prestar un servicio solicitado por el usuario. Por ejemplo, quedar\u00edan exceptuadas las denominadas \u201ccookies t\u00e9cnicas\u201d (p.ej., las necesarias para la misma navegaci\u00f3n por la plataforma u aplicaci\u00f3n); \u201clas de personalizaci\u00f3n o configuraci\u00f3n\u201d (p.ej., que permiten que la p\u00e1gina reconozca el idioma del usuario, etc.); y \u201clas de seguridad\u201d (p.ej., detectar intentos err\u00f3neos y reiterados de conexi\u00f3n a un sitio).<\/p>\n<p><strong>Tipos, finalidad y funcionamiento de las cookies.<\/strong><\/p>\n<ul>\n<li>\u00a0SEG\u00daN LA ENTIDAD QUE LA GESTIONA:<br \/>\nCookies propias<br \/>\nSon aquellas que se env\u00edan a tu equipo desde el equipo o los servidores del titular de la web y desde el que prestamos el servicio que nos solicitas.<br \/>\nCookies de terceros<br \/>\nSon aquellas que se env\u00edan a tu equipo desde un equipo o dominio que no es gestionado por nosotros, sino por otra entidad colaboradora o partner. Como por ejemplo, las usadas por redes sociales, o por contenido externo como Google.<\/li>\n<li>SEG\u00daN EL PLAZO DE TIEMPO QUE PERMANECEN ACTIVADAS:<br \/>\nCookies de sesi\u00f3n<br \/>\nSon cookies temporales que permanecen en el archivo de cookies de tu navegador hasta que abandonas la p\u00e1gina web, por lo que ninguna queda registrada en el disco duro de tu ordenador. La informaci\u00f3n obtenida por medio de estas cookies, sirven para analizar pautas de tr\u00e1fico en la web. A la larga, esto nos permite proporcionar una mejor experiencia para mejorar el contenido y facilitar su uso.<br \/>\nCookies persistentes<br \/>\nSon almacenadas en el disco duro y nuestra web las lee cada vez que realizas una nueva visita. Una web permanente posee una fecha de expiraci\u00f3n determinada. La<br \/>\ncookie dejar\u00e1 de funcionar despu\u00e9s de esa fecha. Estas cookies se utiliza, generalmente, para facilitar los servicios de compra y registro.<\/li>\n<li>SEG\u00daN SU FINALIDAD:<br \/>\nCookies t\u00e9cnicas<br \/>\nSon aquellas necesarias para la navegaci\u00f3n y el buen funcionamiento de una p\u00e1gina web. Permiten por ejemplo, controlar el tr\u00e1fico y la comunicaci\u00f3n de datos, acceder a partes de acceso restringido, realizar el proceso de compra de un pedido, utilizar elementos de seguridad, almacenar contenidos para poder difundir v\u00eddeos o compartir contenidos a trav\u00e9s de redes sociales.<br \/>\nCookies de personalizaci\u00f3n<br \/>\nSon aqu\u00e9llas que permiten acceder al servicio con unas caracter\u00edsticas predefinidas en funci\u00f3n de una serie de criterios, como por ejemplo el idioma, el tipo de navegador a trav\u00e9s del cual se accede al servicio, etc.<br \/>\nCookies de an\u00e1lisis<br \/>\nSon aqu\u00e9llas que nos permiten cuantificar el n\u00famero de usuarios y as\u00ed realizar la medici\u00f3n y an\u00e1lisis estad\u00edstico de la utilizaci\u00f3n que hacen los usuarios de los servicios prestados. Para ello se analiza su navegaci\u00f3n en la p\u00e1gina web con el fin de mejorar la oferta de productos y servicios que ofrecemos.<br \/>\nCookies publicitarias<br \/>\nSon aqu\u00e9llas que permiten la gesti\u00f3n, de la forma m\u00e1s eficaz posible, de los espacios publicitarios que se pudieran incluir en la p\u00e1gina web.<br \/>\nCookies de publicidad comportamental<br \/>\nEstas cookies almacenan informaci\u00f3n del comportamiento de los usuarios obtenida a trav\u00e9s de la observaci\u00f3n continuada. Gracias a ellas, podemos conocer los h\u00e1bitos de navegaci\u00f3n en internet y mostrarte publicidad relacionada con tu perfil de navegaci\u00f3n.<\/li>\n<\/ul>\n<p><strong>Finalidad de las cookies de esta web<\/strong><\/p>\n<p class=\"p1\"><span class=\"s1\">Algunas de las cookies utilizadas por BCNlab. tienen la \u00fanica finalidad de:<\/span><\/p>\n<ul class=\"ul1\">\n<li class=\"li2\"><span class=\"s3\">analizar la frecuencia y el uso que se hace del sitio, para poder hacerlo evolucionar en la direcci\u00f3n de una mejora de la experiencia de navegaci\u00f3n;<\/span><\/li>\n<li class=\"li3\"><span class=\"s1\">hacer que el sitio sea m\u00e1s f\u00e1cil de usar e interactivo;<\/span><\/li>\n<\/ul>\n<p><strong>Qu\u00e9 ocurre si se deshabilitan las cookies<\/strong><br \/>\nSi rechaza las cookies podr\u00e1 seguir usando nuestro sitio web, pero es posible que algunos de los servicios y\/o enlaces dejen de funcionar, que no se pueda iniciar o mantener la sesi\u00f3n interactiva con los servicios de la p\u00e1gina web.<br \/>\nEl titular de la web no asume ninguna responsabilidad por problemas legales o t\u00e9cnicos causados por el incumplimiento por parte de cualquier usuario de las recomendaciones incluidas. Esta comunicaci\u00f3n se realiza para el conocimiento y uso de los usuarios, por consiguiente, no debe utilizarse para ninguna otra finalidad.<br \/>\nIgualmente te avisamos que no podemos hacernos responsables del contenido y veracidad de las pol\u00edticas de privacidad de los terceros incluidas en esta pol\u00edtica de cookies.<\/p>\n","protected":false},"excerpt":{"rendered":"<p>Pol\u00edtica de Cookies El prop\u00f3sito de esta pol\u00edtica es presentar  [&#8230;]<\/p>\n","protected":false},"author":2,"featured_media":2578,"parent":0,"menu_order":0,"comment_status":"closed","ping_status":"closed","template":"","meta":{"footnotes":""},"class_list":["post-2781","page","type-page","status-publish","has-post-thumbnail","hentry"],"_links":{"self":[{"href":"https:\/\/www.ub.edu\/bcnlab\/wp-json\/wp\/v2\/pages\/2781","targetHints":{"allow":["GET"]}}],"collection":[{"href":"https:\/\/www.ub.edu\/bcnlab\/wp-json\/wp\/v2\/pages"}],"about":[{"href":"https:\/\/www.ub.edu\/bcnlab\/wp-json\/wp\/v2\/types\/page"}],"author":[{"embeddable":true,"href":"https:\/\/www.ub.edu\/bcnlab\/wp-json\/wp\/v2\/users\/2"}],"replies":[{"embeddable":true,"href":"https:\/\/www.ub.edu\/bcnlab\/wp-json\/wp\/v2\/comments?post=2781"}],"version-history":[{"count":1,"href":"https:\/\/www.ub.edu\/bcnlab\/wp-json\/wp\/v2\/pages\/2781\/revisions"}],"predecessor-version":[{"id":2782,"href":"https:\/\/www.ub.edu\/bcnlab\/wp-json\/wp\/v2\/pages\/2781\/revisions\/2782"}],"wp:featuredmedia":[{"embeddable":true,"href":"https:\/\/www.ub.edu\/bcnlab\/wp-json\/wp\/v2\/media\/2578"}],"wp:attachment":[{"href":"https:\/\/www.ub.edu\/bcnlab\/wp-json\/wp\/v2\/media?parent=2781"}],"curies":[{"name":"wp","href":"https:\/\/api.w.org\/{rel}","templated":true}]}}