{"id":10,"date":"2021-10-18T09:22:19","date_gmt":"2021-10-18T09:22:19","guid":{"rendered":"https:\/\/www.ub.edu\/cccub\/?page_id=10"},"modified":"2021-12-02T17:52:23","modified_gmt":"2021-12-02T17:52:23","slug":"variacio-dialectal-cod","status":"publish","type":"page","link":"https:\/\/www.ub.edu\/cccub\/variacio-dialectal-cod\/","title":{"rendered":"Variaci\u00f3 dialectal. Corpus Oral Dialectal"},"content":{"rendered":"\n<div class=\"wp-block-advgb-columns advgb-columns-wrapper\" id=\"advgb-cols-0f19a562-525b-473a-8870-b5a8ba21bfc3\"><div class=\"advgb-columns-container\"><div class=\"advgb-columns advgb-columns-row advgb-is-mobile advgb-columns-2 layout-23-13 mbl-layout-stacked gutter-40 vgutter-10\">\n<div class=\"wp-block-advgb-column advgb-column advgb-is-two-thirds-tablet advgb-is-full-mobile\" id=\"advgb-col-791fe8d9-f380-445f-9efe-fcbd0ccf57c1\"><div class=\"advgb-column-inner\" style=\"border-style:none;border-width:1px\">\n<div class=\"wp-block-advgb-adv-tabs advgb-tabs-wrapper advgb-tab-horz-desktop advgb-tab-vert-tablet advgb-tab-stack-mobile advgb-tabs-f91b91d5-a2e1-4b33-9471-0d76744eb83a cccub_tabs\" data-tab-active=\"0\"><ul class=\"advgb-tabs-panel\"><li class=\"advgb-tab\" style=\"background-color:#ffffff;border-style:none;border-width:1px;border-radius:0px\"><a href=\"#advgb-tabs-tab0\" style=\"color:#87898c\"><span>Publicacions<\/span><\/a><\/li><li class=\"advgb-tab\" style=\"background-color:#ffffff;border-style:none;border-width:1px;border-radius:0px\"><a href=\"#advgb-tabs-tab1\" style=\"color:#87898c\"><span>Textos per localitat<\/span><\/a><\/li><\/ul><div class=\"advgb-tab-body-wrapper\" style=\"background-color:#ffffff;border-style:none;border-width:1px;border-radius:0px\">\n<div class=\"wp-block-advgb-tab advgb-tab-body-container\"><div class=\"advgb-tab-body-header\">Publicacions<\/div><div class=\"advgb-tab-_dcd396-7b advgb-tab-body\" aria-labelledby=\"advgb-tabs-tab0\">\n<h2 class=\"wp-block-heading\">Publicacions<\/h2>\n\n\n<div class=\"wp-block-advgb-accordions advgb-accordion-wrapper ui-accordion ui-widget ui-helper-reset\" role=\"tablist\" data-collapsed=\"true\"><div class=\"wp-block-advgb-accordion-item advgb-accordion-item cccub_pub_links\" style=\"margin-bottom:15px\">\r\n\t\t<div class=\"advgb-accordion-header ui-accordion-header ui-corner-top ui-state-default ui-accordion-header-active ui-state-active ui-accordion-icons\"role=\"tab\" id=\"ui-id-1\" aria-controls=\"ui-id-2\" aria-selected=\"true\" aria-expanded=\"true\" tabindex=\"0\">\r\n\t\t\t<span class=\"ui-accordion-header-icon ui-icon ui-icon-triangle-1-s\"><\/span>\r\n\t\t\t<span class=\"advgb-accordion-header-icon\"><svg fill=\"#0072ce\" xmlns=\"http:\/\/www.w3.org\/2000\/svg\" width=\"24\" height=\"24\" viewBox=\"0 0 24 24\">\r\n\t\t\t\t<path fill=\"none\" d=\"M0,0h24v24H0V0z\"><\/path>\r\n\t\t\t\t<path d=\"M13,7h-2v4H7v2h4v4h2v-4h4v-2h-4V7z M12,2C6.48,2,2,6.48,2,12s4.48,10,10,10s10-4.48,10-10S17.52,2,12,2z M12,20 c-4.41,0-8-3.59-8-8s3.59-8,8-8s8,3.59,8,8S16.41,20,12,20z\"><\/path>\r\n\t\t\t\t<\/svg>\r\n\t\t\t<\/span>\r\n\t\t\t<div class=\"cccub_llista_pub\"><img loading=\"lazy\" decoding=\"async\" width=\"150\" height=\"150\" src=\"https:\/\/www.ub.edu\/cccub\/wp-content\/uploads\/2021\/12\/cccub-Carrera_Unsplash-photo-1583309144031-5c2be964686d-150x150.jpg\" class=\"attachment-thumbnail size-thumbnail\" alt=\"cccub-Carrera_Unsplash-photo-1583309144031-5c2be964686d\" \/><h5 class=\"advgb-accordion-header-title\" style=\"color:inherit\"><p>Carrera-Sabat\u00e9, Josefina i Joaquim Viaplana (ed.): <em>Corpus oral dialectal (COD). Textos orals del nord-occidental.<\/em> Barcelona: Dip\u00f2sit Digital de la Universitat de Barcelona.<\/p>\n<\/h5><\/div>\r\n\t\t<\/div>\r\n\t\t<div class=\"advgb-accordion-body ui-accordion-content ui-corner-bottom ui-helper-reset ui-widget-content ui-accordion-content-active\"  id=\"ui-id-2\" aria-labelledby=\"ui-id-1\" role=\"tabpanel\" aria-hidden=\"false\">\r\n\t\t\t<ul class=\"textos\">\r\n\t\r\n\t\t\t\t\r\n\t\t\t\t\t<li class=\"corpus_txt isoitem Benavarri-1\"><h3><a href=\"http:\/\/diposit.ub.edu\/dspace\/handle\/2445\/13964\" target=\"_blank\" rel=\"noopener\">Benavarri-1<\/a><\/h3><\/li>\r\n\t\t\t\t\r\n\t\r\n\t\t\t<\/ul>\t\r\n\t\t<\/div>\r\n\t<\/div><div class=\"wp-block-advgb-accordion-item advgb-accordion-item cccub_pub_links\" style=\"margin-bottom:15px\">\r\n\t\t<div class=\"advgb-accordion-header ui-accordion-header ui-corner-top ui-state-default ui-accordion-header-active ui-state-active ui-accordion-icons\"role=\"tab\" id=\"ui-id-1\" aria-controls=\"ui-id-2\" aria-selected=\"true\" aria-expanded=\"true\" tabindex=\"0\">\r\n\t\t\t<span class=\"ui-accordion-header-icon ui-icon ui-icon-triangle-1-s\"><\/span>\r\n\t\t\t<span class=\"advgb-accordion-header-icon\"><svg fill=\"#0072ce\" xmlns=\"http:\/\/www.w3.org\/2000\/svg\" width=\"24\" height=\"24\" viewBox=\"0 0 24 24\">\r\n\t\t\t\t<path fill=\"none\" d=\"M0,0h24v24H0V0z\"><\/path>\r\n\t\t\t\t<path d=\"M13,7h-2v4H7v2h4v4h2v-4h4v-2h-4V7z M12,2C6.48,2,2,6.48,2,12s4.48,10,10,10s10-4.48,10-10S17.52,2,12,2z M12,20 c-4.41,0-8-3.59-8-8s3.59-8,8-8s8,3.59,8,8S16.41,20,12,20z\"><\/path>\r\n\t\t\t\t<\/svg>\r\n\t\t\t<\/span>\r\n\t\t\t<div class=\"cccub_llista_pub\"><img loading=\"lazy\" decoding=\"async\" width=\"150\" height=\"150\" src=\"https:\/\/www.ub.edu\/cccub\/wp-content\/uploads\/2021\/12\/cccub-Perea-Viaplana-FotoNuriaAlturo-150x150.jpg\" class=\"attachment-thumbnail size-thumbnail\" alt=\"cccub-Perea-Viaplana-FotoNuriaAlturo\" \/><h5 class=\"advgb-accordion-header-title\" style=\"color:inherit\"><p>Perea, Maria-Pilar i Joaquim Viaplana. <em>Corpus oral dialectal (COD). Selecci\u00f3 de textos<\/em>. Barcelona: Dip\u00f2sit Digital de la Universitat de Barcelona. [Arxiu obert]<\/p>\n<\/h5><\/div>\r\n\t\t<\/div>\r\n\t\t<div class=\"advgb-accordion-body ui-accordion-content ui-corner-bottom ui-helper-reset ui-widget-content ui-accordion-content-active\"  id=\"ui-id-2\" aria-labelledby=\"ui-id-1\" role=\"tabpanel\" aria-hidden=\"false\">\r\n\t\t\t<ul class=\"textos\">\r\n\t\r\n\t\t\t\t\r\n\t\t\t\t\t<li class=\"corpus_txt isoitem L'Alcora\"><h3><a href=\"http:\/\/diposit.ub.edu\/dspace\/handle\/2445\/11611\" target=\"_blank\" rel=\"noopener\">L&#8217;Alcora<\/a><\/h3><\/li>\r\n\t\t\t\t\r\n\t\r\n\t\t\t<\/ul>\t\r\n\t\t<\/div>\r\n\t<\/div><div class=\"wp-block-advgb-accordion-item advgb-accordion-item cccub_pub_links\" style=\"margin-bottom:15px\">\r\n\t\t<div class=\"advgb-accordion-header ui-accordion-header ui-corner-top ui-state-default ui-accordion-header-active ui-state-active ui-accordion-icons\"role=\"tab\" id=\"ui-id-1\" aria-controls=\"ui-id-2\" aria-selected=\"true\" aria-expanded=\"true\" tabindex=\"0\">\r\n\t\t\t<span class=\"ui-accordion-header-icon ui-icon ui-icon-triangle-1-s\"><\/span>\r\n\t\t\t<span class=\"advgb-accordion-header-icon\"><svg fill=\"#0072ce\" xmlns=\"http:\/\/www.w3.org\/2000\/svg\" width=\"24\" height=\"24\" viewBox=\"0 0 24 24\">\r\n\t\t\t\t<path fill=\"none\" d=\"M0,0h24v24H0V0z\"><\/path>\r\n\t\t\t\t<path d=\"M13,7h-2v4H7v2h4v4h2v-4h4v-2h-4V7z M12,2C6.48,2,2,6.48,2,12s4.48,10,10,10s10-4.48,10-10S17.52,2,12,2z M12,20 c-4.41,0-8-3.59-8-8s3.59-8,8-8s8,3.59,8,8S16.41,20,12,20z\"><\/path>\r\n\t\t\t\t<\/svg>\r\n\t\t\t<\/span>\r\n\t\t\t<div class=\"cccub_llista_pub\"><img loading=\"lazy\" decoding=\"async\" width=\"150\" height=\"150\" src=\"https:\/\/www.ub.edu\/cccub\/wp-content\/uploads\/2021\/12\/cccub-balear_image-ClaudiaPons-150x150.jpg\" class=\"attachment-thumbnail size-thumbnail\" alt=\"cccub-balear_image-ClaudiaPons\" \/><h5 class=\"advgb-accordion-header-title\" style=\"color:inherit\"><p>Pons, Cl\u00e0udia i Joaquim Viaplana (ed.) (2009): <em>Corpus oral dialectal (COD). Textos orals del balear.<\/em> Barcelona: Dip\u00f2sit Digital de la Universitat de Barcelona.<\/p>\n<\/h5><\/div>\r\n\t\t<\/div>\r\n\t\t<div class=\"advgb-accordion-body ui-accordion-content ui-corner-bottom ui-helper-reset ui-widget-content ui-accordion-content-active\"  id=\"ui-id-2\" aria-labelledby=\"ui-id-1\" role=\"tabpanel\" aria-hidden=\"false\">\r\n\t\t\t<ul class=\"textos\">\r\n\t\r\n\t\t\t\t\r\n\t\t\t\t\t<li class=\"corpus_txt isoitem Ciutadella\"><h3><a href=\"http:\/\/diposit.ub.edu\/dspace\/handle\/2445\/11627\" target=\"_blank\" rel=\"noopener\">Ciutadella<\/a><\/h3><\/li>\r\n\t\t\t\t\r\n\t\t\t\t\t<li class=\"corpus_txt isoitem Eivissa 1\"><h3><a href=\"http:\/\/hdl.handle.net\/2445\/11631\" target=\"_blank\" rel=\"noopener\">Eivissa 1<\/a><\/h3><\/li>\r\n\t\t\t\t\r\n\t\r\n\t\t\t<\/ul>\t\r\n\t\t<\/div>\r\n\t<\/div><div class=\"wp-block-advgb-accordion-item advgb-accordion-item cccub_pub_links\" style=\"margin-bottom:15px\">\r\n\t\t<div class=\"advgb-accordion-header ui-accordion-header ui-corner-top ui-state-default ui-accordion-header-active ui-state-active ui-accordion-icons\"role=\"tab\" id=\"ui-id-1\" aria-controls=\"ui-id-2\" aria-selected=\"true\" aria-expanded=\"true\" tabindex=\"0\">\r\n\t\t\t<span class=\"ui-accordion-header-icon ui-icon ui-icon-triangle-1-s\"><\/span>\r\n\t\t\t<span class=\"advgb-accordion-header-icon\"><svg fill=\"#0072ce\" xmlns=\"http:\/\/www.w3.org\/2000\/svg\" width=\"24\" height=\"24\" viewBox=\"0 0 24 24\">\r\n\t\t\t\t<path fill=\"none\" d=\"M0,0h24v24H0V0z\"><\/path>\r\n\t\t\t\t<path d=\"M13,7h-2v4H7v2h4v4h2v-4h4v-2h-4V7z M12,2C6.48,2,2,6.48,2,12s4.48,10,10,10s10-4.48,10-10S17.52,2,12,2z M12,20 c-4.41,0-8-3.59-8-8s3.59-8,8-8s8,3.59,8,8S16.41,20,12,20z\"><\/path>\r\n\t\t\t\t<\/svg>\r\n\t\t\t<\/span>\r\n\t\t\t<div class=\"cccub_llista_pub\"><img loading=\"lazy\" decoding=\"async\" width=\"150\" height=\"150\" src=\"https:\/\/www.ub.edu\/cccub\/wp-content\/uploads\/2021\/10\/COD_2003-e1637868083216-150x150.jpg\" class=\"attachment-thumbnail size-thumbnail\" alt=\"Viaplana, Joaquim i Maria Pilar Perea (ed.) (2003): Textos orals dialectals del catal\u00e0 sincronitzats. Una selecci\u00f3.\" srcset=\"https:\/\/www.ub.edu\/cccub\/wp-content\/uploads\/2021\/10\/COD_2003-e1637868083216-150x150.jpg 150w, https:\/\/www.ub.edu\/cccub\/wp-content\/uploads\/2021\/10\/COD_2003-e1637868083216-300x300.jpg 300w, https:\/\/www.ub.edu\/cccub\/wp-content\/uploads\/2021\/10\/COD_2003-e1637868083216.jpg 340w\" sizes=\"auto, (max-width: 150px) 100vw, 150px\" \/><h5 class=\"advgb-accordion-header-title\" style=\"color:inherit\"><p>Viaplana, Joaquim i Maria Pilar Perea (ed.) (2003): <em>Textos orals dialectals del catal\u00e0 sincronitzats. Una selecci\u00f3<\/em>.\u00a0\u00a0Barcelona: Promociones y Publicaciones Universitarias (PPU). [Llibre i CD-ROM]<\/p>\n<\/h5><\/div>\r\n\t\t<\/div>\r\n\t\t<div class=\"advgb-accordion-body ui-accordion-content ui-corner-bottom ui-helper-reset ui-widget-content ui-accordion-content-active\"  id=\"ui-id-2\" aria-labelledby=\"ui-id-1\" role=\"tabpanel\" aria-hidden=\"false\">\r\n\t\t\t<ul class=\"textos\">\r\n\t\r\n\t\t\t\t\r\n\t\t\t\t\t<li class=\"corpus_txt isoitem Alacant\"><h3><a href=\"http:\/\/hdl.handle.net\/2445\/11610\" target=\"_blank\" rel=\"noopener\">Alacant<\/a><\/h3><\/li>\r\n\t\t\t\t\r\n\t\t\t\t\t<li class=\"corpus_txt isoitem Benavarri\"><h3><a href=\"http:\/\/hdl.handle.net\/2445\/11623\" target=\"_blank\" rel=\"noopener\">Benavarri<\/a><\/h3><\/li>\r\n\t\t\t\t\r\n\t\t\t\t\t<li class=\"corpus_txt isoitem La Vila Joiosa\"><h3><a href=\"http:\/\/hdl.handle.net\/2445\/11639\" target=\"_blank\" rel=\"noopener\">La Vila Joiosa<\/a><\/h3><\/li>\r\n\t\t\t\t\r\n\t\t\t\t\t<li class=\"corpus_txt isoitem Ll\u00edria\"><h3><a href=\"http:\/\/hdl.handle.net\/2445\/11640\" target=\"_blank\" rel=\"noopener\">Ll\u00edria<\/a><\/h3><\/li>\r\n\t\t\t\t\r\n\t\t\t\t\t<li class=\"corpus_txt isoitem Morella\"><h3><a href=\"http:\/\/hdl.handle.net\/2445\/11644\" target=\"_blank\" rel=\"noopener\">Morella<\/a><\/h3><\/li>\r\n\t\t\t\t\r\n\t\t\t\t\t<li class=\"corpus_txt isoitem Tremp\"><h3><a href=\"http:\/\/hdl.handle.net\/2445\/11659\" target=\"_blank\" rel=\"noopener\">Tremp<\/a><\/h3><\/li>\r\n\t\t\t\t\r\n\t\t\t\t\t<li class=\"corpus_txt isoitem Val\u00e8ncia\"><h3><a href=\"http:\/\/hdl.handle.net\/2445\/11660\" target=\"_blank\" rel=\"noopener\">Val\u00e8ncia<\/a><\/h3><\/li>\r\n\t\t\t\t\r\n\t\t\t\t\t<li class=\"corpus_txt isoitem Pollen\u00e7a\"><h3><a href=\"http:\/\/hdl.handle.net\/2445\/11646\" target=\"_blank\" rel=\"noopener\">Pollen\u00e7a<\/a><\/h3><\/li>\r\n\t\t\t\t\r\n\t\t\t\t\t<li class=\"corpus_txt isoitem Manacor\"><h3><a href=\"http:\/\/hdl.handle.net\/2445\/11641\" target=\"_blank\" rel=\"noopener\">Manacor<\/a><\/h3><\/li>\r\n\t\t\t\t\r\n\t\t\t\t\t<li class=\"corpus_txt isoitem L'Alguer\"><h3><a href=\"http:\/\/hdl.handle.net\/2445\/11637\" target=\"_blank\" rel=\"noopener\">L&#8217;Alguer<\/a><\/h3><\/li>\r\n\t\t\t\t\r\n\t\t\t\t\t<li class=\"corpus_txt isoitem Eivissa\"><h3><a href=\"http:\/\/hdl.handle.net\/2445\/11630\" target=\"_blank\" rel=\"noopener\">Eivissa<\/a><\/h3><\/li>\r\n\t\t\t\t\r\n\t\t\t\t\t<li class=\"corpus_txt isoitem Ciutadella\"><h3><a href=\"http:\/\/hdl.handle.net\/2445\/11626\" target=\"_blank\" rel=\"noopener\">Ciutadella<\/a><\/h3><\/li>\r\n\t\t\t\t\r\n\t\t\t\t\t<li class=\"corpus_txt isoitem Ceret\"><h3><a href=\"http:\/\/hdl.handle.net\/2445\/11625\" target=\"_blank\" rel=\"noopener\">Ceret<\/a><\/h3><\/li>\r\n\t\t\t\t\r\n\t\t\t\t\t<li class=\"corpus_txt isoitem Barcelona\"><h3><a href=\"http:\/\/hdl.handle.net\/2445\/11612\" target=\"_blank\" rel=\"noopener\">Barcelona<\/a><\/h3><\/li>\r\n\t\t\t\t\r\n\t\r\n\t\t\t<\/ul>\t\r\n\t\t<\/div>\r\n\t<\/div><div class=\"wp-block-advgb-accordion-item advgb-accordion-item cccub_pub_links\" style=\"margin-bottom:15px\">\r\n\t\t<div class=\"advgb-accordion-header ui-accordion-header ui-corner-top ui-state-default ui-accordion-header-active ui-state-active ui-accordion-icons\"role=\"tab\" id=\"ui-id-1\" aria-controls=\"ui-id-2\" aria-selected=\"true\" aria-expanded=\"true\" tabindex=\"0\">\r\n\t\t\t<span class=\"ui-accordion-header-icon ui-icon ui-icon-triangle-1-s\"><\/span>\r\n\t\t\t<span class=\"advgb-accordion-header-icon\"><svg fill=\"#0072ce\" xmlns=\"http:\/\/www.w3.org\/2000\/svg\" width=\"24\" height=\"24\" viewBox=\"0 0 24 24\">\r\n\t\t\t\t<path fill=\"none\" d=\"M0,0h24v24H0V0z\"><\/path>\r\n\t\t\t\t<path d=\"M13,7h-2v4H7v2h4v4h2v-4h4v-2h-4V7z M12,2C6.48,2,2,6.48,2,12s4.48,10,10,10s10-4.48,10-10S17.52,2,12,2z M12,20 c-4.41,0-8-3.59-8-8s3.59-8,8-8s8,3.59,8,8S16.41,20,12,20z\"><\/path>\r\n\t\t\t\t<\/svg>\r\n\t\t\t<\/span>\r\n\t\t\t<div class=\"cccub_llista_pub\"><img loading=\"lazy\" decoding=\"async\" width=\"150\" height=\"150\" src=\"https:\/\/www.ub.edu\/cccub\/wp-content\/uploads\/2021\/10\/COD_2007-150x150.png\" class=\"attachment-thumbnail size-thumbnail\" alt=\"Corpus Oral Dialectal COD 2007\" \/><h5 class=\"advgb-accordion-header-title\" style=\"color:inherit\"><p>Viaplana, Joaquim; Maria-Rosa Lloret, Maria-Pilar Perea i Esteve Clua (2007):\u00a0<em>COD. Corpus oral dialectal.<\/em> Barcelona:\u00a0Promociones y Publicaciones Universitarias\u00a0(PPU).\u00a0[CD-ROM]<\/p>\n<\/h5><\/div>\r\n\t\t<\/div>\r\n\t\t<div class=\"advgb-accordion-body ui-accordion-content ui-corner-bottom ui-helper-reset ui-widget-content ui-accordion-content-active\"  id=\"ui-id-2\" aria-labelledby=\"ui-id-1\" role=\"tabpanel\" aria-hidden=\"false\">\r\n\t\t\t<ul class=\"textos\">\r\n\t\r\n\t\t\t\t\r\n\t\t\t\t\t<li class=\"corpus_txt isoitem Corpus Oral Dialectal (COD). 1. Presentaci\u00f3\"><h3><a href=\"http:\/\/diposit.ub.edu\/dspace\/handle\/2445\/11651\" target=\"_blank\" rel=\"noopener\">Corpus Oral Dialectal (COD). 1. Presentaci\u00f3<\/a><\/h3><\/li>\r\n\t\t\t\t\r\n\t\t\t\t\t<li class=\"corpus_txt isoitem Corpus Oral Dialectal (COD). 1. Presentation (English)\"><h3><a href=\"http:\/\/hdl.handle.net\/2445\/11650\" target=\"_blank\" rel=\"noopener\">Corpus Oral Dialectal (COD). 1. Presentation (English)<\/a><\/h3><\/li>\r\n\t\t\t\t\r\n\t\t\t\t\t<li class=\"corpus_txt isoitem Corpus Oral Dialectal (COD). 2. Criteris\"><h3><a href=\"http:\/\/hdl.handle.net\/2445\/11629\" target=\"_blank\" rel=\"noopener\">Corpus Oral Dialectal (COD). 2. Criteris<\/a><\/h3><\/li>\r\n\t\t\t\t\r\n\t\t\t\t\t<li class=\"corpus_txt isoitem Corpus Oral Dialectal (COD). 2. Criteria (English)\"><h3><a href=\"http:\/\/hdl.handle.net\/2445\/11628\" target=\"_blank\" rel=\"noopener\">Corpus Oral Dialectal (COD). 2. Criteria (English)<\/a><\/h3><\/li>\r\n\t\t\t\t\r\n\t\r\n\t\t\t<\/ul>\t\r\n\t\t<\/div>\r\n\t<\/div><\/div>\n\n\n<p><\/p>\n<\/div><\/div>\n\n\n\n<div class=\"wp-block-advgb-tab advgb-tab-body-container\"><div class=\"advgb-tab-body-header\">Textos per localitat<\/div><div class=\"advgb-tab-_3ecb1f-e6 advgb-tab-body\" aria-labelledby=\"advgb-tabs-tab1\">\n<h2 class=\"wp-block-heading\">Textos per localitat<\/h2>\n\n\n<ul><li class=\"corpus_txt isoitem Alacant\"><h5 ><a href=\"http:\/\/hdl.handle.net\/2445\/11610\">Alacant<\/a><\/h5><\/li><li class=\"corpus_txt isoitem Benavarri\"><h5 ><a href=\"http:\/\/hdl.handle.net\/2445\/11623\">Benavarri<\/a><\/h5><\/li><li class=\"corpus_txt isoitem Benavarri-1\"><h5 ><a href=\"http:\/\/diposit.ub.edu\/dspace\/handle\/2445\/13964\">Benavarri-1<\/a><\/h5><\/li><li class=\"corpus_txt isoitem Ceret\"><h5 ><a href=\"http:\/\/hdl.handle.net\/2445\/11625\">Ceret<\/a><\/h5><\/li><li class=\"corpus_txt isoitem Ciutadella\"><h5 ><a href=\"http:\/\/diposit.ub.edu\/dspace\/handle\/2445\/11627\">Ciutadella<\/a><\/h5><\/li><li class=\"corpus_txt isoitem Corpus Oral Dialectal (COD). 1. Presentaci\u00f3\"><h5 ><a href=\"http:\/\/diposit.ub.edu\/dspace\/handle\/2445\/11651\">Corpus Oral Dialectal (COD). 1. Presentaci\u00f3<\/a><\/h5><\/li><li class=\"corpus_txt isoitem Eivissa 1\"><h5 ><a href=\"http:\/\/hdl.handle.net\/2445\/11631\">Eivissa 1<\/a><\/h5><\/li><li class=\"corpus_txt isoitem L'Alcora\"><h5 ><a href=\"http:\/\/diposit.ub.edu\/dspace\/handle\/2445\/11611\">L&#8217;Alcora<\/a><\/h5><\/li><li class=\"corpus_txt isoitem La Vila Joiosa\"><h5 ><a href=\"http:\/\/hdl.handle.net\/2445\/11639\">La Vila Joiosa<\/a><\/h5><\/li><li class=\"corpus_txt isoitem Ll\u00edria\"><h5 ><a href=\"http:\/\/hdl.handle.net\/2445\/11640\">Ll\u00edria<\/a><\/h5><\/li><li class=\"corpus_txt isoitem Manacor\"><h5 ><a href=\"http:\/\/hdl.handle.net\/2445\/11641\">Manacor<\/a><\/h5><\/li><li class=\"corpus_txt isoitem Morella\"><h5 ><a href=\"http:\/\/hdl.handle.net\/2445\/11644\">Morella<\/a><\/h5><\/li><li class=\"corpus_txt isoitem Pollen\u00e7a\"><h5 ><a href=\"http:\/\/hdl.handle.net\/2445\/11646\">Pollen\u00e7a<\/a><\/h5><\/li><li class=\"corpus_txt isoitem Tremp\"><h5 ><a href=\"http:\/\/hdl.handle.net\/2445\/11659\">Tremp<\/a><\/h5><\/li><li class=\"corpus_txt isoitem Val\u00e8ncia\"><h5 ><a href=\"http:\/\/hdl.handle.net\/2445\/11660\">Val\u00e8ncia<\/a><\/h5><\/li><\/ul>\n\n\n<p><\/p>\n<\/div><\/div>\n<\/div><\/div>\n\n\n\n<p><\/p>\n<\/div><\/div>\n\n\n\n<div class=\"wp-block-advgb-column advgb-column advgb-is-one-third-tablet advgb-is-full-mobile\" id=\"advgb-col-e8a18e9d-c12e-42b4-afaf-c1391e20362c\"><div class=\"advgb-column-inner\" style=\"border-style:none;border-width:1px\">\n<h2 class=\"wp-block-heading\">El Corpus COD<\/h2>\n\n\n\n<p>El <em>Corpus oral dialectal<\/em> (COD) \u00e9s un arxiu de corpus de llengua catalana oral contempor\u00e0nia per a l\u2019estudi de la variaci\u00f3 dialectal.&nbsp;Les enquestes es van realitzar a cada cap de comarca del domini ling\u00fc\u00edstic a informants no escolaritzats en catal\u00e0 que tenien entre 30 i 45 anys en el moment de fer les enquestes (entre 1994 i 1996).<\/p>\n\n\n\n<p>Aquesta p\u00e0gina posa a disposici\u00f3 dels investigadors la transcripci\u00f3 i els arxius sonors dels textos del COD, dipositats a la <a href=\"http:\/\/diposit.ub.edu\/dspace\/handle\/2445\/10413\">p\u00e0gina del COD del&nbsp;Dip\u00f2sit Digital de la Universitat de Barcelona<\/a>.&nbsp;La base de dades interactiva que aplega els resultats obtinguts a partir&nbsp;d\u2019un&nbsp;q\u00fcestionari de m\u00e9s de 600&nbsp;preguntes&nbsp;sobre aspectes f\u00f2nics&nbsp;i&nbsp;morfol\u00f2gics es va publicar en CD-Rom (Viaplana&nbsp;et al.&nbsp;2007), per\u00f2 no \u00e9s accessible a trav\u00e9s del Dip\u00f2sit Digital de la UB.<\/p>\n<\/div><\/div>\n<\/div><\/div><\/div>\n\n\n\n<p><\/p>\n<style class=\"advgb-styles-renderer\">.advgb-tabs-f91b91d5-a2e1-4b33-9471-0d76744eb83a ul.advgb-tabs-panel li.advgb-tab.advgb-tab-active {background-color:#ffffff !important;color:#1e73be !important;}#advgb-tabs-f91b91d5-a2e1-4b33-9471-0d76744eb83a .advgb-tab-body-header.header-active, .advgb-tabs-f91b91d5-a2e1-4b33-9471-0d76744eb83a .advgb-tab-body-header.header-active{background-color:#ffffff !important;color:#1e73be !important;}#advgb-col-791fe8d9-f380-445f-9efe-fcbd0ccf57c1>.advgb-column-inner{}@media screen and (max-width: 1023px) {#advgb-col-791fe8d9-f380-445f-9efe-fcbd0ccf57c1>.advgb-column-inner{}}@media screen and (max-width: 767px) {#advgb-col-791fe8d9-f380-445f-9efe-fcbd0ccf57c1>.advgb-column-inner{}}.advgb-tabs-f91b91d5-a2e1-4b33-9471-0d76744eb83a ul.advgb-tabs-panel li.advgb-tab.advgb-tab-active {background-color:#ffffff !important;color:#1e73be !important;}#advgb-tabs-f91b91d5-a2e1-4b33-9471-0d76744eb83a .advgb-tab-body-header.header-active, .advgb-tabs-f91b91d5-a2e1-4b33-9471-0d76744eb83a .advgb-tab-body-header.header-active{background-color:#ffffff !important;color:#1e73be !important;}#advgb-col-e8a18e9d-c12e-42b4-afaf-c1391e20362c>.advgb-column-inner{}@media screen and (max-width: 1023px) {#advgb-col-e8a18e9d-c12e-42b4-afaf-c1391e20362c>.advgb-column-inner{}}@media screen and (max-width: 767px) {#advgb-col-e8a18e9d-c12e-42b4-afaf-c1391e20362c>.advgb-column-inner{}}#advgb-cols-0f19a562-525b-473a-8870-b5a8ba21bfc3{padding-top:0em;padding-right:0em;padding-left:0em;}@media screen and (max-width: 1023px) {#advgb-cols-0f19a562-525b-473a-8870-b5a8ba21bfc3{}}@media screen and (max-width: 767px) {#advgb-cols-0f19a562-525b-473a-8870-b5a8ba21bfc3{}}#advgb-col-791fe8d9-f380-445f-9efe-fcbd0ccf57c1>.advgb-column-inner{}@media screen and (max-width: 1023px) {#advgb-col-791fe8d9-f380-445f-9efe-fcbd0ccf57c1>.advgb-column-inner{}}@media screen and (max-width: 767px) {#advgb-col-791fe8d9-f380-445f-9efe-fcbd0ccf57c1>.advgb-column-inner{}}.advgb-tabs-f91b91d5-a2e1-4b33-9471-0d76744eb83a ul.advgb-tabs-panel li.advgb-tab.advgb-tab-active {background-color:#ffffff !important;color:#1e73be !important;}#advgb-tabs-f91b91d5-a2e1-4b33-9471-0d76744eb83a .advgb-tab-body-header.header-active, .advgb-tabs-f91b91d5-a2e1-4b33-9471-0d76744eb83a .advgb-tab-body-header.header-active{background-color:#ffffff !important;color:#1e73be !important;}#advgb-col-e8a18e9d-c12e-42b4-afaf-c1391e20362c>.advgb-column-inner{}@media screen and (max-width: 1023px) {#advgb-col-e8a18e9d-c12e-42b4-afaf-c1391e20362c>.advgb-column-inner{}}@media screen and (max-width: 767px) {#advgb-col-e8a18e9d-c12e-42b4-afaf-c1391e20362c>.advgb-column-inner{}}<\/style>","protected":false},"excerpt":{"rendered":"","protected":false},"author":1,"featured_media":674,"parent":0,"menu_order":0,"comment_status":"closed","ping_status":"closed","template":"","meta":{"advgb_blocks_editor_width":"","advgb_blocks_columns_visual_guide":"","footnotes":""},"class_list":["post-10","page","type-page","status-publish","has-post-thumbnail","hentry","entry","has-media"],"coauthors":[],"author_meta":{"author_link":"https:\/\/www.ub.edu\/cccub\/author\/sandra\/","display_name":"sandra"},"relative_dates":{"created":"Posted 5 anys ago","modified":"Updated 4 anys ago"},"absolute_dates":{"created":"Posted on 18\/10\/2021","modified":"Updated on 02\/12\/2021"},"absolute_dates_time":{"created":"Posted on 18\/10\/2021 09:22","modified":"Updated on 02\/12\/2021 17:52"},"featured_img_caption":"","featured_img":"https:\/\/www.ub.edu\/cccub\/wp-content\/uploads\/2021\/12\/cccub-daniil-silantev-ioYwosPYC0U-unsplash.jpg","_links":{"self":[{"href":"https:\/\/www.ub.edu\/cccub\/wp-json\/wp\/v2\/pages\/10","targetHints":{"allow":["GET"]}}],"collection":[{"href":"https:\/\/www.ub.edu\/cccub\/wp-json\/wp\/v2\/pages"}],"about":[{"href":"https:\/\/www.ub.edu\/cccub\/wp-json\/wp\/v2\/types\/page"}],"author":[{"embeddable":true,"href":"https:\/\/www.ub.edu\/cccub\/wp-json\/wp\/v2\/users\/1"}],"replies":[{"embeddable":true,"href":"https:\/\/www.ub.edu\/cccub\/wp-json\/wp\/v2\/comments?post=10"}],"version-history":[{"count":66,"href":"https:\/\/www.ub.edu\/cccub\/wp-json\/wp\/v2\/pages\/10\/revisions"}],"predecessor-version":[{"id":866,"href":"https:\/\/www.ub.edu\/cccub\/wp-json\/wp\/v2\/pages\/10\/revisions\/866"}],"wp:featuredmedia":[{"embeddable":true,"href":"https:\/\/www.ub.edu\/cccub\/wp-json\/wp\/v2\/media\/674"}],"wp:attachment":[{"href":"https:\/\/www.ub.edu\/cccub\/wp-json\/wp\/v2\/media?parent=10"}],"curies":[{"name":"wp","href":"https:\/\/api.w.org\/{rel}","templated":true}]}}