{"id":2286,"date":"2023-07-14T10:16:23","date_gmt":"2023-07-14T08:16:23","guid":{"rendered":"https:\/\/www.ub.edu\/ccle\/?page_id=2286"},"modified":"2025-02-27T14:12:04","modified_gmt":"2025-02-27T12:12:04","slug":"tesis-ccle","status":"publish","type":"page","link":"https:\/\/www.ub.edu\/ccle\/tesis-ccle\/","title":{"rendered":"Tesis"},"content":{"rendered":"\n<p><\/p>\n\n\n\n<h3 class=\"wp-block-heading has-text-align-center has-text-color has-background\" style=\"color:#182439;background-color:#a0b4d6\">Tesis<\/h3>\n\n\n\n<p class=\"has-small-font-size\">Lemus i C\u00e1novas, Marc (2022). <em>Caracteritzaci\u00f3 de la precipitaci\u00f3 i canvi clim\u00e0tic en \u00e0rees de muntanya. El cas dels Pirineus<\/em>. Directors: Mart\u00edn Vide, Fco. Javier i L\u00f3pez Bustins, Joan Albert. <a rel=\"noreferrer noopener\" href=\"http:\/\/hdl.handle.net\/2445\/185160\" target=\"_blank\">http:\/\/hdl.handle.net\/2445\/185160<\/a>. Premi Extraordinari de Doctorat 2021-2022 del Doctorat de Geografia, Planificaci\u00f3 Territorial i Gesti\u00f3 Ambiental.<\/p>\n\n\n\n<p class=\"has-small-font-size\">Da Silva Lopes, Helder Tiago (2022).<em> A influ\u00eancia do clima e da morfologia urbana na atividade tur\u00edstica da \u00c1rea Metropolitana do Porto &#8211; Perce\u00e7\u00f5es e simula\u00e7\u00e3o do conforto Bioclim\u00e1tico dos turistas. Universidade do Minho<\/em>. Universitat de Barcelona. Directors\/es: Almeida  Remoaldo, Paula Cristina, Mart\u00edn Vide, Fco. Javier i Rodrigues Ribeiro, Vitor Patricio. <a rel=\"noreferrer noopener\" href=\"http:\/\/hdl.handle.net\/10803\/675052\" target=\"_blank\">http:\/\/hdl.handle.net\/10803\/675052<\/a><\/p>\n\n\n\n<p class=\"has-small-font-size\">Cordobilla Cascales, Maria Jos\u00e9 (2022). <em>La Precipitaci\u00f3n en la cuenca de la Muga (Girona, Espa\u00f1a) 1971-2010<\/em>. Universitat de Barcelona. Director\/Tutor: Mart\u00edn Vide, Fco. Javier.<\/p>\n\n\n\n<p class=\"has-small-font-size\">Taul\u00e9 Codinach, Gerard (2022).  <em>El clima urb\u00e0 de Girona<\/em>. Universitat de Barcelona. Director\/Tutor: Mart\u00edn Vide, Fco. Javier. <a rel=\"noreferrer noopener\" href=\"https:\/\/diposit.ub.edu\/dspace\/handle\/2445\/186024\" target=\"_blank\">https:\/\/diposit.ub.edu\/dspace\/handle\/2445\/186024<\/a><\/p>\n\n\n\n<p class=\"has-small-font-size\">Arbiol Roca, Laia (2021). <em>M\u00e8todes de c\u00e0lcul de l\u2019\u00edndex de l\u2019Oscil\u00b7laci\u00f3 de la Mediterr\u00e0nia Occidental (WeMOi) i estudi del seu potencial predictiu en la precipitaci\u00f3 di\u00e0ria<\/em>. Universitat de Barcelona. Directors:  L\u00f3pez Bustins, Joan Albert i Mart\u00edn Vide, Fco. Javier. <a rel=\"noreferrer noopener\" href=\"http:\/\/hdl.handle.net\/2445\/181821\" target=\"_blank\">http:\/\/hdl.handle.net\/2445\/181821<\/a><\/p>\n\n\n\n<p class=\"has-small-font-size\">Campo Moreno, Sergio (2019). <em>Cartograf\u00eda de los sabinares de Juniperus turbinata Guss. en la reserva de la biosfera de El Hierro (Islas Canarias) mediante teledetecci\u00f3n.<\/em> Universitat de Barcelona. Directora\/Tutora: Salv\u00e0 Catarineu, Montserrat. <a rel=\"noreferrer noopener\" href=\"http:\/\/hdl.handle.net\/2445\/130861\" target=\"_blank\">http:\/\/hdl.handle.net\/2445\/130861<\/a><\/p>\n\n\n\n<p class=\"has-small-font-size\">Dominguez Segarra, Miriam (2018). <em>Classificaci\u00f3 d\u2019imatges de sat\u00e8l\u00b7lit i de dades LiDAR aplicat a l\u2019an\u00e0lisi del paisatge d\u2019El Hierro (illes Can\u00e0ries)<\/em>. Universitat de Barcelona. Directora\/Tutora: Salv\u00e0 Catarineu, Montserrat. <a href=\"http:\/\/hdl.handle.net\/2445\/130326\">http:\/\/hdl.handle.net\/2445\/130326<\/a><\/p>\n\n\n\n<p class=\"has-small-font-size\">Farnell i Barqu\u00e8, Carme (2018). <em>An\u00e0lisi, diagnosi i predicci\u00f3 d&#8217;episodis severs a Catalunya. Focalitzaci\u00f3 en les pedregades del Pla de Lleida.<\/em> Universitat de Barcelona. Directors: Rigo, Tomeu i Mart\u00edn Vide, Fco. Javier. <a rel=\"noreferrer noopener\" href=\"http:\/\/hdl.handle.net\/10803\/666869\" target=\"_blank\">http:\/\/hdl.handle.net\/10803\/666869<\/a><\/p>\n\n\n\n<p class=\"has-small-font-size\">Garc\u00eda i Sell\u00e9s, Carles (2017). <em>Variabilidad espacio-temporal de grandes aludes en el Pirineo Oriental seg\u00fan la estructura del manto nivoso y la circulaci\u00f3n atmosf\u00e9rica<\/em>. Universitat de Barcelona. Directors: Mart\u00edn Vide, Fco. Javier i H\u00e4geli, Pascal. <a rel=\"noreferrer noopener\" href=\"http:\/\/hdl.handle.net\/10803\/461164\" target=\"_blank\">http:\/\/hdl.handle.net\/10803\/461164<\/a><\/p>\n\n\n\n<p class=\"has-small-font-size\">Mir\u00f3 Cubells, Josep Ramon (2017). <em>Patrons mesoscalars de precipitaci\u00f3 a Catalunya.<\/em> Universitat de Barcelona. Director\/Tutor: Mart\u00edn Vide, Fco. Javier. <a rel=\"noreferrer noopener\" href=\"http:\/\/hdl.handle.net\/10803\/404183\" target=\"_blank\">http:\/\/hdl.handle.net\/10803\/404183<\/a><\/p>\n\n\n\n<p class=\"has-small-font-size\">Oliveira, Mary Anne Assis Lopes de (2017). <em>A gest\u00e3o de res\u00edduos s\u00f3lidos urbanos em Vit\u00f3ria da Conquista, Bahia, Brasil. <\/em>Universitat de Barcelona. Director\/Tutor: Mart\u00edn Vide, Fco. Javier. <a href=\"http:\/\/hdl.handle.net\/10803\/404212\" target=\"_blank\" rel=\"noreferrer noopener\">http:\/\/hdl.handle.net\/10803\/404212<\/a><\/p>\n\n\n\n<p class=\"has-small-font-size\">Franchi Arzola, Iv\u00e1n Marcelo (2017).<em> Evaluaci\u00f3n de la sostenibilidad en el sistema de planificaci\u00f3n del desarrollo regional en Chile.<\/em> Universitat de Barcelona. Directors: Mart\u00edn Vide, Fco. Javier i Henr\u00edquez Ruiz, Cristian. <a rel=\"noreferrer noopener\" href=\"http:\/\/hdl.handle.net\/2445\/120577\" target=\"_blank\">http:\/\/hdl.handle.net\/2445\/120577<\/a><\/p>\n\n\n\n<p class=\"has-small-font-size\">Gonz\u00e1lez Miranda, Isabel (2017)<em>.  Mejoramiento de la fitoextracci\u00f3n en plantas nativas en suelos contaminados por actividades mineres en Puchancav\u00ed y Quintero (Chile)<\/em>. Universitat de Barcelona. Directors\/es: Cort\u00e9s Lucas, Amparo i Neaman, Alexander. <a rel=\"noreferrer noopener\" href=\"http:\/\/hdl.handle.net\/10803\/131224\" target=\"_blank\">http:\/\/hdl.handle.net\/10803\/131224<\/a><\/p>\n\n\n\n<p class=\"has-small-font-size\">Santos, Benedita (2016). <em>Cubierta Nival y Temperaturas de Superficie en Sierra Nevada a trav\u00e9s del tratamiento digital de im\u00e1genes de sat\u00e9lite.<\/em> Universitat de Barcelona. Directors: G\u00f3mez Ortiz, Antonio i Crist\u00f3bal Rossell\u00f3, Jordi. <a href=\"http:\/\/hdl.handle.net\/10803\/401437\" target=\"_blank\" rel=\"noreferrer noopener\">http:\/\/hdl.handle.net\/10803\/401437<\/a><\/p>\n\n\n\n<p class=\"has-small-font-size\">Miralles Ortega, Ricard (2016). <em>An\u00e0lisi clim\u00e0tica i ambiental dels incendis forestals de Catalunya (1968-2008)<\/em>. Universitat de Barcelona. Director\/Tutor: Mart\u00edn Vide, Fco. Javier. <a rel=\"noreferrer noopener\" href=\"http:\/\/hdl.handle.net\/2445\/104966\" target=\"_blank\">http:\/\/hdl.handle.net\/2445\/104966<\/a><\/p>\n\n\n\n<p class=\"has-small-font-size\">Serra Pardo, Juan Antonio (2016). <em>El fen\u00f3meno de la Isla calor en dos ciudades tur\u00edsticas. Los casos de Ibiza y de Lloret de Mar.<\/em> Universitat de Barcelona. Directora\/tutora: Moreno Garc\u00eda, Mar\u00eda del Carmen <a rel=\"noreferrer noopener\" href=\"http:\/\/hdl.handle.net\/10803\/394094\" target=\"_blank\">http:\/\/hdl.handle.net\/10803\/394094<\/a><\/p>\n\n\n\n<p class=\"has-small-font-size\">Duce D\u00edaz, Ester (2016).<em> Incidencia y tratamiento de los aspectos ambientales, climaticos y meteorol\u00f3gicos en la prensa durante el per\u00edodo 1970-1989: El diario La Vanguardia<\/em>.  Universitat de Barcelona. Directors: Mart\u00edn Vide, Fco. Javier i Raso Nadal, Jos\u00e9 M. <a href=\"http:\/\/hdl.handle.net\/10803\/397726\" target=\"_blank\" rel=\"noreferrer noopener\">http:\/\/hdl.handle.net\/10803\/397726<\/a><\/p>\n\n\n\n<p class=\"has-small-font-size\">Mathbout, Shifa (2016). <em>Spatial and Temporal Characteristics of Precipitation Variability and Drought Patterns in the Eastern Mediterranean. <\/em>Universitat de Barcelona. Directors: Mart\u00edn Vide, Fco., Javier i L\u00f3pez Bustins, Joan Albert. <a href=\"https:\/\/hdl.handle.net\/2445\/104965\" target=\"_blank\" rel=\"noreferrer noopener\">https:\/\/hdl.handle.net\/2445\/104965<\/a><\/p>\n\n\n\n<p class=\"has-small-font-size\">Meseguer Ruiz, \u00d3liver&nbsp;(2015). <em>La Fractalidad temporal de la precipitaci\u00f3n en la Espa\u00f1a Peninsular y Baleares<\/em>. Universitat de Barcelona. Directors: Mart\u00edn Vide, Fco. Javier i Olcina Cantos, Jorge. <a href=\"http:\/\/hdl.handle.net\/2445\/69587\">http:\/\/hdl.handle.net\/2445\/69587<\/a><\/p>\n\n\n\n<p class=\"has-small-font-size\">Puig Polo, Carolina (2015).<em> Evoluci\u00f3n temporal de la vegetaci\u00f3n en el Sahel mediante el NDVI y su relaci\u00f3n con la precipitaci\u00f3n en el periodo 1983-2012<\/em>. Universitat Polit\u00e8cnica de Catalunya. Directors: Buill, Felipe i Mart\u00edn Vide, Fco. Javier. <a rel=\"noreferrer noopener\" href=\"http:\/\/hdl.handle.net\/10803\/299368\" target=\"_blank\">http:\/\/hdl.handle.net\/10803\/299368<\/a><\/p>\n\n\n\n<p class=\"has-small-font-size\">Benhamrouche, Aziz (2014). <em>An\u00e1lisis de la concentraci\u00f3n diaria de la precipitaci\u00f3n en la Cuenca del Mediterr\u00e1neo Occidental<\/em>. Universitat de Barcelona. Director\/Tutor: Mart\u00edn Vide, Fco. Javier. <a rel=\"noreferrer noopener\" href=\"http:\/\/hdl.handle.net\/2445\/64206\" target=\"_blank\">http:\/\/hdl.handle.net\/2445\/64206<\/a><\/p>\n\n\n\n<p class=\"has-small-font-size\">Santos Cardoso Gondim, Patricia (2014).<em> Avalia\u00e7ao ambiental estrat\u00e9gica da Agenda 21 local da cidade de Vit\u00f3ria da Conquista &#8211; BA.<\/em> Universitat de Barcelona. Director\/Tutor: Mart\u00edn Vide, Fco. Javier. <a rel=\"noreferrer noopener\" href=\"https:\/\/dialnet.unirioja.es\/servlet\/tesis?codigo=253146\" target=\"_blank\">https:\/\/dialnet.unirioja.es\/servlet\/tesis?codigo=253146<\/a><\/p>\n\n\n\n<p class=\"has-small-font-size\">V\u00e9lez Flores, Am\u00edlcar (2014). <em>Caracter\u00edsticas de la precipitaci\u00f3n diaria en Puerto Rico. <\/em>Universitat de Barcelona. Director\/Tutor: Mart\u00edn Vide, Fco. Javier. <a rel=\"noreferrer noopener\" href=\"http:\/\/hdl.handle.net\/10803\/133925\" target=\"_blank\">http:\/\/hdl.handle.net\/10803\/133925<\/a><\/p>\n\n\n\n<p class=\"has-small-font-size\">Santos, Arm\u00ednio (2014). <em>Avalia\u00e7\u00e3o ambiental estrat\u00e9gica aplicada \u00e1 cadeia produtiva da mandioca na Microrregi\u00e3o Sudoeste da Bahia<\/em>. Universitat de Barcelona. Directora\/tutora: Cort\u00e9s Lucas, Amparo. <a href=\"http:\/\/hdl.handle.net\/10803\/675052\" target=\"_blank\" rel=\"noreferrer noopener\">http:\/\/hdl.handle.net\/10803\/675052<\/a><\/p>\n\n\n\n<p class=\"has-small-font-size\">Esteban Vea, Pere (2012). <em>Classificaci\u00f3 de tipus de circulaci\u00f3 atmosf\u00e8rica: proposta metodol\u00f2gica i aplicacions<\/em>. Universitat de Barcelona. Director\/Tutor: Mart\u00edn Vide, Fco. Javier. <a rel=\"noreferrer noopener\" href=\"http:\/\/hdl.handle.net\/2445\/41989\" target=\"_blank\">http:\/\/hdl.handle.net\/2445\/41989<\/a><\/p>\n\n\n\n<p class=\"has-small-font-size\">Sarricolea Espinoza, Pablo (2012). <em>La isla de calor urbana de superficie y sus factores condicionantes: El caso del \u00e1rea metropolitana de Santiago.<\/em> Universitat de Barcelona. Director\/Tutor: Mart\u00edn Vide, Fco. Javier. <a rel=\"noreferrer noopener\" href=\"http:\/\/hdl.handle.net\/2445\/41987\" target=\"_blank\">http:\/\/hdl.handle.net\/2445\/41987<\/a><\/p>\n\n\n\n<p class=\"has-small-font-size\">Veloso Holanda, Belisa (2012). <em>Gestao Ambiental na Caatinga: um estudo de caso da Reserva Particular do Patrimonio Natural Serra das Almas.<\/em> Universitat de Barcelona. Directors\/es: Mart\u00edn Vide, Javier i Dias Martins, M\u00f4nica. <a rel=\"noreferrer noopener\" href=\"http:\/\/hdl.handle.net\/2445\/41984\" target=\"_blank\">http:\/\/hdl.handle.net\/2445\/41984<\/a><\/p>\n\n\n\n<p class=\"has-small-font-size\">S\u00e1nchez Lorenzo, Arturo (2009). <em>Climatolog\u00eda y evoluci\u00f3n espacio-temporal de la nubosidad e insolaci\u00f3n en la Pen\u00ednsula Ib\u00e9rica desde mediados del siglo XX Barcelona<\/em>. Universitat de Barcelona. Directors: Calb\u00f3 i Angrill, Josep i Mart\u00edn Vide, Fco. Javier. <a href=\"https:\/\/dialnet.unirioja.es\/servlet\/tesis?codigo=254150\" target=\"_blank\" rel=\"noreferrer noopener\">https:\/\/dialnet.unirioja.es\/servlet\/tesis?codigo=254150<\/a><\/p>\n\n\n\n<p class=\"has-small-font-size\">L\u00f3pez Bustins, Joan Albert (2007). <em>L&#8217;Oscil\u00b7laci\u00f3 de la Mediterr\u00e0nia Occidental i la Precipitaci\u00f3 als Pa\u00efsos Catalans<\/em>. Universitat de Barcelona. Director\/Tutor: Mart\u00edn Vide, Fco. Javier. <a rel=\"noreferrer noopener\" href=\"http:\/\/hdl.handle.net\/2445\/41970\" target=\"_blank\">http:\/\/hdl.handle.net\/2445\/41970<\/a><\/p>\n\n\n\n<p class=\"has-small-font-size\">Montserrat Aguad\u00e9, David (2007). <em>Temps de foc. Climatolog\u00eda sin\u00f2ptica aplicada als incendis forestals de Catalunya<\/em>. Universitat de Barcelona. Directors\/es: Mart\u00edn Vide, Fco. Javier i Llasat Botija, Maria del Carme. <a rel=\"noreferrer noopener\" href=\"https:\/\/dialnet.unirioja.es\/servlet\/tesis?codigo=178461\" target=\"_blank\">https:\/\/dialnet.unirioja.es\/servlet\/tesis?codigo=178461<\/a><\/p>\n\n\n\n<p class=\"has-small-font-size\">Fern\u00e1ndez de Arroyabe Hern\u00e1ez, Pablo (2005). <em>Persistencia de la precipitaci\u00f3n en la Comunidad Aut\u00f3noma del Pa\u00eds Vasco a partir de modelos markovianos. Regionalizaci\u00f3n mediante sistemas de informaci\u00f3n geogr\u00e1ficos.<\/em> Universitat de Barcelona. Directors: Garc\u00eda Codr\u00f3n, Juan Carlos i Mart\u00edn Vide, Fco. Javier. <a rel=\"noreferrer noopener\" href=\"http:\/\/hdl.handle.net\/2445\/41964\" target=\"_blank\">http:\/\/hdl.handle.net\/2445\/41964<\/a><\/p>\n\n\n\n<p class=\"has-small-font-size\">Prohom Duran, Marc Jaume (2003). <em>Incid\u00e8ncia de les grans erupcions volc\u00e0niques en el clima de la Pen\u00ednsula Ib\u00e8rica i Balears. <\/em>Universitat de Barcelona. Director\/Tutor: Mart\u00edn Vide, Fco. Javier. <a href=\"http:\/\/hdl.handle.net\/2445\/41968\" target=\"_blank\" rel=\"noreferrer noopener\">http:\/\/hdl.handle.net\/2445\/41968<\/a><\/p>\n","protected":false},"excerpt":{"rendered":"<p>Tesis Lemus i C\u00e1novas, Marc (2022). Caracteritzaci\u00f3 de la precipitaci\u00f3 i canvi clim\u00e0tic en \u00e0rees de muntanya. El cas dels Pirineus. Directors: Mart\u00edn Vide, Fco. Javier i L\u00f3pez Bustins, Joan Albert. http:\/\/hdl.handle.net\/2445\/185160. Premi Extraordinari de Doctorat 2021-2022 del Doctorat de Geografia, Planificaci\u00f3 Territorial i Gesti\u00f3 Ambiental. Da Silva Lopes, Helder Tiago (2022). A influ\u00eancia do&hellip;&nbsp;<a href=\"https:\/\/www.ub.edu\/ccle\/tesis-ccle\/\" class=\"\" rel=\"bookmark\">Llegiu m\u00e9s &raquo;<span class=\"screen-reader-text\">Tesis<\/span><\/a><\/p>\n","protected":false},"author":1,"featured_media":0,"parent":0,"menu_order":0,"comment_status":"closed","ping_status":"closed","template":"","meta":{"neve_meta_sidebar":"","neve_meta_container":"","neve_meta_enable_content_width":"","neve_meta_content_width":0,"neve_meta_title_alignment":"","neve_meta_author_avatar":"","neve_post_elements_order":"","neve_meta_disable_header":"","neve_meta_disable_footer":"","neve_meta_disable_title":"","footnotes":""},"class_list":["post-2286","page","type-page","status-publish","hentry"],"yoast_head":"<!-- This site is optimized with the Yoast SEO plugin v27.5 - https:\/\/yoast.com\/product\/yoast-seo-wordpress\/ -->\n<title>Tesis CCLE<\/title>\n<meta name=\"description\" content=\"Aqu\u00ed trobar\u00e0 les tesis m\u00e9s rellevants que s&#039;han presentat.\" \/>\n<meta name=\"robots\" content=\"index, follow, max-snippet:-1, max-image-preview:large, max-video-preview:-1\" \/>\n<link rel=\"canonical\" href=\"https:\/\/www.ub.edu\/ccle\/tesis-ccle\/\" \/>\n<meta property=\"og:locale\" content=\"ca_ES\" \/>\n<meta property=\"og:type\" content=\"article\" \/>\n<meta property=\"og:title\" content=\"Tesis CCLE\" \/>\n<meta property=\"og:description\" content=\"Aqu\u00ed trobar\u00e0 les tesis m\u00e9s rellevants que s&#039;han presentat.\" \/>\n<meta property=\"og:url\" content=\"https:\/\/www.ub.edu\/ccle\/tesis-ccle\/\" \/>\n<meta property=\"article:modified_time\" content=\"2025-02-27T12:12:04+00:00\" \/>\n<meta name=\"twitter:card\" content=\"summary_large_image\" \/>\n<meta name=\"twitter:site\" content=\"@Paisatge_UB\" \/>\n<meta name=\"twitter:label1\" content=\"Temps estimat de lectura\" \/>\n\t<meta name=\"twitter:data1\" content=\"6 minuts\" \/>\n<script type=\"application\/ld+json\" class=\"yoast-schema-graph\">{\"@context\":\"https:\\\/\\\/schema.org\",\"@graph\":[{\"@type\":\"WebPage\",\"@id\":\"https:\\\/\\\/www.ub.edu\\\/ccle\\\/tesis-ccle\\\/\",\"url\":\"https:\\\/\\\/www.ub.edu\\\/ccle\\\/tesis-ccle\\\/\",\"name\":\"Tesis CCLE\",\"isPartOf\":{\"@id\":\"https:\\\/\\\/www.ub.edu\\\/ccle\\\/#website\"},\"datePublished\":\"2023-07-14T08:16:23+00:00\",\"dateModified\":\"2025-02-27T12:12:04+00:00\",\"description\":\"Aqu\u00ed trobar\u00e0 les tesis m\u00e9s rellevants que s'han presentat.\",\"breadcrumb\":{\"@id\":\"https:\\\/\\\/www.ub.edu\\\/ccle\\\/tesis-ccle\\\/#breadcrumb\"},\"inLanguage\":\"ca\",\"potentialAction\":[{\"@type\":\"ReadAction\",\"target\":[\"https:\\\/\\\/www.ub.edu\\\/ccle\\\/tesis-ccle\\\/\"]}]},{\"@type\":\"BreadcrumbList\",\"@id\":\"https:\\\/\\\/www.ub.edu\\\/ccle\\\/tesis-ccle\\\/#breadcrumb\",\"itemListElement\":[{\"@type\":\"ListItem\",\"position\":1,\"name\":\"Inici\",\"item\":\"https:\\\/\\\/www.ub.edu\\\/ccle\\\/\"},{\"@type\":\"ListItem\",\"position\":2,\"name\":\"Tesis\"}]},{\"@type\":\"WebSite\",\"@id\":\"https:\\\/\\\/www.ub.edu\\\/ccle\\\/#website\",\"url\":\"https:\\\/\\\/www.ub.edu\\\/ccle\\\/\",\"name\":\"Climate Change and Landscape Ecology\",\"description\":\"\",\"alternateName\":\"CCLE\",\"potentialAction\":[{\"@type\":\"SearchAction\",\"target\":{\"@type\":\"EntryPoint\",\"urlTemplate\":\"https:\\\/\\\/www.ub.edu\\\/ccle\\\/?s={search_term_string}\"},\"query-input\":{\"@type\":\"PropertyValueSpecification\",\"valueRequired\":true,\"valueName\":\"search_term_string\"}}],\"inLanguage\":\"ca\"}]}<\/script>\n<!-- \/ Yoast SEO plugin. -->","yoast_head_json":{"title":"Tesis CCLE","description":"Aqu\u00ed trobar\u00e0 les tesis m\u00e9s rellevants que s'han presentat.","robots":{"index":"index","follow":"follow","max-snippet":"max-snippet:-1","max-image-preview":"max-image-preview:large","max-video-preview":"max-video-preview:-1"},"canonical":"https:\/\/www.ub.edu\/ccle\/tesis-ccle\/","og_locale":"ca_ES","og_type":"article","og_title":"Tesis CCLE","og_description":"Aqu\u00ed trobar\u00e0 les tesis m\u00e9s rellevants que s'han presentat.","og_url":"https:\/\/www.ub.edu\/ccle\/tesis-ccle\/","article_modified_time":"2025-02-27T12:12:04+00:00","twitter_card":"summary_large_image","twitter_site":"@Paisatge_UB","twitter_misc":{"Temps estimat de lectura":"6 minuts"},"schema":{"@context":"https:\/\/schema.org","@graph":[{"@type":"WebPage","@id":"https:\/\/www.ub.edu\/ccle\/tesis-ccle\/","url":"https:\/\/www.ub.edu\/ccle\/tesis-ccle\/","name":"Tesis CCLE","isPartOf":{"@id":"https:\/\/www.ub.edu\/ccle\/#website"},"datePublished":"2023-07-14T08:16:23+00:00","dateModified":"2025-02-27T12:12:04+00:00","description":"Aqu\u00ed trobar\u00e0 les tesis m\u00e9s rellevants que s'han presentat.","breadcrumb":{"@id":"https:\/\/www.ub.edu\/ccle\/tesis-ccle\/#breadcrumb"},"inLanguage":"ca","potentialAction":[{"@type":"ReadAction","target":["https:\/\/www.ub.edu\/ccle\/tesis-ccle\/"]}]},{"@type":"BreadcrumbList","@id":"https:\/\/www.ub.edu\/ccle\/tesis-ccle\/#breadcrumb","itemListElement":[{"@type":"ListItem","position":1,"name":"Inici","item":"https:\/\/www.ub.edu\/ccle\/"},{"@type":"ListItem","position":2,"name":"Tesis"}]},{"@type":"WebSite","@id":"https:\/\/www.ub.edu\/ccle\/#website","url":"https:\/\/www.ub.edu\/ccle\/","name":"Climate Change and Landscape Ecology","description":"","alternateName":"CCLE","potentialAction":[{"@type":"SearchAction","target":{"@type":"EntryPoint","urlTemplate":"https:\/\/www.ub.edu\/ccle\/?s={search_term_string}"},"query-input":{"@type":"PropertyValueSpecification","valueRequired":true,"valueName":"search_term_string"}}],"inLanguage":"ca"}]}},"_links":{"self":[{"href":"https:\/\/www.ub.edu\/ccle\/wp-json\/wp\/v2\/pages\/2286","targetHints":{"allow":["GET"]}}],"collection":[{"href":"https:\/\/www.ub.edu\/ccle\/wp-json\/wp\/v2\/pages"}],"about":[{"href":"https:\/\/www.ub.edu\/ccle\/wp-json\/wp\/v2\/types\/page"}],"author":[{"embeddable":true,"href":"https:\/\/www.ub.edu\/ccle\/wp-json\/wp\/v2\/users\/1"}],"replies":[{"embeddable":true,"href":"https:\/\/www.ub.edu\/ccle\/wp-json\/wp\/v2\/comments?post=2286"}],"version-history":[{"count":23,"href":"https:\/\/www.ub.edu\/ccle\/wp-json\/wp\/v2\/pages\/2286\/revisions"}],"predecessor-version":[{"id":3541,"href":"https:\/\/www.ub.edu\/ccle\/wp-json\/wp\/v2\/pages\/2286\/revisions\/3541"}],"wp:attachment":[{"href":"https:\/\/www.ub.edu\/ccle\/wp-json\/wp\/v2\/media?parent=2286"}],"curies":[{"name":"wp","href":"https:\/\/api.w.org\/{rel}","templated":true}]}}