{"id":566,"date":"2022-01-31T14:46:19","date_gmt":"2022-01-31T12:46:19","guid":{"rendered":"https:\/\/www.ub.edu\/certifica-llengues\/?page_id=566"},"modified":"2023-04-20T13:25:18","modified_gmt":"2023-04-20T11:25:18","slug":"presentacio","status":"publish","type":"page","link":"https:\/\/www.ub.edu\/certifica-llengues\/presentacio\/","title":{"rendered":"Presentaci\u00f3"},"content":{"rendered":"<p>[vc_row][vc_column][vc_column_text]D&#8217;acord amb el\u00a0<a href=\"http:\/\/www.publicacions.ub.edu\/release\/pla-llengues-2022-2025_cat.pdf\" target=\"_blank\" rel=\"noopener\">Pla de lleng\u00fces<\/a>\u00a0de la Universitat de Barcelona,\u00a0<a href=\"https:\/\/diposit.ub.edu\/dspace\/handle\/2445\/190680\" target=\"_blank\" rel=\"noopener\">publicat<\/a> al novembre de 2022, la UB ofereix proves de nivell d&#8217;autoavaluaci\u00f3 en l\u00ednia, dirigides a aquells estudiants que no coneguin el seu nivell o b\u00e9 no disposin d&#8217;acreditaci\u00f3 ling\u00fc\u00edstica.<\/p>\n<p>Els\u00a0<a href=\"http:\/\/www.ub.es\/sl\/ca\/sl.htm\" target=\"_blank\" rel=\"noopener\">Serveis Ling\u00fc\u00edstics<\/a> de la UB, mitjan\u00e7ant el <a href=\"https:\/\/www.ub.edu\/sl\/ca\/fl\/cal\/universitat.html\" target=\"_blank\" rel=\"noopener\">Centre d&#8217;autoaprenentatge de lleng\u00fces de Pla\u00e7a Universitat<\/a>, han creat aquest espai, on s&#8217;agrupen diverses proves de nivell, aix\u00ed com informaci\u00f3 sobre els nivells i les seves equival\u00e8ncies amb el Marc europeu com\u00fa de refer\u00e8ncia (MECR).<\/p>\n<p>&nbsp;<\/p>\n<p>[\/vc_column_text][\/vc_column][\/vc_row][vc_row][vc_column width=&#8221;1\/2&#8243;][vc_column_text]<\/p>\n<h4>Qu\u00e8 puc fer en aquest espai?<\/h4>\n<p><strong>Consultar quin \u00e9s el teu nivell MECR<\/strong><br \/>\nSi has fet un curs a l&#8217;Escola d&#8217;Idiomes Moderns o a una altra instituci\u00f3, pots consultar les equival\u00e8ncies amb els nivells del Marc europeu com\u00fa de refer\u00e8ncia (MECR).<\/p>\n<p><strong>Fer un test de nivell<\/strong><br \/>\nSi no tens cap acreditaci\u00f3 ni certificaci\u00f3, o fa temps que no fas cap curs d&#8217;angl\u00e8s, alemany, franc\u00e8s o itali\u00e0, pots fer un test de nivell que t&#8217;orientar\u00e0 sobre quin \u00e9s el teu nivell segons el MECR.<\/p>\n<p><strong>Enviar els teus dubtes<\/strong><br \/>\nSi tens algun dubte o pregunta sobre les equival\u00e8ncies de nivell o sobre els tests de nivell que s&#8217;ofereixen en aquest espai, envia la teva consulta i et respondrem al m\u00e9s aviat possible.<\/p>\n<p>[\/vc_column_text][\/vc_column][vc_column width=&#8221;1\/2&#8243;][vc_single_image image=&#8221;1031&#8243; img_size=&#8221;full&#8221; alignment=&#8221;center&#8221;][\/vc_column][\/vc_row][vc_row][vc_column width=&#8221;1\/2&#8243;][vc_single_image image=&#8221;1047&#8243; img_size=&#8221;full&#8221; alignment=&#8221;center&#8221;][\/vc_column][vc_column width=&#8221;1\/2&#8243;][vc_column_text]<strong>Assessorament presencial<\/strong><br \/>\nEls centres d&#8217;autoaprenentatge de lleng\u00fces disposen d&#8217;ordinadors on pots fer els tests de nivell que s&#8217;ofereixen en aquest espai, consultar la informaci\u00f3 sobre les equival\u00e8ncies de nivell i resoldre qualsevol dubte que tinguis sobre el teu nivell d&#8217;aquests quatre idiomes.<\/p>\n<p>Els centres d&#8217;autoaprenentatge que ofereixen aquest tipus d&#8217;assessorament s\u00f3n:<\/p>\n<ul>\n<li><a href=\"https:\/\/www.ub.edu\/sl\/ca\/fl\/cal\/universitat.html\" target=\"_blank\" rel=\"noopener\">CAL de Pla\u00e7a Universitat<\/a><\/li>\n<li><a href=\"https:\/\/www.ub.edu\/sl\/ca\/fl\/cal\/diagonal.html\" target=\"_blank\" rel=\"noopener\">CAL de Diagonal<\/a><\/li>\n<\/ul>\n<p><strong><br \/>\nEscola d&#8217;Idiomes Moderns (EIM)<\/strong><br \/>\nTamb\u00e9 hi ha l&#8217;opci\u00f3 de fer un test de nivell a l&#8217;Escola d&#8217;Idiomes Moderns i obtenir una acreditaci\u00f3 de nivell. Hi ha diferents convocat\u00f2ries per apuntar-s&#8217;hi. En cas que sigui sense una convocat\u00f2ria programada, tamb\u00e9 es pot fer el test de nivell individualment.<\/p>\n<p>Els idiomes d&#8217;aquest test s\u00f3n angl\u00e8s, alemany, franc\u00e8s i itali\u00e0, entre d&#8217;altres.<br \/>\nEl test consisteix en les 5 parts que tot test hauria de tenir per saber el nivell real de l&#8217;idioma: gram\u00e0tica, vocabulari, comprensi\u00f3 auditiva, comprensi\u00f3 lectora i flu\u00efdesa oral.<\/p>\n<p>Per a m\u00e9s informaci\u00f3, consulteu aquest <a title=\"Acreditaci\u00f3 de nivell d'idiomes\" href=\"https:\/\/www.eim.ub.edu\/ca\/certificat\/personalitzat-individual\/\" target=\"_blank\" rel=\"noopener\">enlla\u00e7<\/a>.[\/vc_column_text][\/vc_column][\/vc_row]<\/p>\n","protected":false},"excerpt":{"rendered":"<p>[vc_row][vc_column][vc_column_text]D&#8217;acord amb el\u00a0Pla de lleng\u00fces\u00a0de la Universitat de Barcelona,\u00a0publicat al novembre de 2022, la UB ofereix proves de nivell d&#8217;autoavaluaci\u00f3 en l\u00ednia, dirigides a aquells estudiants que no coneguin el seu nivell o b\u00e9 no disposin d&#8217;acreditaci\u00f3 ling\u00fc\u00edstica. Els\u00a0Serveis Ling\u00fc\u00edstics de la UB, mitjan\u00e7ant el Centre d&#8217;autoaprenentatge de lleng\u00fces de Pla\u00e7a Universitat, han creat aquest&hellip;&nbsp;<a href=\"https:\/\/www.ub.edu\/certifica-llengues\/presentacio\/\" class=\"\" rel=\"bookmark\">Read More &raquo;<span class=\"screen-reader-text\">Presentaci\u00f3<\/span><\/a><\/p>\n","protected":false},"author":1,"featured_media":0,"parent":0,"menu_order":0,"comment_status":"closed","ping_status":"closed","template":"","meta":{"neve_meta_sidebar":"","neve_meta_container":"","neve_meta_enable_content_width":"off","neve_meta_content_width":100,"neve_meta_title_alignment":"","neve_meta_author_avatar":"","neve_post_elements_order":"","neve_meta_disable_header":"","neve_meta_disable_footer":"","neve_meta_disable_title":"","_ti_tpc_template_sync":false,"_ti_tpc_template_id":"","footnotes":""},"class_list":["post-566","page","type-page","status-publish","hentry"],"_links":{"self":[{"href":"https:\/\/www.ub.edu\/certifica-llengues\/wp-json\/wp\/v2\/pages\/566","targetHints":{"allow":["GET"]}}],"collection":[{"href":"https:\/\/www.ub.edu\/certifica-llengues\/wp-json\/wp\/v2\/pages"}],"about":[{"href":"https:\/\/www.ub.edu\/certifica-llengues\/wp-json\/wp\/v2\/types\/page"}],"author":[{"embeddable":true,"href":"https:\/\/www.ub.edu\/certifica-llengues\/wp-json\/wp\/v2\/users\/1"}],"replies":[{"embeddable":true,"href":"https:\/\/www.ub.edu\/certifica-llengues\/wp-json\/wp\/v2\/comments?post=566"}],"version-history":[{"count":22,"href":"https:\/\/www.ub.edu\/certifica-llengues\/wp-json\/wp\/v2\/pages\/566\/revisions"}],"predecessor-version":[{"id":1269,"href":"https:\/\/www.ub.edu\/certifica-llengues\/wp-json\/wp\/v2\/pages\/566\/revisions\/1269"}],"wp:attachment":[{"href":"https:\/\/www.ub.edu\/certifica-llengues\/wp-json\/wp\/v2\/media?parent=566"}],"curies":[{"name":"wp","href":"https:\/\/api.w.org\/{rel}","templated":true}]}}