{"id":2239,"date":"2022-02-24T15:10:16","date_gmt":"2022-02-24T15:10:16","guid":{"rendered":"http:\/\/www.ub.edu\/cinaf\/?page_id=2239"},"modified":"2025-06-13T16:42:32","modified_gmt":"2025-06-13T16:42:32","slug":"ajuts-indirec","status":"publish","type":"page","link":"https:\/\/www.ub.edu\/cinaf\/activitats\/ajuts-indirec\/","title":{"rendered":"Ajuts IndiRec"},"content":{"rendered":"<p style=\"text-align: justify;\">Les beques Indi-Rec (doctorat i m\u00e0ster), convocades pel <strong>Grup d\u2019Recerca amb Pobles Ind\u00edgenes i Afrodescendents<\/strong> (CINAF) de la Universitat de Barcelona, en col<a href=\"https:\/\/seu.ub.edu\/seupro\/documentPublic\/download\/700441\">\u00b7<\/a>laboraci\u00f3 amb l&#8217;ONG <strong>AlterNativa Intercanvi amb Pobles Ind\u00edgenes,<\/strong> volen fomentar la recerca aplicada amb pobles ind\u00edgenes i finan\u00e7ar estades de treball de camp a l&#8217;Am\u00e8rica Llatina per a:<\/p>\n<ul data-sourcepos=\"11:1-12:121\">\n<li style=\"text-align: justify;\" data-sourcepos=\"11:1-11:87\">Estudiants del programa de m\u00e0ster Antropologia i Etnografia (estades de 2 mesos).<\/li>\n<li style=\"text-align: justify;\" data-sourcepos=\"12:1-12:121\">Predoctorals de l&#8217;\u00e0mbit d&#8217;antropologia social del programa de doctorat Societat i Cultura (estades de 3 a 5 mesos).<\/li>\n<\/ul>\n<h3><strong>2025<br \/>\n<\/strong><\/h3>\n<p><a href=\"https:\/\/seu.ub.edu\/ajutsPublic\/showPublicacion\/700438\">Convocat\u00f2ria IV IndiRec<\/a><br \/>\n<a href=\"https:\/\/seu.ub.edu\/seupro\/documentPublic\/download\/700441\">Formulari de sol\u00b7licitud<\/a><br \/>\nResoluci\u00f3<\/p>\n<h3><strong>2024<br \/>\n<\/strong><\/h3>\n<p><a href=\"https:\/\/seu.ub.edu\/ajutsPublic\/showPublicacion\/512304\">Convocat\u00f2ria III IndiRec<\/a><br \/>\n<a href=\"https:\/\/seu.ub.edu\/seupro\/documentPublic\/download\/512303\">Formulari de sol\u00b7licitud<\/a><br \/>\n<a href=\"https:\/\/seu.ub.edu\/seupro\/documentPublic\/download\/536244\">Resoluci\u00f3<\/a><\/p>\n<h3><strong>2023<\/strong><\/h3>\n<p><a href=\"https:\/\/seu.ub.edu\/ajutsPublic\/showPublicacion\/397101\">Convocat\u00f2ria II IndiRec<\/a><br \/>\n<a href=\"https:\/\/seu.ub.edu\/seupro\/documentPublic\/download\/397100\">Formulari de sol\u00b7licitud<\/a><br \/>\n<a href=\"https:\/\/seu.ub.edu\/seupro\/documentPublic\/download\/409719\">Resoluci\u00f3<\/a><\/p>\n","protected":false},"excerpt":{"rendered":"<p>Les beques Indi-Rec (doctorat i m\u00e0ster), convocades pel Grup d\u2019Recerca amb Pobles Ind\u00edgenes i Afrodescendents (CINAF) de la Universitat de Barcelona, en col\u00b7laboraci\u00f3 amb l&#8217;ONG AlterNativa Intercanvi amb Pobles Ind\u00edgenes, volen fomentar la recerca aplicada amb pobles ind\u00edgenes i finan\u00e7ar estades de treball de camp a l&#8217;Am\u00e8rica Llatina per a: Estudiants del programa de m\u00e0ster &#8230; <a title=\"Ajuts IndiRec\" class=\"read-more\" href=\"https:\/\/www.ub.edu\/cinaf\/activitats\/ajuts-indirec\/\">Llegeix-ne m\u00e9s<\/a><\/p>\n","protected":false},"author":1,"featured_media":3000,"parent":16,"menu_order":0,"comment_status":"closed","ping_status":"closed","template":"","meta":{"generate_page_header":"","footnotes":""},"class_list":["post-2239","page","type-page","status-publish","has-post-thumbnail"],"_links":{"self":[{"href":"https:\/\/www.ub.edu\/cinaf\/wp-json\/wp\/v2\/pages\/2239"}],"collection":[{"href":"https:\/\/www.ub.edu\/cinaf\/wp-json\/wp\/v2\/pages"}],"about":[{"href":"https:\/\/www.ub.edu\/cinaf\/wp-json\/wp\/v2\/types\/page"}],"author":[{"embeddable":true,"href":"https:\/\/www.ub.edu\/cinaf\/wp-json\/wp\/v2\/users\/1"}],"replies":[{"embeddable":true,"href":"https:\/\/www.ub.edu\/cinaf\/wp-json\/wp\/v2\/comments?post=2239"}],"version-history":[{"count":11,"href":"https:\/\/www.ub.edu\/cinaf\/wp-json\/wp\/v2\/pages\/2239\/revisions"}],"predecessor-version":[{"id":2939,"href":"https:\/\/www.ub.edu\/cinaf\/wp-json\/wp\/v2\/pages\/2239\/revisions\/2939"}],"up":[{"embeddable":true,"href":"https:\/\/www.ub.edu\/cinaf\/wp-json\/wp\/v2\/pages\/16"}],"wp:featuredmedia":[{"embeddable":true,"href":"https:\/\/www.ub.edu\/cinaf\/wp-json\/wp\/v2\/media\/3000"}],"wp:attachment":[{"href":"https:\/\/www.ub.edu\/cinaf\/wp-json\/wp\/v2\/media?parent=2239"}],"curies":[{"name":"wp","href":"https:\/\/api.w.org\/{rel}","templated":true}]}}