{"id":586,"date":"2017-07-03T09:36:09","date_gmt":"2017-07-03T09:36:09","guid":{"rendered":"http:\/\/www.ub.edu\/cinaf\/?page_id=586"},"modified":"2017-07-31T14:31:53","modified_gmt":"2017-07-31T14:31:53","slug":"dones-voladores","status":"publish","type":"page","link":"https:\/\/www.ub.edu\/cinaf\/audiovisuals\/dones-voladores\/","title":{"rendered":"Dones voladores"},"content":{"rendered":"<p style=\"text-align: justify;\"><strong>DONES VOLADORES<\/strong><\/p>\n<p style=\"text-align: justify;\"><strong>T\u00edtol del Projecte:<\/strong> <em>Tambi\u00e9n las mujeres pueden volar<\/em><br \/>\n<strong>Investigado\/Realitzador: <\/strong>Arianna Re<\/p>\n<p style=\"text-align: justify;\"><strong>Descripci\u00f3 del projecte:<\/strong><br \/>\nM\u00e9xico, Estado de Veracruz 2009. Documental sobre la dan\u00e7a dels voladors de Papantla. Una investigaci\u00f3 de g\u00e8nere sobre la discriminaci\u00f3 vers les dones que ballen. Projectat a Etnofilm- Fest, Rovigo (Italia), 15-18\/09\/2011, <a href=\"http:\/\/www.etnodramma.it\/etnofilmfest.htm\" target=\"_blank\" rel=\"noopener\">Etnofilm-Fest<\/a><\/p>\n<p style=\"text-align: justify;\">V\u00eddeos:<\/p>\n<p><iframe loading=\"lazy\" width=\"1200\" height=\"900\" src=\"https:\/\/www.youtube.com\/embed\/xQZy2ltKehI?feature=oembed\" frameborder=\"0\" allowfullscreen><\/iframe><\/p>\n<p>&nbsp;<\/p>\n<p><iframe loading=\"lazy\" width=\"1200\" height=\"900\" src=\"https:\/\/www.youtube.com\/embed\/nDFhZIesHn0?feature=oembed\" frameborder=\"0\" allowfullscreen><\/iframe><\/p>\n","protected":false},"excerpt":{"rendered":"<p>DONES VOLADORES T\u00edtol del Projecte: Tambi\u00e9n las mujeres pueden volar Investigado\/Realitzador: Arianna Re Descripci\u00f3 del projecte: M\u00e9xico, Estado de Veracruz 2009. Documental sobre la dan\u00e7a dels voladors de Papantla. Una investigaci\u00f3 de g\u00e8nere sobre la discriminaci\u00f3 vers les dones que ballen. Projectat a Etnofilm- Fest, Rovigo (Italia), 15-18\/09\/2011, Etnofilm-Fest V\u00eddeos: &nbsp;<\/p>\n","protected":false},"author":1,"featured_media":0,"parent":14,"menu_order":6,"comment_status":"closed","ping_status":"closed","template":"","meta":{"generate_page_header":"","footnotes":""},"class_list":["post-586","page","type-page","status-publish"],"_links":{"self":[{"href":"https:\/\/www.ub.edu\/cinaf\/wp-json\/wp\/v2\/pages\/586"}],"collection":[{"href":"https:\/\/www.ub.edu\/cinaf\/wp-json\/wp\/v2\/pages"}],"about":[{"href":"https:\/\/www.ub.edu\/cinaf\/wp-json\/wp\/v2\/types\/page"}],"author":[{"embeddable":true,"href":"https:\/\/www.ub.edu\/cinaf\/wp-json\/wp\/v2\/users\/1"}],"replies":[{"embeddable":true,"href":"https:\/\/www.ub.edu\/cinaf\/wp-json\/wp\/v2\/comments?post=586"}],"version-history":[{"count":1,"href":"https:\/\/www.ub.edu\/cinaf\/wp-json\/wp\/v2\/pages\/586\/revisions"}],"predecessor-version":[{"id":845,"href":"https:\/\/www.ub.edu\/cinaf\/wp-json\/wp\/v2\/pages\/586\/revisions\/845"}],"up":[{"embeddable":true,"href":"https:\/\/www.ub.edu\/cinaf\/wp-json\/wp\/v2\/pages\/14"}],"wp:attachment":[{"href":"https:\/\/www.ub.edu\/cinaf\/wp-json\/wp\/v2\/media?parent=586"}],"curies":[{"name":"wp","href":"https:\/\/api.w.org\/{rel}","templated":true}]}}