{"id":7,"date":"2016-04-28T13:24:44","date_gmt":"2016-04-28T13:24:44","guid":{"rendered":"http:\/\/local.wordpress.dev\/?page_id=7"},"modified":"2025-10-10T10:33:46","modified_gmt":"2025-10-10T10:33:46","slug":"qui-som","status":"publish","type":"page","link":"https:\/\/www.ub.edu\/comhodiria\/qui-som\/","title":{"rendered":"Qui som"},"content":{"rendered":"<p><iframe title=\"V\u00eddeo promocional\" width=\"1200\" height=\"900\" src=\"https:\/\/www.youtube.com\/embed\/sk9lNFeDMk4?feature=oembed\" frameborder=\"0\" allow=\"accelerometer; autoplay; clipboard-write; encrypted-media; gyroscope; picture-in-picture; web-share\" referrerpolicy=\"strict-origin-when-cross-origin\" allowfullscreen><\/iframe><\/p>\n<h2>Qui som<\/h2>\n<h1>Qui?<\/h1>\n<p><em>Com ho diria<\/em> va ser creat per tres estudiants del grau de Filologia Catalana: la Clara Soler Manyer, el Xavier Mas Craviotto i el Gerard Viladomat Monterde.<br \/>\nAquest projecte va n\u00e9ixer el 2016 gr\u00e0cies a l\u2019assignatura de Ling\u00fc\u00edstica Aplicada Catalana que es cursa a la Universitat de Barcelona, al grau de Filologia Catalana.<\/p>\n<p>Actualment, els responsables del projecte s\u00f3n la Judit Casadevall Puig, la Gala Port\u00e9 Ferr\u00e9, el Xavier Mas Craviotto i el Gerard Viladomat Monterde.<\/p>\n<p><img fetchpriority=\"high\" decoding=\"async\" class=\"alignnone wp-image-2039\" src=\"http:\/\/www.ub.edu\/comhodiria\/wp-content\/uploads\/2023\/03\/Xa-300x200.jpg\" alt=\"\" width=\"319\" height=\"212\" srcset=\"https:\/\/www.ub.edu\/comhodiria\/wp-content\/uploads\/2023\/03\/Xa-300x200.jpg 300w, https:\/\/www.ub.edu\/comhodiria\/wp-content\/uploads\/2023\/03\/Xa-768x512.jpg 768w, https:\/\/www.ub.edu\/comhodiria\/wp-content\/uploads\/2023\/03\/Xa-1024x683.jpg 1024w, https:\/\/www.ub.edu\/comhodiria\/wp-content\/uploads\/2023\/03\/Xa.jpg 1200w\" sizes=\"(max-width: 319px) 100vw, 319px\" \/> \u00a0<img decoding=\"async\" class=\"alignnone wp-image-2037\" src=\"http:\/\/www.ub.edu\/comhodiria\/wp-content\/uploads\/2023\/03\/gerard-viladomat-2-300x230.jpg\" alt=\"\" width=\"274\" height=\"210\" srcset=\"https:\/\/www.ub.edu\/comhodiria\/wp-content\/uploads\/2023\/03\/gerard-viladomat-2-300x230.jpg 300w, https:\/\/www.ub.edu\/comhodiria\/wp-content\/uploads\/2023\/03\/gerard-viladomat-2-768x590.jpg 768w, https:\/\/www.ub.edu\/comhodiria\/wp-content\/uploads\/2023\/03\/gerard-viladomat-2-1024x786.jpg 1024w\" sizes=\"(max-width: 274px) 100vw, 274px\" \/><\/p>\n<p><img decoding=\"async\" class=\"alignnone size-medium wp-image-2162\" src=\"http:\/\/www.ub.edu\/comhodiria\/wp-content\/uploads\/2024\/04\/IMG-20240401-WA00122-300x201.jpg\" alt=\"\" width=\"300\" height=\"201\" srcset=\"https:\/\/www.ub.edu\/comhodiria\/wp-content\/uploads\/2024\/04\/IMG-20240401-WA00122-300x201.jpg 300w, https:\/\/www.ub.edu\/comhodiria\/wp-content\/uploads\/2024\/04\/IMG-20240401-WA00122-768x514.jpg 768w, https:\/\/www.ub.edu\/comhodiria\/wp-content\/uploads\/2024\/04\/IMG-20240401-WA00122-1024x685.jpg 1024w, https:\/\/www.ub.edu\/comhodiria\/wp-content\/uploads\/2024\/04\/IMG-20240401-WA00122.jpg 1500w\" sizes=\"(max-width: 300px) 100vw, 300px\" \/><img loading=\"lazy\" decoding=\"async\" class=\"alignnone wp-image-2163\" src=\"http:\/\/www.ub.edu\/comhodiria\/wp-content\/uploads\/2024\/04\/IMG-20240330-WA0011-300x169.jpg\" alt=\"\" width=\"356\" height=\"201\" srcset=\"https:\/\/www.ub.edu\/comhodiria\/wp-content\/uploads\/2024\/04\/IMG-20240330-WA0011-300x169.jpg 300w, https:\/\/www.ub.edu\/comhodiria\/wp-content\/uploads\/2024\/04\/IMG-20240330-WA0011-768x432.jpg 768w, https:\/\/www.ub.edu\/comhodiria\/wp-content\/uploads\/2024\/04\/IMG-20240330-WA0011-1024x576.jpg 1024w\" sizes=\"(max-width: 356px) 100vw, 356px\" \/><\/p>\n<p>&nbsp;<\/p>\n<h1>Qu\u00e8?<\/h1>\n<p><em>Com ho diria<\/em> pret\u00e9n esdevenir un recurs \u00fatil, r\u00e0pid i senzill per a tot tipus de p\u00fablics tant de dins com de fora de l\u2019entorn juvenil. \u00c9s sabut que els joves, cada vegada de manera m\u00e9s accentuada, tenen el seu propi argot, especialment en el parlar col\u00b7loquial, que s\u2019actualitza amb gran freq\u00fc\u00e8ncia i segueix tot tipus de modes i tend\u00e8ncies. Moltes vegades, les persones alienes a aquest entorn es veuen en dificultats de comprensi\u00f3 a l\u2019hora d\u2019entendre la parla col\u00b7loquial dels joves. Tamb\u00e9 les persones joves, tan acostumades a aquest argot, sovint es veuen en la dificultat de trobar el l\u00e8xic adient en registres m\u00e9s elevats o a l\u2019hora de dirigir-se alg\u00fa amb m\u00e9s edat.<\/p>\n<h1>Per qu\u00e8?<\/h1>\n<p>L\u2019objectiu de<em> Com ho diria<\/em> \u00e9s connectar aquests dos mons i construir ponts que facilitin la intercomprensi\u00f3.<br \/>\n<em>Com ho diria<\/em> pot ser \u00fatil per als joves quan necessiten expressar-se en un registre m\u00e9s elevat i hi troben dificultats, als adults que sovint es veuen incapa\u00e7os d\u2019entendre aquest argot que es modernitza dia a dia, a guionistes o actors adults que han de reproduir la parla actual, a novel\u00b7listes que tamb\u00e9 pretenen fer parlar personatges joves per\u00f2 que no estan al dia de les noves tend\u00e8ncies o, en definitiva, a qualsevol que s\u2019enfronti a un text, oral o escrit, i que tingui dubtes sobre el significat i la formalitat de certes expressions i l\u00e8xic.<\/p>\n<h1>Com?<\/h1>\n<p><em>Com ho diria<\/em> funciona a partir d\u2019un corpus ling\u00fc\u00edstic propi en qu\u00e8 es recull gran part del vocabulari, expressions i col\u00b7loquialismes juvenils que imperen en l\u2019entorn actual dels joves. El corpus \u00e9s bidireccional: tant pot servir per posar-se al dia sobre l\u2019\u00fas juvenil de la llengua, com per ajudar a elevar el registre i trobar equivalents m\u00e9s formals, adequats o normatius. <em>Com ho diria<\/em> tamb\u00e9 inclou dades i curiositats, des d\u2019entrevistes relacionades amb aquesta q\u00fcesti\u00f3 fins a enquestes o not\u00edcies.<br \/>\nNo es posar\u00e0 mai en q\u00fcesti\u00f3 l\u2019\u00fas del registre col\u00b7loquial de la llengua, sin\u00f3 que volem proposar equival\u00e8ncies entre els diferents registres perqu\u00e8 tothom s\u2019hi pugui adaptar.<br \/>\nA m\u00e9s, disposem d\u2019un correu de consulta i de suggeriments (tant per a propostes d\u2019incloure noves paraules i expressions al corpus ling\u00fc\u00edstic, com per a dubtes no recollits al portal). Tamb\u00e9 podeu contactar amb nosaltres per proposar millores al web: <a href=\"mailto:comhodiria.suggeriments@hotmail.com\">comhodiria.suggeriments@hotmail.com<\/a><\/p>\n<h3><\/h3>\n<h3><strong>Suggereix un mot<\/strong><input name=\"_wpcf7_unit_tag\" type=\"hidden\" value=\"wpcf7-f41-o1\" \/><br \/>\n<input name=\"_wpcf7_container_post\" type=\"hidden\" value=\"0\" \/>Trobes a faltar algun mot col\u00b7loquial juvenil? Envia\u2019ns-el i ens encarreguem de trobar-ne l\u2019equival\u00e8ncia est\u00e0ndard.<\/h3>\n<h3><textarea cols=\"40\" name=\"textarea-msg\" rows=\"4\" placeholder=\"Escriu aqu\u00ed\" aria-invalid=\"false\"><\/textarea><input type=\"submit\" value=\"Enviar\" \/><\/h3>\n<p>&nbsp;<\/p>\n\n","protected":false},"excerpt":{"rendered":"<p>Qui som Qui? Com ho diria va ser creat per tres estudiants del grau de Filologia Catalana: la Clara Soler Manyer, el Xavier Mas Craviotto i el Gerard Viladomat Monterde. Aquest projecte va n\u00e9ixer el 2016 gr\u00e0cies a l\u2019assignatura de Ling\u00fc\u00edstica Aplicada Catalana que es cursa a la Universitat de Barcelona, al grau de Filologia<a class=\"excerpt-read-more\" href=\"https:\/\/www.ub.edu\/comhodiria\/qui-som\/\" title=\"ReadQui som\">&#8230; Read more &raquo;<\/a><\/p>\n","protected":false},"author":1,"featured_media":0,"parent":0,"menu_order":0,"comment_status":"closed","ping_status":"closed","template":"template-full-width.php","meta":{"_monsterinsights_skip_tracking":false,"_monsterinsights_sitenote_active":false,"_monsterinsights_sitenote_note":"","_monsterinsights_sitenote_category":0,"footnotes":""},"class_list":["post-7","page","type-page","status-publish","hentry"],"_links":{"self":[{"href":"https:\/\/www.ub.edu\/comhodiria\/wp-json\/wp\/v2\/pages\/7","targetHints":{"allow":["GET"]}}],"collection":[{"href":"https:\/\/www.ub.edu\/comhodiria\/wp-json\/wp\/v2\/pages"}],"about":[{"href":"https:\/\/www.ub.edu\/comhodiria\/wp-json\/wp\/v2\/types\/page"}],"author":[{"embeddable":true,"href":"https:\/\/www.ub.edu\/comhodiria\/wp-json\/wp\/v2\/users\/1"}],"replies":[{"embeddable":true,"href":"https:\/\/www.ub.edu\/comhodiria\/wp-json\/wp\/v2\/comments?post=7"}],"version-history":[{"count":42,"href":"https:\/\/www.ub.edu\/comhodiria\/wp-json\/wp\/v2\/pages\/7\/revisions"}],"predecessor-version":[{"id":3428,"href":"https:\/\/www.ub.edu\/comhodiria\/wp-json\/wp\/v2\/pages\/7\/revisions\/3428"}],"wp:attachment":[{"href":"https:\/\/www.ub.edu\/comhodiria\/wp-json\/wp\/v2\/media?parent=7"}],"curies":[{"name":"wp","href":"https:\/\/api.w.org\/{rel}","templated":true}]}}