{"id":234,"date":"2021-11-12T15:44:51","date_gmt":"2021-11-12T13:44:51","guid":{"rendered":"https:\/\/www.ub.edu\/congrespci\/?page_id=234"},"modified":"2022-05-02T12:32:57","modified_gmt":"2022-05-02T10:32:57","slug":"mesas-redondas","status":"publish","type":"page","link":"https:\/\/www.ub.edu\/congrespci\/mesas-redondas\/","title":{"rendered":"Mesas redondas"},"content":{"rendered":"<p>[et_pb_section fb_built=\u00bb1&#8243; _builder_version=\u00bb4.10.5&#8243; _module_preset=\u00bbdefault\u00bb global_colors_info=\u00bb{}\u00bb][et_pb_row _builder_version=\u00bb4.10.5&#8243; _module_preset=\u00bbdefault\u00bb locked=\u00bboff\u00bb global_colors_info=\u00bb{}\u00bb][et_pb_column type=\u00bb4_4&#8243; _builder_version=\u00bb4.10.5&#8243; _module_preset=\u00bbdefault\u00bb global_colors_info=\u00bb{}\u00bb][et_pb_text _builder_version=\u00bb4.10.5&#8243; _module_preset=\u00bbdefault\u00bb text_font=\u00bbRoboto|700|||||||\u00bb text_font_size=\u00bb4em\u00bb text_orientation=\u00bbright\u00bb global_colors_info=\u00bb{}\u00bb]<\/p>\n<p>Mesas redondas<\/p>\n<p>[\/et_pb_text][\/et_pb_column][\/et_pb_row][et_pb_row column_structure=\u00bb2_5,3_5&#8243; _builder_version=\u00bb4.10.5&#8243; _module_preset=\u00bbdefault\u00bb global_colors_info=\u00bb{}\u00bb][et_pb_column type=\u00bb2_5&#8243; _builder_version=\u00bb4.10.5&#8243; _module_preset=\u00bbdefault\u00bb global_colors_info=\u00bb{}\u00bb][et_pb_image src=\u00bbhttps:\/\/www.ub.edu\/congrespci\/wp-content\/uploads\/2021\/11\/turisme_m.jpg\u00bb title_text=\u00bbturisme_m\u00bb _builder_version=\u00bb4.13.1&#8243; _module_preset=\u00bbdefault\u00bb global_colors_info=\u00bb{}\u00bb][\/et_pb_image][\/et_pb_column][et_pb_column type=\u00bb3_5&#8243; _builder_version=\u00bb4.10.5&#8243; _module_preset=\u00bbdefault\u00bb global_colors_info=\u00bb{}\u00bb][et_pb_text _builder_version=\u00bb4.14.5&#8243; _module_preset=\u00bbdefault\u00bb height=\u00bb11vh\u00bb hover_enabled=\u00bb0&#8243; global_colors_info=\u00bb{}\u00bb sticky_enabled=\u00bb0&#8243;]<\/p>\n<h2>TURISMO CREATIVO Y PCI<\/h2>\n<h3>Moderadoras: Alexandra Georgescu y Pilar Leal<\/h3>\n<p>[\/et_pb_text][et_pb_text _builder_version=\u00bb4.14.5&#8243; _module_preset=\u00bbdefault\u00bb global_colors_info=\u00bb{}\u00bb]<\/p>\n<p>Participantes:\u00a0<\/p>\n<p>&#8211; <strong>Caroline Couret<\/strong>, fundadora y directora del Creative Tourism Network<\/p>\n<p>&#8211; <strong>Diana Marcela Zuluaga Guerra<\/strong>, CEO y co-fundadora de 5Bogota y creadora de contenido<\/p>\n<p>&#8211; <strong>Marta Pahissa Morata<\/strong>, Cap a Mar: Experiencias marineras en Barcelona<\/p>\n<p>&#8211; <strong>Jos\u00e9 Molina<\/strong>, Jefe de Servicio de Planificaci\u00f3n y Control de la Secretar\u00eda General T\u00e9cnica, Consejer\u00eda de Turismo, Industria y Comercio de Canarias.<\/p>\n<p>[\/et_pb_text][\/et_pb_column][\/et_pb_row][\/et_pb_section]<\/p>\n","protected":false},"excerpt":{"rendered":"<p>Mesas redondasTURISMO CREATIVO Y PCI Moderadoras: Alexandra Georgescu y Pilar LealParticipantes:\u00a0 &#8211; Caroline Couret, fundadora y directora del Creative Tourism Network &#8211; Diana Marcela Zuluaga Guerra, CEO y co-fundadora de 5Bogota y creadora de contenido &#8211; Marta Pahissa Morata, Cap a Mar: Experiencias marineras en Barcelona &#8211; Jos\u00e9 Molina, Jefe de Servicio de Planificaci\u00f3n y [&hellip;]<\/p>\n","protected":false},"author":1,"featured_media":0,"parent":0,"menu_order":16,"comment_status":"closed","ping_status":"closed","template":"","meta":{"_et_pb_use_builder":"on","_et_pb_old_content":"","_et_gb_content_width":"","footnotes":""},"class_list":["post-234","page","type-page","status-publish","hentry"],"_links":{"self":[{"href":"https:\/\/www.ub.edu\/congrespci\/wp-json\/wp\/v2\/pages\/234","targetHints":{"allow":["GET"]}}],"collection":[{"href":"https:\/\/www.ub.edu\/congrespci\/wp-json\/wp\/v2\/pages"}],"about":[{"href":"https:\/\/www.ub.edu\/congrespci\/wp-json\/wp\/v2\/types\/page"}],"author":[{"embeddable":true,"href":"https:\/\/www.ub.edu\/congrespci\/wp-json\/wp\/v2\/users\/1"}],"replies":[{"embeddable":true,"href":"https:\/\/www.ub.edu\/congrespci\/wp-json\/wp\/v2\/comments?post=234"}],"version-history":[{"count":0,"href":"https:\/\/www.ub.edu\/congrespci\/wp-json\/wp\/v2\/pages\/234\/revisions"}],"wp:attachment":[{"href":"https:\/\/www.ub.edu\/congrespci\/wp-json\/wp\/v2\/media?parent=234"}],"curies":[{"name":"wp","href":"https:\/\/api.w.org\/{rel}","templated":true}]}}