{"id":173,"date":"2022-05-27T01:19:00","date_gmt":"2022-05-26T23:19:00","guid":{"rendered":"http:\/\/mirrors.yagodinella.ar\/?page_id=173"},"modified":"2022-05-27T04:19:15","modified_gmt":"2022-05-27T02:19:15","slug":"pilar-aparicio","status":"publish","type":"page","link":"https:\/\/www.ub.edu\/copolis\/rescupan\/pilar-aparicio\/","title":{"rendered":"Pilar Aparicio"},"content":{"rendered":"<div><strong>Pilar Aparicio-Chueca.<\/strong><\/div>\n<div>Professora titular del departament d&#8217;Empresa de la Universitat de Barcelona desde 1993. \u00c9s membre del Grup de Recerca Consolidat en Empresa (SGR-1168, 2017-2021) i del\u00a0Grup d\u2019Innovaci\u00f3 Docent Consolidat en Organitzaci\u00f3 d\u2019Empreses (GIDOE), adscrits a la Universitat de Barcelona.\u00a0\u00c9s directora del M\u00e0ster Universitari en Direcci\u00f3 d\u2019Empreses de l\u2019Esport que s\u2019imparteix en la Facultat d\u2019Economia i Empresa de la Universitat de Barcelona. \u00c9s codirectora de l\u2019M\u00e0ster en Gesti\u00f3 Econ\u00f2mica d\u2019Entitats Esportives. Les seves l\u00ednies de treball i investigaci\u00f3 s\u00f3n: l\u2019economia de l\u2019esport, de l\u2019educaci\u00f3 i de la salut. Diversos dels seus articles han estat publicats en revistes acad\u00e8miques JCR. Tanmateix, ha publicat diversos llibres, cap\u00edtols de llibre i ha participat en congressos internacionals sobre les anteriors tem\u00e0tiques.<\/div>\n<div><\/div>\n","protected":false},"excerpt":{"rendered":"<p>Pilar Aparicio-Chueca. Professora titular del departament d&#8217;Empresa de la Universitat de Barcelona desde 1993. \u00c9s membre del Grup de Recerca Consolidat en Empresa (SGR-1168, 2017-2021) i del\u00a0Grup d\u2019Innovaci\u00f3 Docent Consolidat en Organitzaci\u00f3 d\u2019Empreses (GIDOE), adscrits a la Universitat de Barcelona.\u00a0\u00c9s directora del M\u00e0ster Universitari en Direcci\u00f3 d\u2019Empreses de l\u2019Esport que s\u2019imparteix en la Facultat d\u2019Economia &#8230; <a title=\"Pilar Aparicio\" class=\"read-more\" href=\"https:\/\/www.ub.edu\/copolis\/rescupan\/pilar-aparicio\/\" aria-label=\"M\u00e9s sobre Pilar Aparicio\">Llegiu m\u00e9s<\/a><\/p>\n","protected":false},"author":3,"featured_media":0,"parent":0,"menu_order":0,"comment_status":"closed","ping_status":"closed","template":"","meta":{"footnotes":""},"class_list":["post-173","page","type-page","status-publish"],"_links":{"self":[{"href":"https:\/\/www.ub.edu\/copolis\/rescupan\/wp-json\/wp\/v2\/pages\/173","targetHints":{"allow":["GET"]}}],"collection":[{"href":"https:\/\/www.ub.edu\/copolis\/rescupan\/wp-json\/wp\/v2\/pages"}],"about":[{"href":"https:\/\/www.ub.edu\/copolis\/rescupan\/wp-json\/wp\/v2\/types\/page"}],"author":[{"embeddable":true,"href":"https:\/\/www.ub.edu\/copolis\/rescupan\/wp-json\/wp\/v2\/users\/3"}],"replies":[{"embeddable":true,"href":"https:\/\/www.ub.edu\/copolis\/rescupan\/wp-json\/wp\/v2\/comments?post=173"}],"version-history":[{"count":3,"href":"https:\/\/www.ub.edu\/copolis\/rescupan\/wp-json\/wp\/v2\/pages\/173\/revisions"}],"predecessor-version":[{"id":280,"href":"https:\/\/www.ub.edu\/copolis\/rescupan\/wp-json\/wp\/v2\/pages\/173\/revisions\/280"}],"wp:attachment":[{"href":"https:\/\/www.ub.edu\/copolis\/rescupan\/wp-json\/wp\/v2\/media?parent=173"}],"curies":[{"name":"wp","href":"https:\/\/api.w.org\/{rel}","templated":true}]}}