{"id":76,"date":"2022-05-15T03:16:38","date_gmt":"2022-05-15T01:16:38","guid":{"rendered":"http:\/\/mirrors.yagodinella.ar\/?page_id=76"},"modified":"2023-01-16T21:28:34","modified_gmt":"2023-01-16T19:28:34","slug":"actividades-2","status":"publish","type":"page","link":"https:\/\/www.ub.edu\/copolis\/rescupan\/actividades-2\/","title":{"rendered":"Activitats"},"content":{"rendered":"\r\n<p>&nbsp;<\/p>\r\n<ul>\r\n<li><strong><a href=\"https:\/\/www.ub.edu\/copolis\/rescupan\/2023\/01\/12\/workshop1\/\" target=\"_blank\" rel=\"noopener\">I Workshop &#8211; Seminari: La reorganitzaci\u00f3 social de la cura en P\u00e0ndemia: Benestar, Comunitat i G\u00e8nere. Experi\u00e8ncies i debats des del Pa\u00eds Valenci\u00e0<\/a><\/strong><\/li>\r\n<\/ul>\r\n<p>&nbsp;<\/p>\r\n<p>Les investigadores i investigadors que integren el projecte RESCUPAN participen regularment en congressos, seminaris i confer\u00e8ncies en qu\u00e8 es reflexiona conjuntament sobre els temes d&#8217;inter\u00e8s de la iniciativa. En aquest espai us mostrem els f\u00f2rums on hem dif\u00f3s la nostra labor investigadora.<\/p>\r\n<p>Aix\u00ed mateix, es podr\u00e0 visualitzar tamb\u00e9 les jornades ciutadanes a la Universitat de Barcelona amb els diferents actors socials implicats on es donin a con\u00e8ixer els primers resultats de la investigaci\u00f3, aix\u00ed com tamb\u00e9 serviran despai de reflexi\u00f3 i de construcci\u00f3 dial\u00f2gica al voltant de les respostes ciutadanes per a millorar l&#8217;organitzaci\u00f3 social de les cures davant de situacions de crisi com les derivades de la pand\u00e8mia del COVID-19. Es tracta d&#8217;unes jornades obertes a la comunitat que es duran a terme aproximadament a la meitat del projecte i que, a m\u00e9s, faran tamb\u00e9 part\u00edcips els alumnes del grau i del m\u00e0ster de Sociologia de la Universitat de Barcelona, \u200b\u200bon la majoria de l&#8217;equip de recerca fa doc\u00e8ncia. Aix\u00f2 permetr\u00e0 desenvolupar un projecte d&#8217;innovaci\u00f3 docent -en el marc del grup d&#8217;innovaci\u00f3 docent de COPOLIS, el CEFOCID-, on els estudiants podran intercanviar coneixements i experi\u00e8ncies amb els diversos actors i participants.<\/p>\r\n","protected":false},"excerpt":{"rendered":"<p>&nbsp; I Workshop &#8211; Seminari: La reorganitzaci\u00f3 social de la cura en P\u00e0ndemia: Benestar, Comunitat i G\u00e8nere. Experi\u00e8ncies i debats des del Pa\u00eds Valenci\u00e0 &nbsp; Les investigadores i investigadors que integren el projecte RESCUPAN participen regularment en congressos, seminaris i confer\u00e8ncies en qu\u00e8 es reflexiona conjuntament sobre els temes d&#8217;inter\u00e8s de la iniciativa. En aquest &#8230; <a title=\"Activitats\" class=\"read-more\" href=\"https:\/\/www.ub.edu\/copolis\/rescupan\/actividades-2\/\" aria-label=\"M\u00e9s sobre Activitats\">Llegiu m\u00e9s<\/a><\/p>\n","protected":false},"author":3,"featured_media":0,"parent":0,"menu_order":0,"comment_status":"closed","ping_status":"closed","template":"","meta":{"footnotes":""},"class_list":["post-76","page","type-page","status-publish"],"_links":{"self":[{"href":"https:\/\/www.ub.edu\/copolis\/rescupan\/wp-json\/wp\/v2\/pages\/76","targetHints":{"allow":["GET"]}}],"collection":[{"href":"https:\/\/www.ub.edu\/copolis\/rescupan\/wp-json\/wp\/v2\/pages"}],"about":[{"href":"https:\/\/www.ub.edu\/copolis\/rescupan\/wp-json\/wp\/v2\/types\/page"}],"author":[{"embeddable":true,"href":"https:\/\/www.ub.edu\/copolis\/rescupan\/wp-json\/wp\/v2\/users\/3"}],"replies":[{"embeddable":true,"href":"https:\/\/www.ub.edu\/copolis\/rescupan\/wp-json\/wp\/v2\/comments?post=76"}],"version-history":[{"count":13,"href":"https:\/\/www.ub.edu\/copolis\/rescupan\/wp-json\/wp\/v2\/pages\/76\/revisions"}],"predecessor-version":[{"id":452,"href":"https:\/\/www.ub.edu\/copolis\/rescupan\/wp-json\/wp\/v2\/pages\/76\/revisions\/452"}],"wp:attachment":[{"href":"https:\/\/www.ub.edu\/copolis\/rescupan\/wp-json\/wp\/v2\/media?parent=76"}],"curies":[{"name":"wp","href":"https:\/\/api.w.org\/{rel}","templated":true}]}}