{"id":2520,"date":"2022-12-19T16:47:54","date_gmt":"2022-12-19T16:47:54","guid":{"rendered":"https:\/\/www.ub.edu\/creatio\/?page_id=2520"},"modified":"2025-05-28T08:57:50","modified_gmt":"2025-05-28T08:57:50","slug":"memoria-anual-2024","status":"publish","type":"page","link":"https:\/\/www.ub.edu\/creatio\/memoria-anual-2024\/","title":{"rendered":"Mem\u00f2ria anual 2024"},"content":{"rendered":"","protected":false},"excerpt":{"rendered":"","protected":false},"author":1,"featured_media":0,"parent":0,"menu_order":0,"comment_status":"closed","ping_status":"closed","template":"page-memoria.php","meta":{"_acf_changed":false,"footnotes":""},"acf":[],"yoast_head":"<!-- This site is optimized with the Yoast SEO plugin v22.7 - https:\/\/yoast.com\/wordpress\/plugins\/seo\/ -->\n<title>Mem\u00f2ria anual 2024 - Creatio<\/title>\n<meta name=\"description\" content=\"La nostra mem\u00f2ria anual resumeix els principals \u00e8xits en recerca, precl\u00ednica, cl\u00ednica, innovaci\u00f3 i formaci\u00f3 en les Ter\u00e0pies Avan\u00e7ades (ATMPs)\" \/>\n<meta name=\"robots\" content=\"index, follow, max-snippet:-1, max-image-preview:large, max-video-preview:-1\" \/>\n<link rel=\"canonical\" href=\"https:\/\/www.ub.edu\/creatio\/memoria-anual-2024\/\" \/>\n<meta property=\"og:locale\" content=\"es_ES\" \/>\n<meta property=\"og:type\" content=\"article\" \/>\n<meta property=\"og:title\" content=\"Mem\u00f2ria anual 2024 - Creatio\" \/>\n<meta property=\"og:description\" content=\"La nostra mem\u00f2ria anual resumeix els principals \u00e8xits en recerca, precl\u00ednica, cl\u00ednica, innovaci\u00f3 i formaci\u00f3 en les Ter\u00e0pies Avan\u00e7ades (ATMPs)\" \/>\n<meta property=\"og:url\" content=\"https:\/\/www.ub.edu\/creatio\/memoria-anual-2024\/\" \/>\n<meta property=\"og:site_name\" content=\"Creatio\" \/>\n<meta property=\"article:modified_time\" content=\"2025-05-28T08:57:50+00:00\" \/>\n<meta name=\"twitter:card\" content=\"summary_large_image\" \/>\n<meta name=\"twitter:site\" content=\"@Creatio_UB\" \/>\n<script type=\"application\/ld+json\" class=\"yoast-schema-graph\">{\"@context\":\"https:\/\/schema.org\",\"@graph\":[{\"@type\":\"WebPage\",\"@id\":\"https:\/\/www.ub.edu\/creatio\/memoria-anual-2024\/\",\"url\":\"https:\/\/www.ub.edu\/creatio\/memoria-anual-2024\/\",\"name\":\"Mem\u00f2ria anual 2024 - Creatio\",\"isPartOf\":{\"@id\":\"https:\/\/www.ub.edu\/creatio\/#website\"},\"datePublished\":\"2022-12-19T16:47:54+00:00\",\"dateModified\":\"2025-05-28T08:57:50+00:00\",\"description\":\"La nostra mem\u00f2ria anual resumeix els principals \u00e8xits en recerca, precl\u00ednica, cl\u00ednica, innovaci\u00f3 i formaci\u00f3 en les Ter\u00e0pies Avan\u00e7ades (ATMPs)\",\"breadcrumb\":{\"@id\":\"https:\/\/www.ub.edu\/creatio\/memoria-anual-2024\/#breadcrumb\"},\"inLanguage\":\"es\",\"potentialAction\":[{\"@type\":\"ReadAction\",\"target\":[\"https:\/\/www.ub.edu\/creatio\/memoria-anual-2024\/\"]}]},{\"@type\":\"BreadcrumbList\",\"@id\":\"https:\/\/www.ub.edu\/creatio\/memoria-anual-2024\/#breadcrumb\",\"itemListElement\":[{\"@type\":\"ListItem\",\"position\":1,\"name\":\"Portada\",\"item\":\"https:\/\/www.ub.edu\/creatio\/\"},{\"@type\":\"ListItem\",\"position\":2,\"name\":\"Mem\u00f2ria anual 2024\"}]},{\"@type\":\"WebSite\",\"@id\":\"https:\/\/www.ub.edu\/creatio\/#website\",\"url\":\"https:\/\/www.ub.edu\/creatio\/\",\"name\":\"Creatio\",\"description\":\"Production and validation center of advanced therapies\",\"publisher\":{\"@id\":\"https:\/\/www.ub.edu\/creatio\/#organization\"},\"potentialAction\":[{\"@type\":\"SearchAction\",\"target\":{\"@type\":\"EntryPoint\",\"urlTemplate\":\"https:\/\/www.ub.edu\/creatio\/?s={search_term_string}\"},\"query-input\":\"required name=search_term_string\"}],\"inLanguage\":\"es\"},{\"@type\":\"Organization\",\"@id\":\"https:\/\/www.ub.edu\/creatio\/#organization\",\"name\":\"Creatio\",\"url\":\"https:\/\/www.ub.edu\/creatio\/\",\"logo\":{\"@type\":\"ImageObject\",\"inLanguage\":\"es\",\"@id\":\"https:\/\/www.ub.edu\/creatio\/#\/schema\/logo\/image\/\",\"url\":\"https:\/\/www.ub.edu\/creatio\/wp-content\/uploads\/2021\/12\/creatio-logo.png\",\"contentUrl\":\"https:\/\/www.ub.edu\/creatio\/wp-content\/uploads\/2021\/12\/creatio-logo.png\",\"width\":698,\"height\":110,\"caption\":\"Creatio\"},\"image\":{\"@id\":\"https:\/\/www.ub.edu\/creatio\/#\/schema\/logo\/image\/\"},\"sameAs\":[\"https:\/\/x.com\/Creatio_UB\",\"https:\/\/www.linkedin.com\/company\/creatio-ub\",\"https:\/\/www.instagram.com\/creatio.ub\/\"]}]}<\/script>\n<!-- \/ Yoast SEO plugin. -->","yoast_head_json":{"title":"Mem\u00f2ria anual 2024 - Creatio","description":"La nostra mem\u00f2ria anual resumeix els principals \u00e8xits en recerca, precl\u00ednica, cl\u00ednica, innovaci\u00f3 i formaci\u00f3 en les Ter\u00e0pies Avan\u00e7ades (ATMPs)","robots":{"index":"index","follow":"follow","max-snippet":"max-snippet:-1","max-image-preview":"max-image-preview:large","max-video-preview":"max-video-preview:-1"},"canonical":"https:\/\/www.ub.edu\/creatio\/memoria-anual-2024\/","og_locale":"es_ES","og_type":"article","og_title":"Mem\u00f2ria anual 2024 - Creatio","og_description":"La nostra mem\u00f2ria anual resumeix els principals \u00e8xits en recerca, precl\u00ednica, cl\u00ednica, innovaci\u00f3 i formaci\u00f3 en les Ter\u00e0pies Avan\u00e7ades (ATMPs)","og_url":"https:\/\/www.ub.edu\/creatio\/memoria-anual-2024\/","og_site_name":"Creatio","article_modified_time":"2025-05-28T08:57:50+00:00","twitter_card":"summary_large_image","twitter_site":"@Creatio_UB","schema":{"@context":"https:\/\/schema.org","@graph":[{"@type":"WebPage","@id":"https:\/\/www.ub.edu\/creatio\/memoria-anual-2024\/","url":"https:\/\/www.ub.edu\/creatio\/memoria-anual-2024\/","name":"Mem\u00f2ria anual 2024 - Creatio","isPartOf":{"@id":"https:\/\/www.ub.edu\/creatio\/#website"},"datePublished":"2022-12-19T16:47:54+00:00","dateModified":"2025-05-28T08:57:50+00:00","description":"La nostra mem\u00f2ria anual resumeix els principals \u00e8xits en recerca, precl\u00ednica, cl\u00ednica, innovaci\u00f3 i formaci\u00f3 en les Ter\u00e0pies Avan\u00e7ades (ATMPs)","breadcrumb":{"@id":"https:\/\/www.ub.edu\/creatio\/memoria-anual-2024\/#breadcrumb"},"inLanguage":"es","potentialAction":[{"@type":"ReadAction","target":["https:\/\/www.ub.edu\/creatio\/memoria-anual-2024\/"]}]},{"@type":"BreadcrumbList","@id":"https:\/\/www.ub.edu\/creatio\/memoria-anual-2024\/#breadcrumb","itemListElement":[{"@type":"ListItem","position":1,"name":"Portada","item":"https:\/\/www.ub.edu\/creatio\/"},{"@type":"ListItem","position":2,"name":"Mem\u00f2ria anual 2024"}]},{"@type":"WebSite","@id":"https:\/\/www.ub.edu\/creatio\/#website","url":"https:\/\/www.ub.edu\/creatio\/","name":"Creatio","description":"Production and validation center of advanced therapies","publisher":{"@id":"https:\/\/www.ub.edu\/creatio\/#organization"},"potentialAction":[{"@type":"SearchAction","target":{"@type":"EntryPoint","urlTemplate":"https:\/\/www.ub.edu\/creatio\/?s={search_term_string}"},"query-input":"required name=search_term_string"}],"inLanguage":"es"},{"@type":"Organization","@id":"https:\/\/www.ub.edu\/creatio\/#organization","name":"Creatio","url":"https:\/\/www.ub.edu\/creatio\/","logo":{"@type":"ImageObject","inLanguage":"es","@id":"https:\/\/www.ub.edu\/creatio\/#\/schema\/logo\/image\/","url":"https:\/\/www.ub.edu\/creatio\/wp-content\/uploads\/2021\/12\/creatio-logo.png","contentUrl":"https:\/\/www.ub.edu\/creatio\/wp-content\/uploads\/2021\/12\/creatio-logo.png","width":698,"height":110,"caption":"Creatio"},"image":{"@id":"https:\/\/www.ub.edu\/creatio\/#\/schema\/logo\/image\/"},"sameAs":["https:\/\/x.com\/Creatio_UB","https:\/\/www.linkedin.com\/company\/creatio-ub","https:\/\/www.instagram.com\/creatio.ub\/"]}]}},"lang":"ca","translations":{"ca":2520,"en":4299,"es":4303},"pll_sync_post":[],"_links":{"self":[{"href":"https:\/\/www.ub.edu\/creatio\/wp-json\/wp\/v2\/pages\/2520"}],"collection":[{"href":"https:\/\/www.ub.edu\/creatio\/wp-json\/wp\/v2\/pages"}],"about":[{"href":"https:\/\/www.ub.edu\/creatio\/wp-json\/wp\/v2\/types\/page"}],"author":[{"embeddable":true,"href":"https:\/\/www.ub.edu\/creatio\/wp-json\/wp\/v2\/users\/1"}],"replies":[{"embeddable":true,"href":"https:\/\/www.ub.edu\/creatio\/wp-json\/wp\/v2\/comments?post=2520"}],"version-history":[{"count":93,"href":"https:\/\/www.ub.edu\/creatio\/wp-json\/wp\/v2\/pages\/2520\/revisions"}],"predecessor-version":[{"id":4305,"href":"https:\/\/www.ub.edu\/creatio\/wp-json\/wp\/v2\/pages\/2520\/revisions\/4305"}],"wp:attachment":[{"href":"https:\/\/www.ub.edu\/creatio\/wp-json\/wp\/v2\/media?parent=2520"}],"curies":[{"name":"wp","href":"https:\/\/api.w.org\/{rel}","templated":true}]}}