{"id":722,"date":"2022-08-01T22:12:05","date_gmt":"2022-08-01T22:12:05","guid":{"rendered":"https:\/\/www.ub.edu\/creatio\/wp\/?page_id=722"},"modified":"2025-04-14T09:20:15","modified_gmt":"2025-04-14T09:20:15","slug":"ofertas-de-trabajo","status":"publish","type":"page","link":"https:\/\/www.ub.edu\/creatio\/es\/ofertas-de-trabajo\/","title":{"rendered":"Ofertas de trabajo"},"content":{"rendered":"\n<p>El equipo de Creatio est\u00e1 formado por <strong>profesionales altamente<\/strong> cualificados que comparten un objetivo: facilitar que los avances en la investigaci\u00f3n de terapias avanzadas tengan un beneficio en la sociedad.<\/p>\n\n\n\n<p>Creatio es un centro adscrito a la Universidad de Barcelona, \u200b\u200bpor lo que sigue el c\u00f3digo de \u201c<strong><a href=\"https:\/\/euraxess.ec.europa.eu\/jobs\/hrs4r\" target=\"_blank\" rel=\"noreferrer noopener\">HR Excellence in Research<\/a><\/strong>\u201d de la Comisi\u00f3n Europea en vigencia desde 2015. Esta certificaci\u00f3n fue dise\u00f1ada para alinear las pr\u00e1cticas y procedimientos con los principios de la Carta Europea del Investigador y el C\u00f3digo de Conducta para la contrataci\u00f3n de investigadores.<\/p>\n\n\n\n<p>Desde Creatio apostamos por la <strong>formaci\u00f3n continua tanto en \u00e1reas especializadas como en habilidades transferibles<\/strong>. Nuestro plan de formaci\u00f3n es transversal entre las distintas categor\u00edas laborales y consta de una revisi\u00f3n anual para personalizar el crecimiento de nuestros profesionales. Sabemos que somos un equipo y \u00fanicamente con la ayuda de todos podemos conseguir nuestro objetivo.<\/p>\n\n\n\n<p><\/p>\n\n\n\n<p><\/p>\n","protected":false},"excerpt":{"rendered":"<p>El equipo de Creatio est\u00e1 formado por profesionales altamente cualificados que comparten un objetivo: facilitar que los avances en la investigaci\u00f3n de terapias avanzadas tengan un beneficio en la sociedad. Creatio es un centro adscrito a la Universidad de Barcelona, \u200b\u200bpor lo que sigue el c\u00f3digo de \u201cHR Excellence in Research\u201d de la Comisi\u00f3n Europea [&hellip;]<\/p>\n","protected":false},"author":1,"featured_media":2289,"parent":0,"menu_order":0,"comment_status":"closed","ping_status":"closed","template":"page-ofertes.php","meta":{"_acf_changed":false,"footnotes":""},"acf":[],"yoast_head":"<!-- This site is optimized with the Yoast SEO plugin v22.7 - https:\/\/yoast.com\/wordpress\/plugins\/seo\/ -->\n<title>Ofertas de trabajo - Creatio<\/title>\n<meta name=\"description\" content=\"En Creatio te unir\u00e1s a un equipo de profesionales cualidades e interdisciplinar. \u00a1Consulta las ofertas de trabajo en Terapias Avanzadas (ATMPs)!\" \/>\n<meta name=\"robots\" content=\"index, follow, max-snippet:-1, max-image-preview:large, max-video-preview:-1\" \/>\n<link rel=\"canonical\" href=\"https:\/\/www.ub.edu\/creatio\/es\/ofertas-de-trabajo\/\" \/>\n<meta property=\"og:locale\" content=\"es_ES\" \/>\n<meta property=\"og:type\" content=\"article\" \/>\n<meta property=\"og:title\" content=\"Ofertas de trabajo - Creatio\" \/>\n<meta property=\"og:description\" content=\"En Creatio te unir\u00e1s a un equipo de profesionales cualidades e interdisciplinar. \u00a1Consulta las ofertas de trabajo en Terapias Avanzadas (ATMPs)!\" \/>\n<meta property=\"og:url\" content=\"https:\/\/www.ub.edu\/creatio\/es\/ofertas-de-trabajo\/\" \/>\n<meta property=\"og:site_name\" content=\"Creatio\" \/>\n<meta property=\"article:modified_time\" content=\"2025-04-14T09:20:15+00:00\" \/>\n<meta property=\"og:image\" content=\"https:\/\/www.ub.edu\/creatio\/wp-content\/uploads\/2022\/10\/19_Talent.jpg\" \/>\n\t<meta property=\"og:image:width\" content=\"1024\" \/>\n\t<meta property=\"og:image:height\" content=\"683\" \/>\n\t<meta property=\"og:image:type\" content=\"image\/jpeg\" \/>\n<meta name=\"twitter:card\" content=\"summary_large_image\" \/>\n<meta name=\"twitter:site\" content=\"@Creatio_UB\" \/>\n<meta name=\"twitter:label1\" content=\"Tiempo de lectura\" \/>\n\t<meta name=\"twitter:data1\" content=\"1 minuto\" \/>\n<script type=\"application\/ld+json\" class=\"yoast-schema-graph\">{\"@context\":\"https:\/\/schema.org\",\"@graph\":[{\"@type\":\"WebPage\",\"@id\":\"https:\/\/www.ub.edu\/creatio\/es\/ofertas-de-trabajo\/\",\"url\":\"https:\/\/www.ub.edu\/creatio\/es\/ofertas-de-trabajo\/\",\"name\":\"Ofertas de trabajo - Creatio\",\"isPartOf\":{\"@id\":\"https:\/\/www.ub.edu\/creatio\/#website\"},\"primaryImageOfPage\":{\"@id\":\"https:\/\/www.ub.edu\/creatio\/es\/ofertas-de-trabajo\/#primaryimage\"},\"image\":{\"@id\":\"https:\/\/www.ub.edu\/creatio\/es\/ofertas-de-trabajo\/#primaryimage\"},\"thumbnailUrl\":\"https:\/\/www.ub.edu\/creatio\/wp-content\/uploads\/2022\/10\/19_Talent.jpg\",\"datePublished\":\"2022-08-01T22:12:05+00:00\",\"dateModified\":\"2025-04-14T09:20:15+00:00\",\"description\":\"En Creatio te unir\u00e1s a un equipo de profesionales cualidades e interdisciplinar. \u00a1Consulta las ofertas de trabajo en Terapias Avanzadas (ATMPs)!\",\"breadcrumb\":{\"@id\":\"https:\/\/www.ub.edu\/creatio\/es\/ofertas-de-trabajo\/#breadcrumb\"},\"inLanguage\":\"es\",\"potentialAction\":[{\"@type\":\"ReadAction\",\"target\":[\"https:\/\/www.ub.edu\/creatio\/es\/ofertas-de-trabajo\/\"]}]},{\"@type\":\"ImageObject\",\"inLanguage\":\"es\",\"@id\":\"https:\/\/www.ub.edu\/creatio\/es\/ofertas-de-trabajo\/#primaryimage\",\"url\":\"https:\/\/www.ub.edu\/creatio\/wp-content\/uploads\/2022\/10\/19_Talent.jpg\",\"contentUrl\":\"https:\/\/www.ub.edu\/creatio\/wp-content\/uploads\/2022\/10\/19_Talent.jpg\",\"width\":1024,\"height\":683,\"caption\":\"Ofertes de feina talent\"},{\"@type\":\"BreadcrumbList\",\"@id\":\"https:\/\/www.ub.edu\/creatio\/es\/ofertas-de-trabajo\/#breadcrumb\",\"itemListElement\":[{\"@type\":\"ListItem\",\"position\":1,\"name\":\"Portada\",\"item\":\"https:\/\/www.ub.edu\/creatio\/\"},{\"@type\":\"ListItem\",\"position\":2,\"name\":\"Ofertas de trabajo\"}]},{\"@type\":\"WebSite\",\"@id\":\"https:\/\/www.ub.edu\/creatio\/#website\",\"url\":\"https:\/\/www.ub.edu\/creatio\/\",\"name\":\"Creatio\",\"description\":\"Production and validation center of advanced therapies\",\"publisher\":{\"@id\":\"https:\/\/www.ub.edu\/creatio\/#organization\"},\"potentialAction\":[{\"@type\":\"SearchAction\",\"target\":{\"@type\":\"EntryPoint\",\"urlTemplate\":\"https:\/\/www.ub.edu\/creatio\/?s={search_term_string}\"},\"query-input\":\"required name=search_term_string\"}],\"inLanguage\":\"es\"},{\"@type\":\"Organization\",\"@id\":\"https:\/\/www.ub.edu\/creatio\/#organization\",\"name\":\"Creatio\",\"url\":\"https:\/\/www.ub.edu\/creatio\/\",\"logo\":{\"@type\":\"ImageObject\",\"inLanguage\":\"es\",\"@id\":\"https:\/\/www.ub.edu\/creatio\/#\/schema\/logo\/image\/\",\"url\":\"https:\/\/www.ub.edu\/creatio\/wp-content\/uploads\/2021\/12\/creatio-logo.png\",\"contentUrl\":\"https:\/\/www.ub.edu\/creatio\/wp-content\/uploads\/2021\/12\/creatio-logo.png\",\"width\":698,\"height\":110,\"caption\":\"Creatio\"},\"image\":{\"@id\":\"https:\/\/www.ub.edu\/creatio\/#\/schema\/logo\/image\/\"},\"sameAs\":[\"https:\/\/x.com\/Creatio_UB\",\"https:\/\/www.linkedin.com\/company\/creatio-ub\",\"https:\/\/www.instagram.com\/creatio.ub\/\"]}]}<\/script>\n<!-- \/ Yoast SEO plugin. -->","yoast_head_json":{"title":"Ofertas de trabajo - Creatio","description":"En Creatio te unir\u00e1s a un equipo de profesionales cualidades e interdisciplinar. \u00a1Consulta las ofertas de trabajo en Terapias Avanzadas (ATMPs)!","robots":{"index":"index","follow":"follow","max-snippet":"max-snippet:-1","max-image-preview":"max-image-preview:large","max-video-preview":"max-video-preview:-1"},"canonical":"https:\/\/www.ub.edu\/creatio\/es\/ofertas-de-trabajo\/","og_locale":"es_ES","og_type":"article","og_title":"Ofertas de trabajo - Creatio","og_description":"En Creatio te unir\u00e1s a un equipo de profesionales cualidades e interdisciplinar. \u00a1Consulta las ofertas de trabajo en Terapias Avanzadas (ATMPs)!","og_url":"https:\/\/www.ub.edu\/creatio\/es\/ofertas-de-trabajo\/","og_site_name":"Creatio","article_modified_time":"2025-04-14T09:20:15+00:00","og_image":[{"width":1024,"height":683,"url":"https:\/\/www.ub.edu\/creatio\/wp-content\/uploads\/2022\/10\/19_Talent.jpg","type":"image\/jpeg"}],"twitter_card":"summary_large_image","twitter_site":"@Creatio_UB","twitter_misc":{"Tiempo de lectura":"1 minuto"},"schema":{"@context":"https:\/\/schema.org","@graph":[{"@type":"WebPage","@id":"https:\/\/www.ub.edu\/creatio\/es\/ofertas-de-trabajo\/","url":"https:\/\/www.ub.edu\/creatio\/es\/ofertas-de-trabajo\/","name":"Ofertas de trabajo - Creatio","isPartOf":{"@id":"https:\/\/www.ub.edu\/creatio\/#website"},"primaryImageOfPage":{"@id":"https:\/\/www.ub.edu\/creatio\/es\/ofertas-de-trabajo\/#primaryimage"},"image":{"@id":"https:\/\/www.ub.edu\/creatio\/es\/ofertas-de-trabajo\/#primaryimage"},"thumbnailUrl":"https:\/\/www.ub.edu\/creatio\/wp-content\/uploads\/2022\/10\/19_Talent.jpg","datePublished":"2022-08-01T22:12:05+00:00","dateModified":"2025-04-14T09:20:15+00:00","description":"En Creatio te unir\u00e1s a un equipo de profesionales cualidades e interdisciplinar. \u00a1Consulta las ofertas de trabajo en Terapias Avanzadas (ATMPs)!","breadcrumb":{"@id":"https:\/\/www.ub.edu\/creatio\/es\/ofertas-de-trabajo\/#breadcrumb"},"inLanguage":"es","potentialAction":[{"@type":"ReadAction","target":["https:\/\/www.ub.edu\/creatio\/es\/ofertas-de-trabajo\/"]}]},{"@type":"ImageObject","inLanguage":"es","@id":"https:\/\/www.ub.edu\/creatio\/es\/ofertas-de-trabajo\/#primaryimage","url":"https:\/\/www.ub.edu\/creatio\/wp-content\/uploads\/2022\/10\/19_Talent.jpg","contentUrl":"https:\/\/www.ub.edu\/creatio\/wp-content\/uploads\/2022\/10\/19_Talent.jpg","width":1024,"height":683,"caption":"Ofertes de feina talent"},{"@type":"BreadcrumbList","@id":"https:\/\/www.ub.edu\/creatio\/es\/ofertas-de-trabajo\/#breadcrumb","itemListElement":[{"@type":"ListItem","position":1,"name":"Portada","item":"https:\/\/www.ub.edu\/creatio\/"},{"@type":"ListItem","position":2,"name":"Ofertas de trabajo"}]},{"@type":"WebSite","@id":"https:\/\/www.ub.edu\/creatio\/#website","url":"https:\/\/www.ub.edu\/creatio\/","name":"Creatio","description":"Production and validation center of advanced therapies","publisher":{"@id":"https:\/\/www.ub.edu\/creatio\/#organization"},"potentialAction":[{"@type":"SearchAction","target":{"@type":"EntryPoint","urlTemplate":"https:\/\/www.ub.edu\/creatio\/?s={search_term_string}"},"query-input":"required name=search_term_string"}],"inLanguage":"es"},{"@type":"Organization","@id":"https:\/\/www.ub.edu\/creatio\/#organization","name":"Creatio","url":"https:\/\/www.ub.edu\/creatio\/","logo":{"@type":"ImageObject","inLanguage":"es","@id":"https:\/\/www.ub.edu\/creatio\/#\/schema\/logo\/image\/","url":"https:\/\/www.ub.edu\/creatio\/wp-content\/uploads\/2021\/12\/creatio-logo.png","contentUrl":"https:\/\/www.ub.edu\/creatio\/wp-content\/uploads\/2021\/12\/creatio-logo.png","width":698,"height":110,"caption":"Creatio"},"image":{"@id":"https:\/\/www.ub.edu\/creatio\/#\/schema\/logo\/image\/"},"sameAs":["https:\/\/x.com\/Creatio_UB","https:\/\/www.linkedin.com\/company\/creatio-ub","https:\/\/www.instagram.com\/creatio.ub\/"]}]}},"lang":"es","translations":{"es":722,"en":723,"ca":219},"pll_sync_post":[],"_links":{"self":[{"href":"https:\/\/www.ub.edu\/creatio\/wp-json\/wp\/v2\/pages\/722"}],"collection":[{"href":"https:\/\/www.ub.edu\/creatio\/wp-json\/wp\/v2\/pages"}],"about":[{"href":"https:\/\/www.ub.edu\/creatio\/wp-json\/wp\/v2\/types\/page"}],"author":[{"embeddable":true,"href":"https:\/\/www.ub.edu\/creatio\/wp-json\/wp\/v2\/users\/1"}],"replies":[{"embeddable":true,"href":"https:\/\/www.ub.edu\/creatio\/wp-json\/wp\/v2\/comments?post=722"}],"version-history":[{"count":18,"href":"https:\/\/www.ub.edu\/creatio\/wp-json\/wp\/v2\/pages\/722\/revisions"}],"predecessor-version":[{"id":4250,"href":"https:\/\/www.ub.edu\/creatio\/wp-json\/wp\/v2\/pages\/722\/revisions\/4250"}],"wp:featuredmedia":[{"embeddable":true,"href":"https:\/\/www.ub.edu\/creatio\/wp-json\/wp\/v2\/media\/2289"}],"wp:attachment":[{"href":"https:\/\/www.ub.edu\/creatio\/wp-json\/wp\/v2\/media?parent=722"}],"curies":[{"name":"wp","href":"https:\/\/api.w.org\/{rel}","templated":true}]}}