{"id":367,"date":"2023-07-14T16:00:43","date_gmt":"2023-07-14T14:00:43","guid":{"rendered":"http:\/\/hweb-x-0-fe-04.fe.cpd.local\/crits\/?page_id=367"},"modified":"2025-12-22T08:56:57","modified_gmt":"2025-12-22T06:56:57","slug":"crisi-sanitaria-i-crisi-alimentaria","status":"publish","type":"page","link":"https:\/\/www.ub.edu\/crits\/linies-de-recerca\/crisi-sanitaria-i-crisi-alimentaria\/","title":{"rendered":"Crisi sanit\u00e0ria i crisi aliment\u00e0ria"},"content":{"rendered":"<p>[et_pb_section fb_built=&#8221;1&#8243; _builder_version=&#8221;4.21.0&#8243; _module_preset=&#8221;default&#8221; global_colors_info=&#8221;{}&#8221;][et_pb_row _builder_version=&#8221;4.21.0&#8243; _module_preset=&#8221;default&#8221; locked=&#8221;off&#8221; global_colors_info=&#8221;{}&#8221;][et_pb_column type=&#8221;4_4&#8243; _builder_version=&#8221;4.21.0&#8243; _module_preset=&#8221;default&#8221; global_colors_info=&#8221;{}&#8221;][et_pb_post_title meta=&#8221;off&#8221; featured_image=&#8221;off&#8221; _builder_version=&#8221;4.27.0&#8243; _module_preset=&#8221;default&#8221; title_font=&#8221;Noto Serif|700|||||||&#8221; title_text_align=&#8221;right&#8221; title_text_color=&#8221;#000000&#8243; title_font_size=&#8221;4em&#8221; animation_style=&#8221;fade&#8221; animation_delay=&#8221;300ms&#8221; title_font_size_tablet=&#8221;3em&#8221; title_font_size_phone=&#8221;3em&#8221; title_font_size_last_edited=&#8221;on|desktop&#8221; border_width_bottom=&#8221;1px&#8221; border_color_bottom=&#8221;#FA6B5A&#8221; locked=&#8221;off&#8221; global_colors_info=&#8221;{}&#8221;][\/et_pb_post_title][\/et_pb_column][\/et_pb_row][et_pb_row column_structure=&#8221;2_5,3_5&#8243; _builder_version=&#8221;4.21.0&#8243; _module_preset=&#8221;default&#8221; global_colors_info=&#8221;{}&#8221;][et_pb_column type=&#8221;2_5&#8243; _builder_version=&#8221;4.21.0&#8243; _module_preset=&#8221;default&#8221; global_colors_info=&#8221;{}&#8221;][et_pb_image src=&#8221;http:\/\/hweb-x-0-fe-04.fe.cpd.local\/crits\/wp-content\/uploads\/2023\/07\/2_aliment3.jpg&#8221; title_text=&#8221;2_aliment3&#8243; _builder_version=&#8221;4.21.0&#8243; _module_preset=&#8221;default&#8221; global_colors_info=&#8221;{}&#8221;][\/et_pb_image][\/et_pb_column][et_pb_column type=&#8221;3_5&#8243; _builder_version=&#8221;4.21.0&#8243; _module_preset=&#8221;default&#8221; global_colors_info=&#8221;{}&#8221;][et_pb_text _builder_version=&#8221;4.27.4&#8243; _module_preset=&#8221;default&#8221; global_colors_info=&#8221;{}&#8221;]<\/p>\n<p>Aquesta l\u00ednia de recerca examina les repercussions socials d\u2019emerg\u00e8ncies sanit\u00e0ries i la crisi aliment\u00e0ria en les comunitats.<\/p>\n<p>S\u2019analitza com aquestes crisis afecten les pr\u00e0ctiques quotidianes amb relaci\u00f3 a la salut, l\u2019alimentaci\u00f3 i la seguretat aliment\u00e0ria, explorant les respostes i adaptacions de les comunitats en diferents contextos. L\u2019enfocament busca comprendre les complexes interaccions entre la salut i l\u2019alimentaci\u00f3 en el context de situacions de crisi, proporcionant una visi\u00f3 de les din\u00e0miques culturals i socials involucrades.<\/p>\n<p>Els seg\u00fcents membres de CRITS realitzen recerques que s\u2019emmarquen en aquesta l\u00ednia d\u2019investigaci\u00f3:<\/p>\n<ul>\n<li><strong>Jordi Gasc\u00f3n<\/strong>: pol\u00edtiques agr\u00e0ries<\/li>\n<li><strong>Cristina Larrea<\/strong>: riscos ambientals i incerteses aliment\u00e0ries<\/li>\n<li><strong>S\u00edlvia Bofill<\/strong>: atenci\u00f3 a la depend\u00e8ncia<\/li>\n<li><strong>Irene Sabat\u00e9<\/strong>: formes alternatives d\u2019aprovisionament alimentari<\/li>\n<li><strong>Camila del M\u00e1rmol: <\/strong>transformacions agr\u00e0ries, canvi rural<\/li>\n<li><strong>Ferran Estrada<\/strong>: agroecologia i nova pagesia<\/li>\n<li><strong>Violeta Argudo:<\/strong> acc\u00e9s a l&#8217;atenci\u00f3 sanit\u00e0ria, distribuci\u00f3 de productes, pol\u00edtiques anticipat\u00f2ries<\/li>\n<\/ul>\n<p>[\/et_pb_text][\/et_pb_column][\/et_pb_row][et_pb_row _builder_version=&#8221;4.21.0&#8243; _module_preset=&#8221;default&#8221; global_colors_info=&#8221;{}&#8221;][et_pb_column type=&#8221;4_4&#8243; _builder_version=&#8221;4.21.0&#8243; _module_preset=&#8221;default&#8221; global_colors_info=&#8221;{}&#8221;][et_pb_text _builder_version=&#8221;4.27.4&#8243; _module_preset=&#8221;default&#8221; hover_enabled=&#8221;0&#8243; global_colors_info=&#8221;{}&#8221; sticky_enabled=&#8221;0&#8243;]<\/p>\n<p><strong>Projectes emmarcats en aquesta l\u00ednia de recerca:<\/strong><\/p>\n<p>Ecologia pol\u00edtica de la salut: la colonitzaci\u00f3 qu\u00edmica dels plaguicides com a productora de cossos i territoris t\u00f2xics. IP: <strong>Cristina Larrea Killinger<\/strong>.<\/p>\n<p>Menjar importa: Riscos ambientals i incerteses aliment\u00e0ries en persones grans. IP: <strong>Cristina Larrea Killinger<\/strong>.<\/p>\n<p>Confian\u00e7a i responsabilitat en el consum alimentari de les dones embarassades i lactants a Espanya: narratives i etnografies sobre els riscos de la contaminaci\u00f3 interna per CTP. IP: <strong>Cristina Larrea Killinger<\/strong>.<\/p>\n<p>Cossos t\u00f2xics: etnoepidemiologia sociocultural de la contaminaci\u00f3 interna per Compostos T\u00f2xics Persistents (CTP) a Espanya. IP: <strong>Cristina Larrea Killinger<\/strong>.<\/p>\n<p>Alimentaci\u00f3 i tercera edat. Escollir aliments, menjar \u00e0pats. Sostenint la independ\u00e8ncia i la qualitat de vida entre les persones grans. IP general: Margaret Lumbers i Monique Raats (University of Surrey, UK); IP UB: Jes\u00fas Contreras; <strong>S\u00edlvia Bofill-Poch<\/strong>.<\/p>\n<p>[\/et_pb_text][\/et_pb_column][\/et_pb_row][\/et_pb_section]<\/p>\n","protected":false},"excerpt":{"rendered":"<p>Aquesta l\u00ednia de recerca examina les repercussions socials d\u2019emerg\u00e8ncies sanit\u00e0ries i la crisi aliment\u00e0ria en les comunitats. S\u2019analitza com aquestes crisis afecten les pr\u00e0ctiques quotidianes amb relaci\u00f3 a la salut, l\u2019alimentaci\u00f3 i la seguretat aliment\u00e0ria, explorant les respostes i adaptacions de les comunitats en diferents contextos. L\u2019enfocament busca comprendre les complexes interaccions entre la salut [&hellip;]<\/p>\n","protected":false},"author":1,"featured_media":0,"parent":346,"menu_order":0,"comment_status":"closed","ping_status":"closed","template":"","meta":{"_et_pb_use_builder":"on","_et_pb_old_content":"","_et_gb_content_width":"","footnotes":""},"class_list":["post-367","page","type-page","status-publish","hentry"],"_links":{"self":[{"href":"https:\/\/www.ub.edu\/crits\/wp-json\/wp\/v2\/pages\/367","targetHints":{"allow":["GET"]}}],"collection":[{"href":"https:\/\/www.ub.edu\/crits\/wp-json\/wp\/v2\/pages"}],"about":[{"href":"https:\/\/www.ub.edu\/crits\/wp-json\/wp\/v2\/types\/page"}],"author":[{"embeddable":true,"href":"https:\/\/www.ub.edu\/crits\/wp-json\/wp\/v2\/users\/1"}],"replies":[{"embeddable":true,"href":"https:\/\/www.ub.edu\/crits\/wp-json\/wp\/v2\/comments?post=367"}],"version-history":[{"count":10,"href":"https:\/\/www.ub.edu\/crits\/wp-json\/wp\/v2\/pages\/367\/revisions"}],"predecessor-version":[{"id":4016,"href":"https:\/\/www.ub.edu\/crits\/wp-json\/wp\/v2\/pages\/367\/revisions\/4016"}],"up":[{"embeddable":true,"href":"https:\/\/www.ub.edu\/crits\/wp-json\/wp\/v2\/pages\/346"}],"wp:attachment":[{"href":"https:\/\/www.ub.edu\/crits\/wp-json\/wp\/v2\/media?parent=367"}],"curies":[{"name":"wp","href":"https:\/\/api.w.org\/{rel}","templated":true}]}}