{"id":370,"date":"2023-07-14T16:01:40","date_gmt":"2023-07-14T14:01:40","guid":{"rendered":"http:\/\/hweb-x-0-fe-04.fe.cpd.local\/crits\/?page_id=370"},"modified":"2024-11-11T03:40:50","modified_gmt":"2024-11-11T01:40:50","slug":"crisi-migratoria-i-crisi-de-les-cures","status":"publish","type":"page","link":"https:\/\/www.ub.edu\/crits\/linies-de-recerca\/crisi-migratoria-i-crisi-de-les-cures\/","title":{"rendered":"Crisi migrat\u00f2ria i crisi de les cures"},"content":{"rendered":"<p>[et_pb_section fb_built=&#8221;1&#8243; _builder_version=&#8221;4.21.0&#8243; _module_preset=&#8221;default&#8221; global_colors_info=&#8221;{}&#8221;][et_pb_row _builder_version=&#8221;4.21.0&#8243; _module_preset=&#8221;default&#8221; locked=&#8221;off&#8221; global_colors_info=&#8221;{}&#8221;][et_pb_column type=&#8221;4_4&#8243; _builder_version=&#8221;4.21.0&#8243; _module_preset=&#8221;default&#8221; global_colors_info=&#8221;{}&#8221;][et_pb_post_title meta=&#8221;off&#8221; featured_image=&#8221;off&#8221; _builder_version=&#8221;4.21.0&#8243; _module_preset=&#8221;default&#8221; title_font=&#8221;Noto Serif|700|||||||&#8221; title_text_align=&#8221;right&#8221; title_text_color=&#8221;#000000&#8243; title_font_size=&#8221;4em&#8221; animation_style=&#8221;fade&#8221; animation_delay=&#8221;300ms&#8221; title_font_size_tablet=&#8221;3em&#8221; title_font_size_phone=&#8221;3em&#8221; title_font_size_last_edited=&#8221;on|desktop&#8221; border_width_bottom=&#8221;1px&#8221; border_color_bottom=&#8221;#FA6B5A&#8221; locked=&#8221;off&#8221; global_colors_info=&#8221;{}&#8221;][\/et_pb_post_title][\/et_pb_column][\/et_pb_row][et_pb_row column_structure=&#8221;2_5,3_5&#8243; _builder_version=&#8221;4.21.0&#8243; _module_preset=&#8221;default&#8221; global_colors_info=&#8221;{}&#8221;][et_pb_column type=&#8221;2_5&#8243; _builder_version=&#8221;4.21.0&#8243; _module_preset=&#8221;default&#8221; global_colors_info=&#8221;{}&#8221;][et_pb_image src=&#8221;http:\/\/hweb-x-0-fe-04.fe.cpd.local\/crits\/wp-content\/uploads\/2023\/07\/3_cures.jpg&#8221; title_text=&#8221;OLYMPUS DIGITAL CAMERA&#8221; _builder_version=&#8221;4.21.0&#8243; _module_preset=&#8221;default&#8221; global_colors_info=&#8221;{}&#8221;][\/et_pb_image][\/et_pb_column][et_pb_column type=&#8221;3_5&#8243; _builder_version=&#8221;4.21.0&#8243; _module_preset=&#8221;default&#8221; global_colors_info=&#8221;{}&#8221;][et_pb_text _builder_version=&#8221;4.27.0&#8243; _module_preset=&#8221;default&#8221; hover_enabled=&#8221;0&#8243; global_colors_info=&#8221;{}&#8221; sticky_enabled=&#8221;0&#8243;]<\/p>\n<p>Aquesta l\u00ednia de recerca s\u2019enfoca en l\u2019estudi de les complexitats i din\u00e0miques associades a les migracions massives i a les dificultats relacionades amb la provisi\u00f3 de cures.<\/p>\n<p>Aquest enfocament examina com les crisis migrat\u00f2ries afecten les estructures socials i culturals de les comunitats, aix\u00ed com la prestaci\u00f3 i recepci\u00f3 de cures en contextos de mobilitat poblacional.<\/p>\n<p>La recerca busca comprendre les interaccions i tensions culturals i socials entorn de la migraci\u00f3 i les cures en el marc de situacions de crisi.<\/p>\n<p>Els seg\u00fcents membres de CRITS realitzen recerques que s\u2019emmarquen en aquesta l\u00ednia d\u2019investigaci\u00f3:<\/p>\n<ul>\n<li><strong>S\u00edlvia Bofill<\/strong>: treball de la llar i les cures i migracions transnacionals<\/li>\n<li><strong>Diana Mata<\/strong>: migracions, fam\u00edlies transnacionals, remeses i g\u00e8nere<\/li>\n<li><strong>Mikel Aramburu<\/strong>: barris urbans<\/li>\n<li><strong>Ra\u00fal M\u00e1rquez<\/strong>: regulaci\u00f3 del treball dom\u00e8stic<\/li>\n<li><strong>Irene Sabat\u00e9<\/strong>: interseccionalitat de les discriminacions en l\u2019acc\u00e9s a l\u2019habitatge<\/li>\n<\/ul>\n<p>[\/et_pb_text][\/et_pb_column][\/et_pb_row][et_pb_row _builder_version=&#8221;4.21.0&#8243; _module_preset=&#8221;default&#8221; global_colors_info=&#8221;{}&#8221;][et_pb_column type=&#8221;4_4&#8243; _builder_version=&#8221;4.21.0&#8243; _module_preset=&#8221;default&#8221; global_colors_info=&#8221;{}&#8221;][et_pb_text _builder_version=&#8221;4.27.0&#8243; _module_preset=&#8221;default&#8221; hover_enabled=&#8221;0&#8243; global_colors_info=&#8221;{}&#8221; sticky_enabled=&#8221;0&#8243;]<\/p>\n<p><strong>Projectes emmarcats en aquesta l\u00ednia de recerca:<\/strong><\/p>\n<p>Traject\u00f2ries formatives i projectes de futur dels joves d\u2019origen migrant als barris de La Florida i Les Planes de l\u2019Hospitalet de Llobregat. Una aproximaci\u00f3 qualitativa a l\u2019aplicaci\u00f3 del Pla Educatiu d\u2019Entorn 0-20. IP: <strong>S\u00edlvia Bofill-Poch<\/strong> i <strong>Irene Sabat\u00e9<\/strong>. Equip de recerca: <strong>Ra\u00fal M\u00e1rquez<\/strong>, <strong>Diana Mata-Codesal\u00a0<\/strong>i <strong>Patricia Bertolin<\/strong>.<\/p>\n<p>Xarxa ciutadana pel dret a la cura. IP: <strong>S\u00edlvia Bofill-Poch<\/strong>.<\/p>\n<p>Foro social del cuidado. Retos y horizontes hacia una sociedad cuidadora. IP: <strong>S\u00edlvia Bofill-Poch<\/strong>.<\/p>\n<p>Diversitat en espais p\u00fablics de zones perif\u00e8riques de la ciutat de Barcelona. IP: <strong>Diana Mata Codesal<\/strong>.<\/p>\n<p>La cura importa. Impacte de g\u00e8nere en les cuidadores\/\u00e9s de majors i dependents en temps de la Covid-19 (CUMADE). IP general: Dolors Comas d\u2019Argemir (URV) [IP UB: <strong>S\u00edlvia Bofill-Poch<\/strong>]. Membres de l\u2019equip: <strong>Ra\u00fal M\u00e1rquez <\/strong>i\u00a0<strong>Diana Mata-Codesal.<\/strong><\/p>\n<p>Envelliment i necessitats de cura. Una q\u00fcesti\u00f3 social i pol\u00edtica. IP: Dolors Comas d\u2019Argemir (URV) i <strong>S\u00edlvia Bofill-Poch<\/strong> (UB).<\/p>\n<p>[\/et_pb_text][\/et_pb_column][\/et_pb_row][\/et_pb_section]<\/p>\n","protected":false},"excerpt":{"rendered":"<p>Aquesta l\u00ednia de recerca s\u2019enfoca en l\u2019estudi de les complexitats i din\u00e0miques associades a les migracions massives i a les dificultats relacionades amb la provisi\u00f3 de cures. Aquest enfocament examina com les crisis migrat\u00f2ries afecten les estructures socials i culturals de les comunitats, aix\u00ed com la prestaci\u00f3 i recepci\u00f3 de cures en contextos de mobilitat [&hellip;]<\/p>\n","protected":false},"author":1,"featured_media":0,"parent":346,"menu_order":0,"comment_status":"closed","ping_status":"closed","template":"","meta":{"_et_pb_use_builder":"on","_et_pb_old_content":"","_et_gb_content_width":"","footnotes":""},"class_list":["post-370","page","type-page","status-publish","hentry"],"_links":{"self":[{"href":"https:\/\/www.ub.edu\/crits\/wp-json\/wp\/v2\/pages\/370","targetHints":{"allow":["GET"]}}],"collection":[{"href":"https:\/\/www.ub.edu\/crits\/wp-json\/wp\/v2\/pages"}],"about":[{"href":"https:\/\/www.ub.edu\/crits\/wp-json\/wp\/v2\/types\/page"}],"author":[{"embeddable":true,"href":"https:\/\/www.ub.edu\/crits\/wp-json\/wp\/v2\/users\/1"}],"replies":[{"embeddable":true,"href":"https:\/\/www.ub.edu\/crits\/wp-json\/wp\/v2\/comments?post=370"}],"version-history":[{"count":5,"href":"https:\/\/www.ub.edu\/crits\/wp-json\/wp\/v2\/pages\/370\/revisions"}],"predecessor-version":[{"id":2806,"href":"https:\/\/www.ub.edu\/crits\/wp-json\/wp\/v2\/pages\/370\/revisions\/2806"}],"up":[{"embeddable":true,"href":"https:\/\/www.ub.edu\/crits\/wp-json\/wp\/v2\/pages\/346"}],"wp:attachment":[{"href":"https:\/\/www.ub.edu\/crits\/wp-json\/wp\/v2\/media?parent=370"}],"curies":[{"name":"wp","href":"https:\/\/api.w.org\/{rel}","templated":true}]}}