

 
{"id":10173,"date":"2021-11-18T11:58:37","date_gmt":"2021-11-18T09:58:37","guid":{"rendered":"https:\/\/www.ub.edu\/cusc\/?page_id=10173"},"modified":"2021-11-26T13:23:44","modified_gmt":"2021-11-26T11:23:44","slug":"formacion","status":"publish","type":"page","link":"https:\/\/www.ub.edu\/cusc\/es\/formacion\/","title":{"rendered":"Formaci\u00f3n"},"content":{"rendered":"<div id=\"pl-10173\"  class=\"panel-layout\" ><div id=\"pg-10173-0\"  class=\"panel-grid panel-has-style\" ><div class=\"siteorigin-panels-stretch panel-row-style panel-row-style-for-10173-0\" data-stretch-type=\"full-stretched\" ><div id=\"pgc-10173-0-0\"  class=\"panel-grid-cell\" ><div id=\"panel-10173-0-0-0\" class=\"so-panel widget widget_lsow-hero-image panel-first-child panel-last-child\" data-index=\"0\" ><div class=\"panel-widget-style panel-widget-style-for-10173-0-0-0\" ><div\n\t\t\t\n\t\t\tclass=\"so-widget-lsow-hero-image so-widget-lsow-hero-image-default-5f4971612708-10173\"\n\t\t\t\n\t\t>\n\n<div class=\"lsow-hero-header lsow-section-bg-cover\" >\n\n    \n    <div class=\"lsow-background\">\n\n        \n            \n            \n                \n                    <div class=\"lsow-image-bg\"\n                         style=\"background-image: url(https:\/\/www.ub.edu\/cusc\/wp-content\/uploads\/2021\/02\/2019-09-27-sauzet-5.jpg);\"><\/div>\n\n                \n            \n        \n    <\/div><!-- .lsow-background -->\n\n    \n        <div class=\"lsow-overlay\" style=\"background-color: rgba(45, 127, 199, 0);\"><\/div>\n\n    \n    <div class=\"lsow-header-content\">\n\n        \n            <div class=\"lsow-standard-header\">\n\n                \n                <h3 class=\"lsow-heading\">Formamos, compartimos y transferimos conocimiento<\/h3>\n                \n            <\/div>\n\n        \n    <\/div>\n\n    \n<\/div><\/div><\/div><\/div><\/div><\/div><\/div><div id=\"pg-10173-1\"  class=\"panel-grid panel-no-style\" ><div id=\"pgc-10173-1-0\"  class=\"panel-grid-cell panel-grid-cell-mobile-last\" ><div id=\"panel-10173-1-0-0\" class=\"so-panel widget widget_sow-editor panel-first-child panel-last-child\" data-index=\"1\" ><div\n\t\t\t\n\t\t\tclass=\"so-widget-sow-editor so-widget-sow-editor-base\"\n\t\t\t\n\t\t><h1 class=\"widget-title\">Formaci\u00f3n<\/h1>\n<div class=\"siteorigin-widget-tinymce textwidget\">\n\t<div>\n<p>En el CUSC, apostamos por la formaci\u00f3n continuada y lo hacemos compartiendo la investigaci\u00f3n que las personas que forman parte de nuestra red est\u00e1n llevando a cabo y, tambi\u00e9n, transfiriendo los conocimientos a la ciudadan\u00eda.<\/p>\n<\/div>\n<\/div>\n<\/div><\/div><\/div><div id=\"pgc-10173-1-1\"  class=\"panel-grid-cell panel-grid-cell-empty\" ><\/div><\/div><div id=\"pg-10173-2\"  class=\"panel-grid panel-no-style\" ><div id=\"pgc-10173-2-0\"  class=\"panel-grid-cell panel-grid-cell-empty\" ><\/div><\/div><div id=\"pg-10173-3\"  class=\"panel-grid panel-no-style\" ><div id=\"pgc-10173-3-0\"  class=\"panel-grid-cell\" ><div id=\"panel-10173-3-0-0\" class=\"so-panel widget widget_sow-image panel-first-child panel-last-child\" data-index=\"2\" ><div\n\t\t\t\n\t\t\tclass=\"so-widget-sow-image so-widget-sow-image-default-8b5b6f678277-10173\"\n\t\t\t\n\t\t><h1 class=\"widget-title\">\t\t<a href=\"https:\/\/www.ub.edu\/cusc\/formacio\/seminari-del-cusc\/\"\n\t\t\t\t\t>\n\t\tSeminario de socioling\u00fc\u00edstica y pol\u00edtica ling\u00fc\u00edstica<\/a><\/h1>\n<div class=\"sow-image-container\">\n\t\t\t<a href=\"https:\/\/www.ub.edu\/cusc\/formacio\/seminari-del-cusc\/\"\n\t\t\t\t\t>\n\t\t\t<img \n\tsrc=\"https:\/\/www.ub.edu\/cusc\/wp-content\/uploads\/2021\/07\/Seminari-web-cusc.png\" width=\"2480\" height=\"1748\" srcset=\"https:\/\/www.ub.edu\/cusc\/wp-content\/uploads\/2021\/07\/Seminari-web-cusc.png 2480w, https:\/\/www.ub.edu\/cusc\/wp-content\/uploads\/2021\/07\/Seminari-web-cusc-300x211.png 300w, https:\/\/www.ub.edu\/cusc\/wp-content\/uploads\/2021\/07\/Seminari-web-cusc-1024x722.png 1024w, https:\/\/www.ub.edu\/cusc\/wp-content\/uploads\/2021\/07\/Seminari-web-cusc-768x541.png 768w, https:\/\/www.ub.edu\/cusc\/wp-content\/uploads\/2021\/07\/Seminari-web-cusc-1536x1083.png 1536w, https:\/\/www.ub.edu\/cusc\/wp-content\/uploads\/2021\/07\/Seminari-web-cusc-2048x1444.png 2048w, https:\/\/www.ub.edu\/cusc\/wp-content\/uploads\/2021\/07\/Seminari-web-cusc-546x385.png 546w, https:\/\/www.ub.edu\/cusc\/wp-content\/uploads\/2021\/07\/Seminari-web-cusc-285x201.png 285w\" sizes=\"(max-width: 2480px) 100vw, 2480px\" title=\"Seminario de socioling\u00fc\u00edstica y pol\u00edtica ling\u00fc\u00edstica\" alt=\"Seminario del CUSC\" \t\tclass=\"so-widget-image\"\/>\n\t\t\t<\/a><\/div>\n\n<\/div><\/div><\/div><div id=\"pgc-10173-3-1\"  class=\"panel-grid-cell\" ><div id=\"panel-10173-3-1-0\" class=\"so-panel widget widget_sow-image panel-first-child panel-last-child\" data-index=\"3\" ><div\n\t\t\t\n\t\t\tclass=\"so-widget-sow-image so-widget-sow-image-default-8b5b6f678277-10173\"\n\t\t\t\n\t\t><h1 class=\"widget-title\">\t\t<a href=\"https:\/\/www.ub.edu\/discursospromociocatala\/\"\n\t\t\ttarget=\"_blank\" rel=\"noopener noreferrer\" \t\t>\n\t\t\u226aEls discursos sobre la promoci\u00f3 del catal\u00e0: perspectives i argumentaris\u226b (3\u00aa edici\u00f3n)<\/a><\/h1>\n<div class=\"sow-image-container\">\n\t\t\t<a href=\"https:\/\/www.ub.edu\/discursospromociocatala\/\"\n\t\t\ttarget=\"_blank\" rel=\"noopener noreferrer\" \t\t>\n\t\t\t<img \n\tsrc=\"https:\/\/www.ub.edu\/cusc\/wp-content\/uploads\/2021\/06\/2021-Curs-discursos-CUSC.png\" width=\"2480\" height=\"1754\" srcset=\"https:\/\/www.ub.edu\/cusc\/wp-content\/uploads\/2021\/06\/2021-Curs-discursos-CUSC.png 2480w, https:\/\/www.ub.edu\/cusc\/wp-content\/uploads\/2021\/06\/2021-Curs-discursos-CUSC-300x212.png 300w, https:\/\/www.ub.edu\/cusc\/wp-content\/uploads\/2021\/06\/2021-Curs-discursos-CUSC-1024x724.png 1024w, https:\/\/www.ub.edu\/cusc\/wp-content\/uploads\/2021\/06\/2021-Curs-discursos-CUSC-768x543.png 768w, https:\/\/www.ub.edu\/cusc\/wp-content\/uploads\/2021\/06\/2021-Curs-discursos-CUSC-1536x1086.png 1536w, https:\/\/www.ub.edu\/cusc\/wp-content\/uploads\/2021\/06\/2021-Curs-discursos-CUSC-2048x1448.png 2048w, https:\/\/www.ub.edu\/cusc\/wp-content\/uploads\/2021\/06\/2021-Curs-discursos-CUSC-544x385.png 544w, https:\/\/www.ub.edu\/cusc\/wp-content\/uploads\/2021\/06\/2021-Curs-discursos-CUSC-285x202.png 285w\" sizes=\"(max-width: 2480px) 100vw, 2480px\" title=\"\u226aEls discursos sobre la promoci\u00f3 del catal\u00e0: perspectives i argumentaris\u226b (3\u00aa edici\u00f3n)\" alt=\"\u226aEls discursos sobre la promoci\u00f3 del catal\u00e0\u226b \" \t\tclass=\"so-widget-image\"\/>\n\t\t\t<\/a><\/div>\n\n<\/div><\/div><\/div><\/div><\/div>","protected":false},"excerpt":{"rendered":"<p>En el CUSC, apostamos por la formaci\u00f3n continuada y lo hacemos compartiendo la investigaci\u00f3n que las personas que forman parte de nuestra red est\u00e1n llevando a cabo y, tambi\u00e9n, transfiriendo [&hellip;]<\/p>\n","protected":false},"author":4,"featured_media":0,"parent":0,"menu_order":0,"comment_status":"closed","ping_status":"closed","template":"","meta":{"_acf_changed":false,"footnotes":""},"class_list":["post-10173","page","type-page","status-publish","hentry"],"acf":[],"_links":{"self":[{"href":"https:\/\/www.ub.edu\/cusc\/wp-json\/wp\/v2\/pages\/10173","targetHints":{"allow":["GET"]}}],"collection":[{"href":"https:\/\/www.ub.edu\/cusc\/wp-json\/wp\/v2\/pages"}],"about":[{"href":"https:\/\/www.ub.edu\/cusc\/wp-json\/wp\/v2\/types\/page"}],"author":[{"embeddable":true,"href":"https:\/\/www.ub.edu\/cusc\/wp-json\/wp\/v2\/users\/4"}],"replies":[{"embeddable":true,"href":"https:\/\/www.ub.edu\/cusc\/wp-json\/wp\/v2\/comments?post=10173"}],"version-history":[{"count":0,"href":"https:\/\/www.ub.edu\/cusc\/wp-json\/wp\/v2\/pages\/10173\/revisions"}],"wp:attachment":[{"href":"https:\/\/www.ub.edu\/cusc\/wp-json\/wp\/v2\/media?parent=10173"}],"curies":[{"name":"wp","href":"https:\/\/api.w.org\/{rel}","templated":true}]}}