

 
{"id":9,"date":"2019-01-22T17:22:43","date_gmt":"2019-01-22T15:22:43","guid":{"rendered":"http:\/\/webfe04.fe.cpd.local\/cusc\/web\/?page_id=9"},"modified":"2022-06-14T12:31:09","modified_gmt":"2022-06-14T10:31:09","slug":"formacio","status":"publish","type":"page","link":"https:\/\/www.ub.edu\/cusc\/formacio\/","title":{"rendered":"Formaci\u00f3"},"content":{"rendered":"<div id=\"pl-9\"  class=\"panel-layout\" ><div id=\"pg-9-0\"  class=\"panel-grid panel-has-style\" ><div class=\"siteorigin-panels-stretch panel-row-style panel-row-style-for-9-0\" data-stretch-type=\"full-stretched\" ><div id=\"pgc-9-0-0\"  class=\"panel-grid-cell\" ><div id=\"panel-9-0-0-0\" class=\"so-panel widget widget_lsow-hero-image panel-first-child panel-last-child\" data-index=\"0\" ><div class=\"panel-widget-style panel-widget-style-for-9-0-0-0\" ><div\n\t\t\t\n\t\t\tclass=\"so-widget-lsow-hero-image so-widget-lsow-hero-image-default-5f4971612708-9\"\n\t\t\t\n\t\t>\n\n<div class=\"lsow-hero-header lsow-section-bg-cover\" >\n\n    \n    <div class=\"lsow-background\">\n\n        \n            \n            \n                \n                    <div class=\"lsow-image-bg\"\n                         style=\"background-image: url(https:\/\/www.ub.edu\/cusc\/wp-content\/uploads\/2021\/02\/2019-09-27-sauzet-5.jpg);\"><\/div>\n\n                \n            \n        \n    <\/div><!-- .lsow-background -->\n\n    \n        <div class=\"lsow-overlay\" style=\"background-color: rgba(45, 127, 199, 0);\"><\/div>\n\n    \n    <div class=\"lsow-header-content\">\n\n        \n            <div class=\"lsow-standard-header\">\n\n                \n                <h3 class=\"lsow-heading\">Formem, compartim i transferim coneixement<\/h3>\n                \n            <\/div>\n\n        \n    <\/div>\n\n    \n<\/div><\/div><\/div><\/div><\/div><\/div><\/div><div id=\"pg-9-1\"  class=\"panel-grid panel-no-style\" ><div id=\"pgc-9-1-0\"  class=\"panel-grid-cell panel-grid-cell-mobile-last\" ><div id=\"panel-9-1-0-0\" class=\"so-panel widget widget_sow-editor panel-first-child panel-last-child\" data-index=\"1\" ><div\n\t\t\t\n\t\t\tclass=\"so-widget-sow-editor so-widget-sow-editor-base\"\n\t\t\t\n\t\t><h1 class=\"widget-title\">Formaci\u00f3<\/h1>\n<div class=\"siteorigin-widget-tinymce textwidget\">\n\t<p>Des del CUSC, apostem per la formaci\u00f3 continuada i ho fem compartint la recerca que les persones que formen part de la nostra xarxa estan duent a terme i, tamb\u00e9, transferint els coneixements a la ciutadania.<\/p>\n<\/div>\n<\/div><\/div><\/div><div id=\"pgc-9-1-1\"  class=\"panel-grid-cell panel-grid-cell-empty\" ><\/div><\/div><div id=\"pg-9-2\"  class=\"panel-grid panel-no-style\" ><div id=\"pgc-9-2-0\"  class=\"panel-grid-cell panel-grid-cell-empty\" ><\/div><\/div><div id=\"pg-9-3\"  class=\"panel-grid panel-no-style\" ><div id=\"pgc-9-3-0\"  class=\"panel-grid-cell\" ><div id=\"panel-9-3-0-0\" class=\"so-panel widget widget_sow-image panel-first-child panel-last-child\" data-index=\"2\" ><div\n\t\t\t\n\t\t\tclass=\"so-widget-sow-image so-widget-sow-image-default-8b5b6f678277-9\"\n\t\t\t\n\t\t><h1 class=\"widget-title\">\t\t<a href=\"https:\/\/www.ub.edu\/cusc\/formacio\/seminari-del-cusc\/\"\n\t\t\t\t\t>\n\t\tSeminari de socioling\u00fc\u00edstica i pol\u00edtica ling\u00fc\u00edstica<\/a><\/h1>\n<div class=\"sow-image-container\">\n\t\t\t<a href=\"https:\/\/www.ub.edu\/cusc\/formacio\/seminari-del-cusc\/\"\n\t\t\t\t\t>\n\t\t\t<img \n\tsrc=\"https:\/\/www.ub.edu\/cusc\/wp-content\/uploads\/2021\/07\/Seminari-web-cusc.png\" width=\"2480\" height=\"1748\" srcset=\"https:\/\/www.ub.edu\/cusc\/wp-content\/uploads\/2021\/07\/Seminari-web-cusc.png 2480w, https:\/\/www.ub.edu\/cusc\/wp-content\/uploads\/2021\/07\/Seminari-web-cusc-300x211.png 300w, https:\/\/www.ub.edu\/cusc\/wp-content\/uploads\/2021\/07\/Seminari-web-cusc-1024x722.png 1024w, https:\/\/www.ub.edu\/cusc\/wp-content\/uploads\/2021\/07\/Seminari-web-cusc-768x541.png 768w, https:\/\/www.ub.edu\/cusc\/wp-content\/uploads\/2021\/07\/Seminari-web-cusc-1536x1083.png 1536w, https:\/\/www.ub.edu\/cusc\/wp-content\/uploads\/2021\/07\/Seminari-web-cusc-2048x1444.png 2048w, https:\/\/www.ub.edu\/cusc\/wp-content\/uploads\/2021\/07\/Seminari-web-cusc-546x385.png 546w, https:\/\/www.ub.edu\/cusc\/wp-content\/uploads\/2021\/07\/Seminari-web-cusc-285x201.png 285w\" sizes=\"(max-width: 2480px) 100vw, 2480px\" title=\"Seminari de socioling\u00fc\u00edstica i pol\u00edtica ling\u00fc\u00edstica\" alt=\"Seminari del CUSC\" \t\tclass=\"so-widget-image\"\/>\n\t\t\t<\/a><\/div>\n\n<\/div><\/div><\/div><div id=\"pgc-9-3-1\"  class=\"panel-grid-cell\" ><div id=\"panel-9-3-1-0\" class=\"so-panel widget widget_sow-image panel-first-child panel-last-child\" data-index=\"3\" ><div\n\t\t\t\n\t\t\tclass=\"so-widget-sow-image so-widget-sow-image-default-8b5b6f678277-9\"\n\t\t\t\n\t\t><h1 class=\"widget-title\">\t\t<a href=\"https:\/\/www.ub.edu\/discursospromociocatala\/\"\n\t\t\ttarget=\"_blank\" rel=\"noopener noreferrer\" \t\t>\n\t\tEls discursos sobre la promoci\u00f3 del catal\u00e0: perspectives i argumentaris (4a edici\u00f3)<\/a><\/h1>\n<div class=\"sow-image-container\">\n\t\t\t<a href=\"https:\/\/www.ub.edu\/discursospromociocatala\/\"\n\t\t\ttarget=\"_blank\" rel=\"noopener noreferrer\" \t\t>\n\t\t\t<img \n\tsrc=\"https:\/\/www.ub.edu\/cusc\/wp-content\/uploads\/2022\/06\/2022-Curs-discursos-CUSC-3.png\" width=\"2480\" height=\"1754\" srcset=\"https:\/\/www.ub.edu\/cusc\/wp-content\/uploads\/2022\/06\/2022-Curs-discursos-CUSC-3.png 2480w, https:\/\/www.ub.edu\/cusc\/wp-content\/uploads\/2022\/06\/2022-Curs-discursos-CUSC-3-300x212.png 300w, https:\/\/www.ub.edu\/cusc\/wp-content\/uploads\/2022\/06\/2022-Curs-discursos-CUSC-3-1024x724.png 1024w, https:\/\/www.ub.edu\/cusc\/wp-content\/uploads\/2022\/06\/2022-Curs-discursos-CUSC-3-768x543.png 768w, https:\/\/www.ub.edu\/cusc\/wp-content\/uploads\/2022\/06\/2022-Curs-discursos-CUSC-3-1536x1086.png 1536w, https:\/\/www.ub.edu\/cusc\/wp-content\/uploads\/2022\/06\/2022-Curs-discursos-CUSC-3-2048x1448.png 2048w, https:\/\/www.ub.edu\/cusc\/wp-content\/uploads\/2022\/06\/2022-Curs-discursos-CUSC-3-544x385.png 544w, https:\/\/www.ub.edu\/cusc\/wp-content\/uploads\/2022\/06\/2022-Curs-discursos-CUSC-3-285x202.png 285w\" sizes=\"(max-width: 2480px) 100vw, 2480px\" title=\"Els discursos sobre la promoci\u00f3 del catal\u00e0: perspectives i argumentaris (4a edici\u00f3)\" alt=\"Els discursos sobre la promoci\u00f3 del catal\u00e0\" \t\tclass=\"so-widget-image\"\/>\n\t\t\t<\/a><\/div>\n\n<\/div><\/div><\/div><\/div><\/div>","protected":false},"excerpt":{"rendered":"<p>Des del CUSC, apostem per la formaci\u00f3 continuada i ho fem compartint la recerca que les persones que formen part de la nostra xarxa estan duent a terme i, tamb\u00e9, [&hellip;]<\/p>\n","protected":false},"author":1,"featured_media":0,"parent":0,"menu_order":0,"comment_status":"closed","ping_status":"closed","template":"","meta":{"_acf_changed":false,"footnotes":""},"class_list":["post-9","page","type-page","status-publish","hentry"],"acf":[],"_links":{"self":[{"href":"https:\/\/www.ub.edu\/cusc\/wp-json\/wp\/v2\/pages\/9","targetHints":{"allow":["GET"]}}],"collection":[{"href":"https:\/\/www.ub.edu\/cusc\/wp-json\/wp\/v2\/pages"}],"about":[{"href":"https:\/\/www.ub.edu\/cusc\/wp-json\/wp\/v2\/types\/page"}],"author":[{"embeddable":true,"href":"https:\/\/www.ub.edu\/cusc\/wp-json\/wp\/v2\/users\/1"}],"replies":[{"embeddable":true,"href":"https:\/\/www.ub.edu\/cusc\/wp-json\/wp\/v2\/comments?post=9"}],"version-history":[{"count":0,"href":"https:\/\/www.ub.edu\/cusc\/wp-json\/wp\/v2\/pages\/9\/revisions"}],"wp:attachment":[{"href":"https:\/\/www.ub.edu\/cusc\/wp-json\/wp\/v2\/media?parent=9"}],"curies":[{"name":"wp","href":"https:\/\/api.w.org\/{rel}","templated":true}]}}