{"id":1335,"date":"2022-06-19T19:15:20","date_gmt":"2022-06-19T17:15:20","guid":{"rendered":"https:\/\/www.ub.edu\/docent_secundaria\/?page_id=1335"},"modified":"2022-10-30T23:00:42","modified_gmt":"2022-10-30T21:00:42","slug":"blog","status":"publish","type":"page","link":"https:\/\/www.ub.edu\/docent_secundaria\/blog\/","title":{"rendered":"Blog"},"content":{"rendered":"\t\t<div data-elementor-type=\"wp-page\" data-elementor-id=\"1335\" class=\"elementor elementor-1335\">\n\t\t\t\t\t\t<section class=\"elementor-section elementor-top-section elementor-element elementor-element-3a96f78 elementor-section-content-middle elementor-section-height-min-height elementor-section-boxed elementor-section-height-default elementor-section-items-middle\" data-id=\"3a96f78\" data-element_type=\"section\" data-settings=\"{&quot;background_background&quot;:&quot;classic&quot;}\">\n\t\t\t\t\t\t\t<div class=\"elementor-background-overlay\"><\/div>\n\t\t\t\t\t\t\t<div class=\"elementor-container elementor-column-gap-wide\">\n\t\t\t\t\t<div class=\"elementor-column elementor-col-100 elementor-top-column elementor-element elementor-element-8de14e1\" data-id=\"8de14e1\" data-element_type=\"column\">\n\t\t\t<div class=\"elementor-widget-wrap elementor-element-populated\">\n\t\t\t\t\t\t<div class=\"elementor-element elementor-element-f0a3868 elementor-widget elementor-widget-heading\" data-id=\"f0a3868\" data-element_type=\"widget\" data-widget_type=\"heading.default\">\n\t\t\t\t<div class=\"elementor-widget-container\">\n\t\t\t<h1 class=\"elementor-heading-title elementor-size-default\">El nostre blog<\/h1>\t\t<\/div>\n\t\t\t\t<\/div>\n\t\t\t\t\t<\/div>\n\t\t<\/div>\n\t\t\t\t\t<\/div>\n\t\t<\/section>\n\t\t\t\t<section class=\"elementor-section elementor-top-section elementor-element elementor-element-bbe5830 elementor-section-boxed elementor-section-height-default elementor-section-height-default\" data-id=\"bbe5830\" data-element_type=\"section\">\n\t\t\t\t\t\t<div class=\"elementor-container elementor-column-gap-default\">\n\t\t\t\t\t<div class=\"elementor-column elementor-col-100 elementor-top-column elementor-element elementor-element-c5ae3ad\" data-id=\"c5ae3ad\" data-element_type=\"column\">\n\t\t\t<div class=\"elementor-widget-wrap elementor-element-populated\">\n\t\t\t\t\t\t<div class=\"elementor-element elementor-element-1b7d608 elementor-widget elementor-widget-ucaddon_post_list\" data-id=\"1b7d608\" data-element_type=\"widget\" data-widget_type=\"ucaddon_post_list.default\">\n\t\t\t\t<div class=\"elementor-widget-container\">\n\t\t\t\n<!-- start Post List -->\n\t\t<link id='font-awesome-css' href='https:\/\/www.ub.edu\/docent_secundaria\/wp-content\/plugins\/unlimited-elements-for-elementor\/assets_libraries\/font-awesome6\/fontawesome-all.min.css' type='text\/css' rel='stylesheet' >\n\t\t<link id='font-awesome-4-shim-css' href='https:\/\/www.ub.edu\/docent_secundaria\/wp-content\/plugins\/unlimited-elements-for-elementor\/assets_libraries\/font-awesome6\/fontawesome-v4-shims.min.css' type='text\/css' rel='stylesheet' >\n\n<style>\/* widget: Post List *\/\n\n#uc_post_list_elementor_1b7d608\n{\n  display:grid;\n}\n\n\n#uc_post_list_elementor_1b7d608 .uc_post_list_image div\n{\n  background-size:cover;\n  background-position:center;\n}\n\n\n.uc_post_list .uc_post_list_box{\n\tposition: relative;\n\toverflow: hidden;\n\tdisplay: flex;\n}\n\n#uc_post_list_elementor_1b7d608 .uc_post_list_image\n{\n  flex-grow:0;\n  flex-shrink:0;\n}\n\n#uc_post_list_elementor_1b7d608 .uc_post_list_image img\n{\n  width:100%;\n  display:block;\n  transition:0.3s;\n  \n}\n\n\n.uc_post_list_title a{\n\tcolor: #333333;\n}\n.uc_post_list_date{\n\tfont-size: 12px;\n}\n\n#uc_post_list_elementor_1b7d608 .uc_post_list_content\n{\n  display:flex;\n  flex-direction:column;\n  flex:1;\n}\n\n#uc_post_list_elementor_1b7d608 .uc_more_btn{\n\n  text-align:center;\n  text-decoration:none;\n  transition:0.3s;\n}\n\n#uc_post_list_elementor_1b7d608 .button-on-side\n{\n  display:flex;\n  align-items:center;\n}\n\n\n.ue-grid-item-category a\n{\n  display:inline-block;\n  font-size:10px;\n  text-transform:uppercase;\n}\n\n#uc_post_list_elementor_1b7d608 .ue-meta-data\n{\n  \n  display:flex;\n\n  flex-wrap: wrap;\n  line-height:1em;\n}\n\n#uc_post_list_elementor_1b7d608 .ue-grid-item-meta-data\n{\n      display:inline-flex;\n      align-items:center;\n}\n\n.ue-grid-item-meta-data\n{\n  font-size:12px;\n}\n\n#uc_post_list_elementor_1b7d608 .ue-grid-item-meta-data-icon\n{\n  line-height:1em;\n}\n\n#uc_post_list_elementor_1b7d608 .ue-grid-item-meta-data-icon svg\n{\n  width:1em;\n  height:1em;\n}\n\n\n\n#uc_post_list_elementor_1b7d608 .ue-debug-meta\n{\n  padding:10px;\n  border:1px solid red;\n  position:relative;\n  line-height:1.5em;\n  font-size:11px;\n  width:100%;\n}\n\n.uc-remote-parent .uc_post_list_box{\n\tcursor:pointer;\n}\n\n#uc_post_list_elementor_1b7d608 .ue-post-link-overlay\n{\n  display:block;\n  position:absolute;\n  top:0;\n  bottom:0;\n  right:0;\n  left:0;\n}\n\n<\/style>\n\n<div class=\"uc_post_list uc-items-wrapper uc-filterable-grid\" id=\"uc_post_list_elementor_1b7d608\"  data-ajax='true'  data-filterbehave='ajax'  querydata='{&quot;count_posts&quot;:4,&quot;total_posts&quot;:4,&quot;page&quot;:1,&quot;num_pages&quot;:1}' >    \t\n  <div class=\"uc_post_list_box\">\n    \n  \t    <div class=\"uc_post_list_image\">\n      <a href=\"https:\/\/www.ub.edu\/docent_secundaria\/el-abordaje-de-los-retos-ecosociales-en-la-construccion-de-la-identidad-docente\/\" title=\"El abordaje de los retos ecosociales en la construcci\u00f3n de la identidad docente\" target=\"_self\">\n          \n            <img fetchpriority=\"high\" decoding=\"async\" src=\"https:\/\/www.ub.edu\/docent_secundaria\/wp-content\/uploads\/2022\/12\/pexels-min-an-1131458-768x511.jpg\"  src=\"https:\/\/www.ub.edu\/docent_secundaria\/wp-content\/uploads\/2022\/12\/pexels-min-an-1131458-768x511.jpg\" alt=\"pexels-min-an-1131458\" width=\"768\" height=\"511\">\n        \t\n        \n      <\/a>\n    <\/div>\n  \t\t\n  \n    <div class=\"uc_post_list_content\">\n      <div class=\"uc_post_list_content_inside\">\n        \n                        \n         <div class=\"uc_post_list_title\"><a target=\"_self\" href=\"https:\/\/www.ub.edu\/docent_secundaria\/el-abordaje-de-los-retos-ecosociales-en-la-construccion-de-la-identidad-docente\/\" title=\"El abordaje de los retos ecosociales en la construcci\u00f3n de la identidad docente\">El abordaje de los retos ecosociales en la construcci\u00f3n de la identidad docente<\/a><\/div>\t\n         \n        <div class=\"ue-meta-data\">\n            <div class=\"ue-grid-item-meta-data\"><span class=\"ue-grid-item-meta-data-icon\"><i class=''><\/i><\/span>  20 de desembre de 2022<\/div>                       \n            \n          \n                        \n            \n                        \n                        \n            \n              \n          <\/div>\n         \n                \n         <div class=\"uc_post_content\">Santi Eizaguirre.\n\nLa crisis ecosocial en la que estamos inmersos est\u00e1 zozobrando nuestras formas de organizaci\u00f3n social y entre muchas otras cosas, interpela...<\/div>\t\n         \t\n      <\/div>\n    <\/div>\n     \n       \n  \n   <\/div>\n<div class=\"uc_post_list_box\">\n    \n  \t    <div class=\"uc_post_list_image\">\n      <a href=\"https:\/\/www.ub.edu\/docent_secundaria\/joan-campillo-i\/\" title=\"Noves propostes de vinculaci\u00f3 del mentor amb la universitat.\" target=\"_self\">\n          \n            <img decoding=\"async\" src=\"https:\/\/www.ub.edu\/docent_secundaria\/wp-content\/uploads\/2022\/12\/pexels-angela-roma-7479927-768x1152.jpg\"  src=\"https:\/\/www.ub.edu\/docent_secundaria\/wp-content\/uploads\/2022\/12\/pexels-angela-roma-7479927-768x1152.jpg\" alt=\"pexels-angela-roma-7479927\" width=\"768\" height=\"1152\">\n        \t\n        \n      <\/a>\n    <\/div>\n  \t\t\n  \n    <div class=\"uc_post_list_content\">\n      <div class=\"uc_post_list_content_inside\">\n        \n                        \n         <div class=\"uc_post_list_title\"><a target=\"_self\" href=\"https:\/\/www.ub.edu\/docent_secundaria\/joan-campillo-i\/\" title=\"Noves propostes de vinculaci\u00f3 del mentor amb la universitat.\">Noves propostes de vinculaci\u00f3 del mentor amb la universitat.<\/a><\/div>\t\n         \n        <div class=\"ue-meta-data\">\n            <div class=\"ue-grid-item-meta-data\"><span class=\"ue-grid-item-meta-data-icon\"><i class=''><\/i><\/span>  19 de desembre de 2022<\/div>                       \n            \n          \n                        \n            \n                        \n                        \n            \n              \n          <\/div>\n         \n                \n         <div class=\"uc_post_content\">Juan Campillo.\n\nPosiblemente, algo que buscamos a lo largo de nuestra vida laboral docente es una coherencia en el discurso y una evoluci\u00f3n. Y es esto...<\/div>\t\n         \t\n      <\/div>\n    <\/div>\n     \n       \n  \n   <\/div>\n<div class=\"uc_post_list_box\">\n    \n  \t    <div class=\"uc_post_list_image\">\n      <a href=\"https:\/\/www.ub.edu\/docent_secundaria\/post-de-prova-2\/\" title=\"Oportunitats i reptes derivats de la implementaci\u00f3 del nou curr\u00edculum en la formaci\u00f3 inicial del professorat de secund\u00e0ria a Catalunya. Una an\u00e0lisi informal atenent a la construcci\u00f3 de la identitat docent\" target=\"_self\">\n          \n            <img decoding=\"async\" src=\"https:\/\/www.ub.edu\/docent_secundaria\/wp-content\/uploads\/2022\/12\/kelly-sikkema-VBPzRgd7gfc-unsplash-768x512.jpg\"  src=\"https:\/\/www.ub.edu\/docent_secundaria\/wp-content\/uploads\/2022\/12\/kelly-sikkema-VBPzRgd7gfc-unsplash-768x512.jpg\" alt=\"kelly-sikkema-VBPzRgd7gfc-unsplash\" width=\"768\" height=\"512\">\n        \t\n        \n      <\/a>\n    <\/div>\n  \t\t\n  \n    <div class=\"uc_post_list_content\">\n      <div class=\"uc_post_list_content_inside\">\n        \n                        \n         <div class=\"uc_post_list_title\"><a target=\"_self\" href=\"https:\/\/www.ub.edu\/docent_secundaria\/post-de-prova-2\/\" title=\"Oportunitats i reptes derivats de la implementaci\u00f3 del nou curr\u00edculum en la formaci\u00f3 inicial del professorat de secund\u00e0ria a Catalunya. Una an\u00e0lisi informal atenent a la construcci\u00f3 de la identitat docent\">Oportunitats i reptes derivats de la implementaci\u00f3 del nou curr\u00edculum en la formaci\u00f3 inicial del professorat de secund\u00e0ria a Catalunya. Una an\u00e0lisi informal atenent a la construcci\u00f3 de la identitat docent<\/a><\/div>\t\n         \n        <div class=\"ue-meta-data\">\n            <div class=\"ue-grid-item-meta-data\"><span class=\"ue-grid-item-meta-data-icon\"><i class=''><\/i><\/span>  14 de desembre de 2022<\/div>                       \n            \n          \n                        \n            \n                        \n                        \n            \n              \n          <\/div>\n         \n                \n         <div class=\"uc_post_content\">A pesar de que hace m\u00e1s de diez a\u00f1os que se implement\u00f3 el M\u00e1ster de Formaci\u00f3n del Profesorado de Secundaria (MUFPS), la formaci\u00f3n inicial del profesorado...<\/div>\t\n         \t\n      <\/div>\n    <\/div>\n     \n       \n  \n   <\/div>\n<div class=\"uc_post_list_box\">\n    \n  \t    <div class=\"uc_post_list_image\">\n      <a href=\"https:\/\/www.ub.edu\/docent_secundaria\/jornada-publica-de-presentacio-de-resultats\/\" title=\"Jornada p\u00fablica de presentaci\u00f3 de resultats\" target=\"_self\">\n          \n            <img loading=\"lazy\" decoding=\"async\" src=\"https:\/\/www.ub.edu\/docent_secundaria\/wp-content\/uploads\/2022\/10\/pexels-pixabay-269140-768x512.jpg\"  src=\"https:\/\/www.ub.edu\/docent_secundaria\/wp-content\/uploads\/2022\/10\/pexels-pixabay-269140-768x512.jpg\" alt=\"pexels-pixabay-269140\" width=\"768\" height=\"512\">\n        \t\n        \n      <\/a>\n    <\/div>\n  \t\t\n  \n    <div class=\"uc_post_list_content\">\n      <div class=\"uc_post_list_content_inside\">\n        \n                        \n         <div class=\"uc_post_list_title\"><a target=\"_self\" href=\"https:\/\/www.ub.edu\/docent_secundaria\/jornada-publica-de-presentacio-de-resultats\/\" title=\"Jornada p\u00fablica de presentaci\u00f3 de resultats\">Jornada p\u00fablica de presentaci\u00f3 de resultats<\/a><\/div>\t\n         \n        <div class=\"ue-meta-data\">\n            <div class=\"ue-grid-item-meta-data\"><span class=\"ue-grid-item-meta-data-icon\"><i class=''><\/i><\/span>  30 d'octubre de 2022<\/div>                       \n            \n          \n                        \n            \n                        \n                        \n            \n              \n          <\/div>\n         \n                \n         <div class=\"uc_post_content\">El proper 21 de desembre es dur\u00e0 a terme en l\u00ednia la trobada de presentaci\u00f3 dels resultats obtinguts al projecte de recerca &#8220;Les pr\u00e0ctiques en la...<\/div>\t\n         \t\n      <\/div>\n    <\/div>\n     \n       \n  \n   <\/div>\n\n<\/div>\n\n\n  <div id=\"uc_post_list_elementor_1b7d608_empty_message\" class=\"ue-no-posts-found\"  style=\"display:none\" >No posts found<\/div>\n\n\n<!-- end Post List -->\t\t<\/div>\n\t\t\t\t<\/div>\n\t\t\t\t\t<\/div>\n\t\t<\/div>\n\t\t\t\t\t<\/div>\n\t\t<\/section>\n\t\t\t\t<section class=\"elementor-section elementor-top-section elementor-element elementor-element-cc5b5ce elementor-section-boxed elementor-section-height-default elementor-section-height-default\" data-id=\"cc5b5ce\" data-element_type=\"section\">\n\t\t\t\t\t\t<div class=\"elementor-container elementor-column-gap-default\">\n\t\t\t\t\t<div class=\"elementor-column elementor-col-100 elementor-top-column elementor-element elementor-element-51178ea\" data-id=\"51178ea\" data-element_type=\"column\">\n\t\t\t<div class=\"elementor-widget-wrap elementor-element-populated\">\n\t\t\t\t\t\t<div class=\"elementor-element elementor-element-f029e84 elementor-widget elementor-widget-ucaddon_archive_pagination\" data-id=\"f029e84\" data-element_type=\"widget\" data-widget_type=\"ucaddon_archive_pagination.default\">\n\t\t\t\t<div class=\"elementor-widget-container\">\n\t\t\t\n<!-- start Post Pagination -->\n\n<style>\/* widget: Post Pagination *\/\n\n#uc_archive_pagination_elementor_f029e84 nav\n{\n  padding:0px;\n  margin:0px;\n}\n\n#uc_archive_pagination_elementor_f029e84 \n{\n  display:flex;\n  flex-wrap: wrap;\n  justify-content:center;\n}\n\n#uc_archive_pagination_elementor_f029e84 .nav-links\n{\n  display:flex;\n  justify-content:center;\n}\n\n#uc_archive_pagination_elementor_f029e84 .nav-links > *\n{\n}\n\n#uc_archive_pagination_elementor_f029e84 .page-numbers\n{\n  display:flex;\n  \n  align-items:center;\n  justify-content:center;\n  transition:0.3s;\n  line-height:1em;\n}\n\n\n#uc_archive_pagination_elementor_f029e84 a.page-numbers, #uc_archive_pagination_elementor_f029e84 .dots\n{\n  color:#000000;\n  background-color:;\n}\n\n#uc_archive_pagination_elementor_f029e84 a.page-numbers:hover\n{\n  color:#6e6e6e;\n  background-color:#eeeeee;\n}\n\n#uc_archive_pagination_elementor_f029e84 .page-numbers.current,\n#uc_archive_pagination_elementor_f029e84 .page-numbers.current:hover\n{\n  background-color:#000000;\n  color:#ffffff;\n}\n\n\n#uc_archive_pagination_elementor_f029e84 .page-numbers.prev, #uc_archive_pagination_elementor_f029e84 .page-numbers.next\n{\n  padding-left:15px;\n  padding-right:15px;\n}\n\n\n\n#uc_archive_pagination_elementor_f029e84 .prev:before {\n   font-family: \"Font Awesome 5 Free\";\n   content: \"\\f053\";\n   display: inline-block;\n   vertical-align: middle;\n   font-weight: 900;\n   padding-right:10px;}\n\n#uc_archive_pagination_elementor_f029e84 .next:after {\n   font-family: \"Font Awesome 5 Free\";\n   content: \"\\f054\";\n   display: inline-block;\n   vertical-align: middle;\n   font-weight: 900;\n   padding-left:10px;}\n\n#uc_archive_pagination_elementor_f029e84.uc-ajax-loading{\n\topacity:1 !important;\n}\n\n#uc_archive_pagination_elementor_f029e84.uc-ajax-loading .current{\n\tposition:relative;\n    overflow:hidden;\n}\n\n\n#uc_archive_pagination_elementor_f029e84.uc-ajax-loading .current:before{\n  content: \"\";\n  display:block;\n  width:100%;\n  height:100%;\n  box-sizing:border-box;\n  position:absolute;\n  top:0px;\n  left:0px;\n  background-color: #c2c2c2;\n  animation: uc-spinning-border 0.5s linear infinite;\n  opacity:50%;\n  border-radius:inherit;\n}\n\n@keyframes uc-spinning-border {\n\t0%{transform: scale(0);}\n\t100%{transform: scale(1); }\t\n}\n\n\n\n<\/style>\n\n<div id=\"uc_archive_pagination_elementor_f029e84\" class=\"archive_pagination uc-filter-pagination\">\n\n<\/div>\n<!-- end Post Pagination -->\t\t<\/div>\n\t\t\t\t<\/div>\n\t\t\t\t\t<\/div>\n\t\t<\/div>\n\t\t\t\t\t<\/div>\n\t\t<\/section>\n\t\t\t\t<\/div>\n\t\t","protected":false},"excerpt":{"rendered":"<p>El nostre blog Post de prova 3 30 d&#8217;octubre de 2022 &#8220;Lorem ipsum dolor sit amet, consectetur adipiscing elit, sed do eiusmod tempor incididunt ut labore et dolore magna aliqua. Ut enim ad minim veniam,&#8230; Post de prova 2 30 d&#8217;octubre de 2022 &#8220;Lorem ipsum dolor sit amet, consectetur adipiscing elit, sed do eiusmod tempor [&hellip;]<\/p>\n","protected":false},"author":2,"featured_media":0,"parent":0,"menu_order":0,"comment_status":"closed","ping_status":"closed","template":"","meta":{"_uag_custom_page_level_css":"","site-sidebar-layout":"no-sidebar","site-content-layout":"page-builder","ast-site-content-layout":"","site-content-style":"default","site-sidebar-style":"default","ast-global-header-display":"","ast-banner-title-visibility":"","ast-main-header-display":"","ast-hfb-above-header-display":"","ast-hfb-below-header-display":"","ast-hfb-mobile-header-display":"","site-post-title":"disabled","ast-breadcrumbs-content":"","ast-featured-img":"disabled","footer-sml-layout":"","theme-transparent-header-meta":"enabled","adv-header-id-meta":"","stick-header-meta":"","header-above-stick-meta":"","header-main-stick-meta":"","header-below-stick-meta":"","astra-migrate-meta-layouts":"default","ast-page-background-enabled":"default","ast-page-background-meta":{"desktop":{"background-color":"var(--ast-global-color-4)","background-image":"","background-repeat":"repeat","background-position":"center center","background-size":"auto","background-attachment":"scroll","background-type":"","background-media":"","overlay-type":"","overlay-color":"","overlay-opacity":"","overlay-gradient":""},"tablet":{"background-color":"","background-image":"","background-repeat":"repeat","background-position":"center center","background-size":"auto","background-attachment":"scroll","background-type":"","background-media":"","overlay-type":"","overlay-color":"","overlay-opacity":"","overlay-gradient":""},"mobile":{"background-color":"","background-image":"","background-repeat":"repeat","background-position":"center center","background-size":"auto","background-attachment":"scroll","background-type":"","background-media":"","overlay-type":"","overlay-color":"","overlay-opacity":"","overlay-gradient":""}},"ast-content-background-meta":{"desktop":{"background-color":"var(--ast-global-color-5)","background-image":"","background-repeat":"repeat","background-position":"center center","background-size":"auto","background-attachment":"scroll","background-type":"","background-media":"","overlay-type":"","overlay-color":"","overlay-opacity":"","overlay-gradient":""},"tablet":{"background-color":"var(--ast-global-color-5)","background-image":"","background-repeat":"repeat","background-position":"center center","background-size":"auto","background-attachment":"scroll","background-type":"","background-media":"","overlay-type":"","overlay-color":"","overlay-opacity":"","overlay-gradient":""},"mobile":{"background-color":"var(--ast-global-color-5)","background-image":"","background-repeat":"repeat","background-position":"center center","background-size":"auto","background-attachment":"scroll","background-type":"","background-media":"","overlay-type":"","overlay-color":"","overlay-opacity":"","overlay-gradient":""}},"footnotes":""},"class_list":["post-1335","page","type-page","status-publish","hentry"],"uagb_featured_image_src":{"full":false,"thumbnail":false,"medium":false,"medium_large":false,"large":false,"1536x1536":false,"2048x2048":false},"uagb_author_info":{"display_name":"S\u00edlvia Zurita","author_link":"https:\/\/www.ub.edu\/docent_secundaria\/author\/silvia-zurita\/"},"uagb_comment_info":0,"uagb_excerpt":"El nostre blog Post de prova 3 30 d&#8217;octubre de 2022 &#8220;Lorem ipsum dolor sit amet, consectetur adipiscing elit, sed do eiusmod tempor incididunt ut labore et dolore magna aliqua. Ut enim ad minim veniam,&#8230; Post de prova 2 30 d&#8217;octubre de 2022 &#8220;Lorem ipsum dolor sit amet, consectetur adipiscing elit, sed do eiusmod tempor&hellip;","_links":{"self":[{"href":"https:\/\/www.ub.edu\/docent_secundaria\/wp-json\/wp\/v2\/pages\/1335","targetHints":{"allow":["GET"]}}],"collection":[{"href":"https:\/\/www.ub.edu\/docent_secundaria\/wp-json\/wp\/v2\/pages"}],"about":[{"href":"https:\/\/www.ub.edu\/docent_secundaria\/wp-json\/wp\/v2\/types\/page"}],"author":[{"embeddable":true,"href":"https:\/\/www.ub.edu\/docent_secundaria\/wp-json\/wp\/v2\/users\/2"}],"replies":[{"embeddable":true,"href":"https:\/\/www.ub.edu\/docent_secundaria\/wp-json\/wp\/v2\/comments?post=1335"}],"version-history":[{"count":23,"href":"https:\/\/www.ub.edu\/docent_secundaria\/wp-json\/wp\/v2\/pages\/1335\/revisions"}],"predecessor-version":[{"id":1840,"href":"https:\/\/www.ub.edu\/docent_secundaria\/wp-json\/wp\/v2\/pages\/1335\/revisions\/1840"}],"wp:attachment":[{"href":"https:\/\/www.ub.edu\/docent_secundaria\/wp-json\/wp\/v2\/media?parent=1335"}],"curies":[{"name":"wp","href":"https:\/\/api.w.org\/{rel}","templated":true}]}}