{"id":2178,"date":"2018-06-13T11:38:53","date_gmt":"2018-06-13T11:38:53","guid":{"rendered":"https:\/\/www.ub.edu\/drogodependencies\/?page_id=2178"},"modified":"2023-07-20T10:08:55","modified_gmt":"2023-07-20T10:08:55","slug":"avis-legal","status":"publish","type":"page","link":"https:\/\/www.ub.edu\/drogodependencies\/avis-legal\/","title":{"rendered":"Av\u00eds Legal"},"content":{"rendered":"<h3 style=\"text-align: justify;\">Av\u00eds legal<\/h3>\n<div id=\"contingut\" class=\"no-menu\">\n<div style=\"text-align: justify;\"><\/div>\n<div style=\"text-align: justify;\"><b>I. INFORMACI\u00d3 GENERAL<\/b><\/div>\n<div style=\"text-align: justify;\"><\/div>\n<div style=\"text-align: justify;\">En compliment de la Llei de Serveis de la Societat de la Informaci\u00f3 i Comer\u00e7 Electr\u00f2nic i l\u2019altra legislaci\u00f3 complement\u00e0ria, s\u2019informa que el titular del lloc web \u00e9s la Fundaci\u00f3 Privada Institut de Formaci\u00f3 Cont\u00ednua de la Universitat de Barcelona (IL3-UB), en endavant l&#8217;Institut de Formaci\u00f3 Cont\u00ednua de la Universitat de Barcelona, amb domicili social al carrer Ciutat de Granada, n\u00fam. 131, 08018 Barcelona, amb CIF G 64489172 i inscrita al Registre de Fundacions de la Generalitat de Catalunya amb el n\u00fam. 2320.<\/div>\n<div style=\"text-align: justify;\"><b>\u00a0<\/b><\/div>\n<div style=\"text-align: justify;\"><b>II. ACCEPTACI\u00d3 DE L\u2019USUARI I \u00daS CORRECTE DEL WEB<\/b><\/div>\n<div style=\"text-align: justify;\"><\/div>\n<div style=\"text-align: justify;\">Aquest av\u00eds \u00e9s de visualitzaci\u00f3 obligada i regula les condicions d\u2019\u00fas que han de ser observades i respectades pels usuaris d\u2019aquesta p\u00e0gina web. \u00c9s important llegir-lo atentament, ja que el fet d\u2019accedir-hi i utilitzar els materials que s\u2019hi contenen implica que l\u2019usuari ha llegit i accepta, sense reserves, les condicions seg\u00fcents:<\/div>\n<div style=\"text-align: justify;\"><\/div>\n<div style=\"text-align: justify;\"><b>III. PROPIETAT INTEL\u00b7LECTUAL I INDUSTRIAL<\/b><\/div>\n<div style=\"text-align: justify;\"><\/div>\n<div style=\"text-align: justify;\">Aquest web i tots els seus continguts, incloent signes distintius, textos, imatges, so i qualsevol altre material s\u00f3n propietat de l&#8217;Institut de Formaci\u00f3 Cont\u00ednua de la Universitat de Barcelona, d&#8217;algun organisme vinculat a aquesta Fundaci\u00f3 o de tercers que hagin autoritzat l&#8217;\u00fas d&#8217;aquests continguts a l&#8217;Institut de Formaci\u00f3 Cont\u00ednua de la Universitat de Barcelona.<\/div>\n<div style=\"text-align: justify;\"><\/div>\n<div style=\"text-align: justify;\">\u00a9 Tots els drets estan reservats a l&#8217;Institut de Formaci\u00f3 Cont\u00ednua de la Universitat de Barcelona. Queda estrictament prohibit utilitzar els continguts d&#8217;aquesta p\u00e0gina web, aix\u00ed com signes distintius, marques, nom comercial i nom de domini de l&#8217;Institut de Formaci\u00f3 Cont\u00ednua de la Universitat de Barcelona.<\/div>\n<div style=\"text-align: justify;\"><\/div>\n<div style=\"text-align: justify;\">L\u2019acc\u00e9s a aquest lloc resta subjecte a les condicions seg\u00fcents:<\/div>\n<div style=\"text-align: justify;\"><\/div>\n<div style=\"text-align: justify;\">&#8211; Nom\u00e9s est\u00e0 autoritzat l\u2019\u00fas personal, no comercial. No \u00e9s permesa la modificaci\u00f3 del web ni dels seus continguts.<\/div>\n<div style=\"text-align: justify;\">&#8211; L&#8217;Institut de Formaci\u00f3 Cont\u00ednua de la Universitat de Barcelona no \u00e9s responsable de la informaci\u00f3 que es pot obtenir a trav\u00e9s d\u2019enlla\u00e7os a sistemes externs que no siguin dependents d\u2019aquesta Fundaci\u00f3.<\/div>\n<div style=\"text-align: justify;\">&#8211; L&#8217;Institut de Formaci\u00f3 Cont\u00ednua de la Universitat de Barcelona no assumeix cap responsabilitat pels danys i perjudicis que es puguin derivar d\u2019interfer\u00e8ncies o avaries telef\u00f2niques, desconnexions en el sistema electr\u00f2nic, pres\u00e8ncia de virus inform\u00e0tics, programes maliciosos o qualsevol altre factor ali\u00e8 al seu control.<\/div>\n<div style=\"text-align: justify;\">&#8211; En cap cas les galetes o altres mitjans de naturalesa an\u00e0loga que es puguin utilitzar serviran per emmagatzemar informaci\u00f3 que permeti identificar la persona f\u00edsica usu\u00e0ria del web.<\/div>\n<div style=\"text-align: justify;\">&#8211; L&#8217;Institut de Formaci\u00f3 Cont\u00ednua de la Universitat de Barcelona es reserva el dret de modificar sense av\u00eds previ els continguts dels dominis, aix\u00ed com els termes i les condicions d\u2019aquest av\u00eds.<\/div>\n<div style=\"text-align: justify;\"><\/div>\n<div style=\"text-align: justify;\"><b>IV. COOKIES (GALETES) I ADRECES IP<\/b><\/div>\n<div style=\"text-align: justify;\"><\/div>\n<div style=\"text-align: justify;\">L\u2019usuari accepta l\u2019\u00fas de galetes i seguiments d\u2019adreces IP. El nostre analitzador de tr\u00e0nsit del site utilitza galetes i seguiments d\u2019adreces IP que ens permeten recollir dades a efectes estad\u00edstics com ara data de la primera visita, nombre de vegades que s\u2019ha visitat, data de l\u2019\u00faltima visita, URL i domini de la qual prov\u00e9, explorador utilitzat i resoluci\u00f3 de la pantalla. No obstant aix\u00f2, si l\u2019usuari ho desitja pot desactivar i\/o eliminar aquestes galetes seguint les instruccions del seu navegador d\u2019Internet.<\/div>\n<div style=\"text-align: justify;\"><\/div>\n<div style=\"text-align: justify;\">Aquest lloc web informa que est\u00e0 adherit al sistema publicitari de Google que utilitza galetes per mostrar continguts publicitaris relacionats amb la navegaci\u00f3 realitzada per l\u2019usuari. Quan un usuari accedeix a un lloc web adscrit al servei de Google i hi fa clic, s\u2019introdueix una galeta en el seu navegador a trav\u00e9s de la qual Google recopila informaci\u00f3 de la navegaci\u00f3 de l\u2019usuari per gestionar i despr\u00e9s publicar anuncis a trav\u00e9s del programa de publicitat Google Adsense. L\u2019usuari pot inhabilitar en qualsevol moment l\u2019\u00fas de la galeta de Google a trav\u00e9s de la desactivaci\u00f3 d\u2019aquesta galeta en el seu navegador.<\/div>\n<div style=\"text-align: justify;\"><\/div>\n<div style=\"text-align: justify;\"><b>V. OBTENCI\u00d3 DE DADES DEMOGR\u00c0FIQUES EN GOOGLE ANALYTICS<\/b><\/div>\n<div style=\"text-align: justify;\"><\/div>\n<div style=\"text-align: justify;\">&#8211; Les funcions de Google Analytics que ha implementat basades en la publicitat de display (per exemple, remarketing, informe d&#8217;impressions de la xarxa de display de Google, integraci\u00f3 de DoubleClick Campaign Manager o informes de dades demogr\u00e0fiques i interessos de Google Analytics).<\/div>\n<div style=\"text-align: justify;\">&#8211; Amb l&#8217;\u00fas de configuraci\u00f3 d&#8217;anuncis, els visitants poden inhabilitar Google Analytics per a la publicitat de display i personalitzar els anuncis de la xarxa de display de Google.<\/div>\n<div style=\"text-align: justify;\">&#8211; L&#8217;Institut de Formaci\u00f3 Cont\u00ednua de la Universitat de Barcelona utilitza la funci\u00f3 de remarketing amb Google Analytics per publicar anuncis online.<\/div>\n<div style=\"text-align: justify;\">&#8211; Altres prove\u00efdors, incl\u00f2s Google, poden mostrar els seus anuncis en llocs d&#8217;Internet.<\/div>\n<div style=\"text-align: justify;\">&#8211; L&#8217;Institut de Formaci\u00f3 Cont\u00ednua de la Universitat de Barcelona i altres prove\u00efdors, incl\u00f2s Google, usen les cookies d&#8217;origen (com la cookie de Google Analytics) i les cookies de tercers (com la cookie de DoubleClick) combinades per informar, optimitzar i publicar anuncis basant-se en les visites anteriors al lloc web.<\/div>\n<div style=\"text-align: justify;\">&#8211; L&#8217;Institut de Formaci\u00f3 Cont\u00ednua de la Universitat de Barcelona i altres prove\u00efdors, incl\u00f2s Google, usen les cookies d&#8217;origen (com la cookie de Google Analytics) i les cookies de tercers (com la cookie de DoubleClick) combinades per informar sobre com es relacionen amb les visites al seu lloc les impressions dels anuncis, altres usos dels serveis publicitaris i les interaccions amb aquestes impressions dels anuncis i serveis publicitaris.<\/div>\n<div style=\"text-align: justify;\">&#8211; La manera en qu\u00e8 usa les dades de la publicitat basada en interessos de Google o les dades d&#8217;audi\u00e8ncia de tercers (com l&#8217;edat, el sexe i els interessos) amb Google Analytics.<\/div>\n<div style=\"text-align: justify;\"><\/div>\n<div style=\"text-align: justify;\"><b>VI. PRIVACITAT I PROTECCI\u00d3 DE DADES<\/b><\/div>\n<div style=\"text-align: justify;\"><\/div>\n<div style=\"text-align: justify;\">\n<p><span class=\"notranslate\">L&#8217;Institut de Formaci\u00f3 Cont\u00ednua de la Universitat de Barcelona posa a disposici\u00f3 dels usuaris el present document amb el qual pret\u00e9n donar compliment del que disposa la normativa vigent en mat\u00e8ria de Protecci\u00f3 de Dades, i en el context de el nou marc normatiu establert en virtut del que disposa el Reglament (UE ) 2016\/679 de el Parlament Europeu i de Consell, de 27 d\u2019abril de 2016, relatiu a la protecci\u00f3 de les persones f\u00edsiques pel que fa a el tractament de dades personals ia la lliure circulaci\u00f3 d\u2019aquestes dades (en endavant, el \u201cRGPD\u201d ), i la normativa nacional Llei Org\u00e0nica 3\/2018, de 5 de desembre, de Protecci\u00f3 de Dades Personals i Garantia dels Drets Digitals (en endavant, el \u201cLOPDGDD\u201d), aix\u00ed com informar a tots els usuaris del lloc web respecte a quines s\u00f3n les condicions d\u2019\u00fas de la mateixa.<\/span><\/p>\n<p><span class=\"notranslate\">Tota persona que accedeixi a aquest lloc web assumeix el paper d\u2019usuari, comprometent-se a l\u2019observan\u00e7a i compliment rigor\u00f3s de les disposicions aqu\u00ed disposades, aix\u00ed com a qualsevol altra disposici\u00f3 legal que fora d\u2019aplicaci\u00f3.<\/span><\/p>\n<p><span class=\"notranslate\">El responsable es reserva el dret a modificar qualsevol tipus d\u2019informaci\u00f3 que pogu\u00e9s apar\u00e8ixer al lloc web, sense que hi hagi obligaci\u00f3 de preavisar o posar en coneixement dels usuaris aquestes obligacions, entenent-se com suficient amb la publicaci\u00f3 al lloc web de l\u2019Responsable.<\/span><\/p>\n<\/div>\n<div style=\"text-align: justify;\">L&#8217;Institut de Formaci\u00f3 Cont\u00ednua de la Universitat de Barcelona\u00a0informa i garanteix expressament als usuaris que les seves dades personals no seran cedides en cap cas a terceres companyies i que sempre que vagi a fer-se algun tipus de cessi\u00f3 de dades personals, de manera pr\u00e8via, se sol\u00b7licitaria el consentiment expr\u00e9s, informat i inequ\u00edvoc per part dels titulars.<\/div>\n<div style=\"text-align: justify;\"><\/div>\n<div style=\"text-align: justify;\">Complimentant i enviant els corresponents formularis d\u2019aquesta p\u00e0gina web, l\u2019usuari accepta i autoritza que les seves dades personals siguin objecte de tractament automatitzat per part de l&#8217;Institut de Formaci\u00f3 Cont\u00ednua de la Universitat de Barcelona. En cas que vost\u00e8 inclogui en els formularis d\u2019aquesta p\u00e0gina web dades de car\u00e0cter personal titularitat de tercers haur\u00e0 d\u2019obtenir, amb car\u00e0cter previ a la seva inclusi\u00f3, el seu consentiment i informar-li de tots els continguts esmentats en els par\u00e0grafs anteriors. Aix\u00ed mateix, en el sup\u00f2sit que es produeixi una transfer\u00e8ncia internacional de dades l&#8217;usuari, en acceptar la present Pol\u00edtica de Privacitat, d\u00f3na el seu consentiment perqu\u00e8 es pugui realitzar.<\/div>\n<div style=\"text-align: justify;\"><\/div>\n<div style=\"text-align: justify;\">Totes les dades sol\u00b7licitades a trav\u00e9s de l&#8217;Institut de Formaci\u00f3 Cont\u00ednua de la Universitat de Barcelona s\u00f3n obligat\u00f2ries, ja que s\u00f3n necess\u00e0ries per a la prestaci\u00f3 d\u2019un servei \u00f2ptim a l\u2019usuari. En cas que no siguin facilitades totes les dades, l&#8217;Institut de Formaci\u00f3 Cont\u00ednua de la Universitat de Barcelona\u00a0no garanteix que la informaci\u00f3 i serveis oferts siguin completament ajustats a les seves necessitats.<\/div>\n<div style=\"text-align: justify;\"><\/div>\n<div style=\"text-align: justify;\">L&#8217;Institut de Formaci\u00f3 Cont\u00ednua de la Universitat de Barcelona garanteix en tot cas a\u00a0<a>l\u2019usuari l\u2019exercici dels drets d\u2019acc\u00e9s<\/a>, rectificaci\u00f3 o supressi\u00f3, cancel\u00b7laci\u00f3, oposici\u00f3, limitaci\u00f3 del tractament, portabilitat de les dades, dret a no ser objecte de decisions individuals automatitzades, dret a no ser objecte d\u2019una decisi\u00f3 basada en el tractament automatitzat, dret a retirar el consentiment en els termes disposats a la legislaci\u00f3 vigent, dret a presentar una reclamaci\u00f3 davant l\u2019autoritat de control. Per aix\u00f2, de conformitat amb all\u00f2 disposat en el Reglament Europeu de Protecci\u00f3 de Dades\u00a0(RGPD) podr\u00e0 exercir els seus drets enviant una sol\u00b7licitud expressa, juntament amb una c\u00f2pia del seu DNI o qualsevol document an\u00e0leg en dret com indica la llei, a trav\u00e9s dels mitjans seg\u00fcents:<\/div>\n<div style=\"text-align: justify;\"><\/div>\n<div style=\"text-align: justify;\">1. Correu electr\u00f2nic:\u00a0<a href=\"mailto:drogodependencias@ub.edu\">drogodependencias@ub.edu<\/a><\/div>\n<div style=\"text-align: justify;\">2. Correu postal dirigit a la\u00a0l&#8217;Institut de Formaci\u00f3 Cont\u00ednua de la Universitat de Barcelona, ref. RGPD, \/ Ciutat de Granada, 131- 08018 Barcelona<\/div>\n<div style=\"text-align: justify;\">3. Escrit dirigit personalment i lliurat a l&#8217;Institut de Formaci\u00f3 Cont\u00ednua de la Universitat de Barcelona ref. RGPD, \/ Ciutat de Granada, 131- 08018 Barcelona<\/div>\n<div style=\"text-align: justify;\"><\/div>\n<div style=\"text-align: justify;\">D\u2019igual forma, l&#8217;Institut de Formaci\u00f3 Cont\u00ednua de la Universitat de Barcelona\u00a0ha adoptat totes les mesures t\u00e8cniques i d\u2019organitzaci\u00f3 necess\u00e0ries per garantir la seguretat i integritat de les dades de car\u00e0cter personal que tracti, aix\u00ed com per evitar-ne la p\u00e8rdua, alteraci\u00f3 i\/o acc\u00e9s per part de tercers no autoritzats.<\/div>\n<div style=\"text-align: justify;\"><b>VII. OFERTA ACAD\u00c8MICA DE L&#8217;INSTITUT DE FORMACI\u00d3 CONT\u00cdNUA DE LA UNIVERSITAT DE BARCELONA<\/b><\/div>\n<div style=\"text-align: justify;\"><\/div>\n<div style=\"text-align: justify;\">L&#8217;oferta acad\u00e8mica de l&#8217;Institut de Formaci\u00f3 Cont\u00ednua de la Universitat de Barcelona\u00a0est\u00e0 subjecta als mecanismes d&#8217;aprovaci\u00f3 i reconeixement de la Universitat de Barcelona, tant pels programes m\u00e0ster, com pels de postgrau o diplomes d&#8217;extensi\u00f3, per tant, segueix els criteris i procediments establerts per l&#8217;Ag\u00e8ncia de Postgrau de la Universitat de Barcelona amb la finalitat de la seva aprovaci\u00f3 acad\u00e8mica per part de la Delegaci\u00f3 del Consell de Govern i del Consell Social de la Universitat en mat\u00e8ria de cursos propis de postgrau i cursos d&#8217;extensi\u00f3 universit\u00e0ria en un sentit ampli.<\/div>\n<div style=\"text-align: justify;\"><\/div>\n<div style=\"text-align: justify;\">Aquest procediment d&#8217;aprovaci\u00f3 est\u00e0 subjecte a un calendari i a criteris que vetllen per la qualitat acad\u00e8mica i de funcionament dels t\u00edtols propis i de la formaci\u00f3 cont\u00ednua. Aquest proc\u00e9s podria excepcionalment determinar canvis o ajustos en algun programa concret. En aquest cas s&#8217;informaria els alumnes abans de l&#8217;inici del curs, respectant tots els seus drets.<\/div>\n<\/div>\n","protected":false},"excerpt":{"rendered":"<p>Av\u00eds legal I. INFORMACI\u00d3 GENERAL En compliment de la Llei de Serveis de la Societat de la Informaci\u00f3 i Comer\u00e7 Electr\u00f2nic i l\u2019altra legislaci\u00f3 complement\u00e0ria, s\u2019informa que el titular del lloc web \u00e9s la Fundaci\u00f3 Privada Institut de Formaci\u00f3 Cont\u00ednua de la Universitat de Barcelona (IL3-UB), en endavant l&#8217;Institut de Formaci\u00f3 Cont\u00ednua de la Universitat [&hellip;]<\/p>\n","protected":false},"author":1,"featured_media":0,"parent":0,"menu_order":0,"comment_status":"closed","ping_status":"closed","template":"","meta":{"footnotes":""},"class_list":["post-2178","page","type-page","status-publish","hentry"],"yoast_head":"<!-- This site is optimized with the Yoast SEO plugin v27.2 - https:\/\/yoast.com\/product\/yoast-seo-wordpress\/ -->\n<title>Av\u00eds Legal - M\u00e1ster en Drogodependencias<\/title>\n<meta name=\"robots\" content=\"index, follow, max-snippet:-1, max-image-preview:large, max-video-preview:-1\" \/>\n<link rel=\"canonical\" href=\"https:\/\/www.ub.edu\/drogodependencies\/avis-legal\/\" \/>\n<meta name=\"twitter:label1\" content=\"Temps estimat de lectura\" \/>\n\t<meta name=\"twitter:data1\" content=\"10 minuts\" \/>\n<script type=\"application\/ld+json\" class=\"yoast-schema-graph\">{\"@context\":\"https:\/\/schema.org\",\"@graph\":[{\"@type\":\"WebPage\",\"@id\":\"https:\/\/www.ub.edu\/drogodependencies\/avis-legal\/\",\"url\":\"https:\/\/www.ub.edu\/drogodependencies\/avis-legal\/\",\"name\":\"Av\u00eds Legal - M\u00e1ster en Drogodependencias\",\"isPartOf\":{\"@id\":\"https:\/\/www.ub.edu\/drogodependencies\/es\/#website\"},\"datePublished\":\"2018-06-13T11:38:53+00:00\",\"dateModified\":\"2023-07-20T10:08:55+00:00\",\"breadcrumb\":{\"@id\":\"https:\/\/www.ub.edu\/drogodependencies\/avis-legal\/#breadcrumb\"},\"inLanguage\":\"ca\",\"potentialAction\":[{\"@type\":\"ReadAction\",\"target\":[\"https:\/\/www.ub.edu\/drogodependencies\/avis-legal\/\"]}]},{\"@type\":\"BreadcrumbList\",\"@id\":\"https:\/\/www.ub.edu\/drogodependencies\/avis-legal\/#breadcrumb\",\"itemListElement\":[{\"@type\":\"ListItem\",\"position\":1,\"name\":\"Portada\",\"item\":\"https:\/\/www.ub.edu\/drogodependencies\/inici\/\"},{\"@type\":\"ListItem\",\"position\":2,\"name\":\"Av\u00eds Legal\"}]},{\"@type\":\"WebSite\",\"@id\":\"https:\/\/www.ub.edu\/drogodependencies\/es\/#website\",\"url\":\"https:\/\/www.ub.edu\/drogodependencies\/es\/\",\"name\":\"M\u00e1ster en Drogodependencias\",\"description\":\"M\u00e1ster Drogodependencias de la Universidad de Barcelona\",\"potentialAction\":[{\"@type\":\"SearchAction\",\"target\":{\"@type\":\"EntryPoint\",\"urlTemplate\":\"https:\/\/www.ub.edu\/drogodependencies\/es\/?s={search_term_string}\"},\"query-input\":{\"@type\":\"PropertyValueSpecification\",\"valueRequired\":true,\"valueName\":\"search_term_string\"}}],\"inLanguage\":\"ca\"}]}<\/script>\n<!-- \/ Yoast SEO plugin. -->","yoast_head_json":{"title":"Av\u00eds Legal - M\u00e1ster en Drogodependencias","robots":{"index":"index","follow":"follow","max-snippet":"max-snippet:-1","max-image-preview":"max-image-preview:large","max-video-preview":"max-video-preview:-1"},"canonical":"https:\/\/www.ub.edu\/drogodependencies\/avis-legal\/","twitter_misc":{"Temps estimat de lectura":"10 minuts"},"schema":{"@context":"https:\/\/schema.org","@graph":[{"@type":"WebPage","@id":"https:\/\/www.ub.edu\/drogodependencies\/avis-legal\/","url":"https:\/\/www.ub.edu\/drogodependencies\/avis-legal\/","name":"Av\u00eds Legal - M\u00e1ster en Drogodependencias","isPartOf":{"@id":"https:\/\/www.ub.edu\/drogodependencies\/es\/#website"},"datePublished":"2018-06-13T11:38:53+00:00","dateModified":"2023-07-20T10:08:55+00:00","breadcrumb":{"@id":"https:\/\/www.ub.edu\/drogodependencies\/avis-legal\/#breadcrumb"},"inLanguage":"ca","potentialAction":[{"@type":"ReadAction","target":["https:\/\/www.ub.edu\/drogodependencies\/avis-legal\/"]}]},{"@type":"BreadcrumbList","@id":"https:\/\/www.ub.edu\/drogodependencies\/avis-legal\/#breadcrumb","itemListElement":[{"@type":"ListItem","position":1,"name":"Portada","item":"https:\/\/www.ub.edu\/drogodependencies\/inici\/"},{"@type":"ListItem","position":2,"name":"Av\u00eds Legal"}]},{"@type":"WebSite","@id":"https:\/\/www.ub.edu\/drogodependencies\/es\/#website","url":"https:\/\/www.ub.edu\/drogodependencies\/es\/","name":"M\u00e1ster en Drogodependencias","description":"M\u00e1ster Drogodependencias de la Universidad de Barcelona","potentialAction":[{"@type":"SearchAction","target":{"@type":"EntryPoint","urlTemplate":"https:\/\/www.ub.edu\/drogodependencies\/es\/?s={search_term_string}"},"query-input":{"@type":"PropertyValueSpecification","valueRequired":true,"valueName":"search_term_string"}}],"inLanguage":"ca"}]}},"_links":{"self":[{"href":"https:\/\/www.ub.edu\/drogodependencies\/wp-json\/wp\/v2\/pages\/2178","targetHints":{"allow":["GET"]}}],"collection":[{"href":"https:\/\/www.ub.edu\/drogodependencies\/wp-json\/wp\/v2\/pages"}],"about":[{"href":"https:\/\/www.ub.edu\/drogodependencies\/wp-json\/wp\/v2\/types\/page"}],"author":[{"embeddable":true,"href":"https:\/\/www.ub.edu\/drogodependencies\/wp-json\/wp\/v2\/users\/1"}],"replies":[{"embeddable":true,"href":"https:\/\/www.ub.edu\/drogodependencies\/wp-json\/wp\/v2\/comments?post=2178"}],"version-history":[{"count":0,"href":"https:\/\/www.ub.edu\/drogodependencies\/wp-json\/wp\/v2\/pages\/2178\/revisions"}],"wp:attachment":[{"href":"https:\/\/www.ub.edu\/drogodependencies\/wp-json\/wp\/v2\/media?parent=2178"}],"curies":[{"name":"wp","href":"https:\/\/api.w.org\/{rel}","templated":true}]}}