{"id":273,"date":"2016-03-07T14:03:47","date_gmt":"2016-03-07T14:03:47","guid":{"rendered":"http:\/\/www.ub.edu\/epp\/?page_id=273"},"modified":"2026-03-24T13:04:15","modified_gmt":"2026-03-24T12:04:15","slug":"historia","status":"publish","type":"page","link":"https:\/\/www.ub.edu\/epp\/historia\/","title":{"rendered":"Historia del grupo"},"content":{"rendered":"<p>EPP se cre\u00f3 a inicios de los a\u00f1os noventa. Nuestro viaje empez\u00f3 cuando nos preguntamos por la articulaci\u00f3n de la sociedad y la respuesta nos llev\u00f3 a interesarnos por los espacios de poder y privilegio (\u00a1nuestro nombre!). Desarrollamos investigaciones sobre profesiones y organizaciones y profundizamos en el uso de las redes sociales para el estudio del poder social. El <a href=\"http:\/\/www.ub.edu\/epp\/lineas-de-investigacion\/\">An\u00e1lisis de Redes Sociales<\/a> nos permiti\u00f3 alcanzar una perspectiva relacional que no ofrecen las t\u00e9cnicas tradicionales. Dentro de este espacio se configur\u00f3 posteriormente NAGAR (Network Analysis Group), LEE (Laboratorio de Estudios Europeos) y el Politics &amp; Interlocking Directorates Group.<\/p>\n<p>Seguimos viajando y nos hicimos m\u00e1s preguntas y el programa de investigaciones del grupo evolucion\u00f3 hacia los <a href=\"http:\/\/www.ub.edu\/epp\/lineas-de-investigacion\/\">Estudios de Futuro<\/a>. Ante la velocidad del cambio de siglo nos dimos cuenta de la importancia de la acci\u00f3n del presente en la construcci\u00f3n del Futuro. Un futuro que se convierte a su vez en clave para entender el presente. El camino nos guio hacia la <a href=\"http:\/\/www.icariaeditorial.com\/libros.php?id=843\">Sociolog\u00eda del Futuro<\/a> y cuestionarnos por la transformaci\u00f3n de la sociedad y la configuraci\u00f3n de una sociedad global que ha implicado un cambio en la relaci\u00f3n Estado-Sociedad y la emergencia de tem\u00e1ticas y problem\u00e1ticas nuevas.<\/p>\n<p>Durante el viaje pudimos disfrutar de otros temas y nuevas preguntas. Por ejemplo, hicimos una parada en un <a href=\"http:\/\/www.ub.edu\/epp\/el-mundo-social-de-un-monasterio-budista-europeo\/\">monasterio de monjes budistas<\/a>. Otro d\u00eda, nos paramos a reflexionar <a href=\"http:\/\/www.ub.edu\/epp\/el-poder-vaticano\/\">con qui\u00e9n nos junt\u00e1bamos<\/a> y <a href=\"http:\/\/www.ub.edu\/epp\/la-red-terrorista-del-11m\/\">para qu\u00e9<\/a><u>.<\/u> Durante todo ese viaje hemos acumulado compa\u00f1eros y experiencias.<\/p>\n<p>Despu\u00e9s de dos d\u00e9cadas hemos llegado a los estudios de Felicidad y ahora nos preguntamos c\u00f3mo hacer una Sociedad Feliz. Por eso nos interesamos en <a href=\"http:\/\/www.ub.edu\/epp\/miembros\/anna-escobedo\/\">el equilibrio entre nuestro trabajo y nuestra vida privada<\/a>, en <a href=\"http:\/\/www.ub.edu\/epp\/lineas-de-investigacion\/\">llevarnos bien con nuestros vecinos<\/a>, en <a href=\"http:\/\/www.ub.edu\/epp\/miembros\/alberto-martin\/\">las emociones<\/a> y hasta en <a href=\"http:\/\/www.ub.edu\/epp\/miembros\/jose-antonio-rodriguez-diaz\/\">el Amor<\/a>. Hoy nos dedicamos al an\u00e1lisis de los caminos hacia la Felicidad.<\/p>\n<p>Te invitamos a visitar el apartado <a href=\"http:\/\/www.ub.edu\/epp\/redes-sociales\/\">Visualizando la Sociedad\u00a0<\/a>para informarte de nuestras novedades y trabajos m\u00e1s recientes.<\/p>\n","protected":false},"excerpt":{"rendered":"<p>EPP se cre\u00f3 a inicios de los a\u00f1os noventa. Nuestro viaje empez\u00f3 cuando nos preguntamos por la articulaci\u00f3n de la sociedad y la respuesta nos llev\u00f3 a interesarnos por los espacios de poder y privilegio (\u00a1nuestro nombre!). Desarrollamos investigaciones sobre profesiones y organizaciones y profundizamos en el uso de las [&hellip;]<\/p>\n","protected":false},"author":1,"featured_media":0,"parent":0,"menu_order":0,"comment_status":"closed","ping_status":"closed","template":"","meta":{"footnotes":""},"class_list":["post-273","page","type-page","status-publish","hentry"],"_links":{"self":[{"href":"https:\/\/www.ub.edu\/epp\/wp-json\/wp\/v2\/pages\/273","targetHints":{"allow":["GET"]}}],"collection":[{"href":"https:\/\/www.ub.edu\/epp\/wp-json\/wp\/v2\/pages"}],"about":[{"href":"https:\/\/www.ub.edu\/epp\/wp-json\/wp\/v2\/types\/page"}],"author":[{"embeddable":true,"href":"https:\/\/www.ub.edu\/epp\/wp-json\/wp\/v2\/users\/1"}],"replies":[{"embeddable":true,"href":"https:\/\/www.ub.edu\/epp\/wp-json\/wp\/v2\/comments?post=273"}],"version-history":[{"count":7,"href":"https:\/\/www.ub.edu\/epp\/wp-json\/wp\/v2\/pages\/273\/revisions"}],"predecessor-version":[{"id":1129,"href":"https:\/\/www.ub.edu\/epp\/wp-json\/wp\/v2\/pages\/273\/revisions\/1129"}],"wp:attachment":[{"href":"https:\/\/www.ub.edu\/epp\/wp-json\/wp\/v2\/media?parent=273"}],"curies":[{"name":"wp","href":"https:\/\/api.w.org\/{rel}","templated":true}]}}