{"id":52,"date":"2015-05-12T08:48:30","date_gmt":"2015-05-12T08:48:30","guid":{"rendered":"http:\/\/www.ub.edu\/epp\/?page_id=52"},"modified":"2026-03-26T09:20:41","modified_gmt":"2026-03-26T08:20:41","slug":"presentacion","status":"publish","type":"page","link":"https:\/\/www.ub.edu\/epp\/presentacion\/","title":{"rendered":"Estudios de Poder y Privilegio (EPP)"},"content":{"rendered":"<p>&nbsp;<\/p>\n<h2><span style=\"color: #000000;\"><b><a href=\"http:\/\/www.ub.edu\/epp\/wp-content\/uploads\/2016\/03\/LOGo_UB.jpg\"><img loading=\"lazy\" decoding=\"async\" src=\"http:\/\/www.ub.edu\/epp\/wp-content\/uploads\/2016\/03\/LOGo_UB-300x90.jpg\" alt=\"\" width=\"176\" height=\"53\" class=\"alignnone wp-image-302\" srcset=\"https:\/\/www.ub.edu\/epp\/wp-content\/uploads\/2016\/03\/LOGo_UB-300x90.jpg 300w, https:\/\/www.ub.edu\/epp\/wp-content\/uploads\/2016\/03\/LOGo_UB-768x231.jpg 768w, https:\/\/www.ub.edu\/epp\/wp-content\/uploads\/2016\/03\/LOGo_UB-1024x308.jpg 1024w\" sizes=\"auto, (max-width: 176px) 100vw, 176px\" \/>\u00a0\u00a0\u00a0\u00a0<\/a><a href=\"http:\/\/www.ub.edu\/epp\/wp-content\/uploads\/2015\/05\/LOGOEPP.jpg\"><img loading=\"lazy\" decoding=\"async\" src=\"http:\/\/www.ub.edu\/epp\/wp-content\/uploads\/2015\/05\/LOGOEPP-300x86.jpg\" alt=\"\" width=\"200\" height=\"57\" class=\"wp-image-42 alignnone\" srcset=\"https:\/\/www.ub.edu\/epp\/wp-content\/uploads\/2015\/05\/LOGOEPP-300x86.jpg 300w, https:\/\/www.ub.edu\/epp\/wp-content\/uploads\/2015\/05\/LOGOEPP.jpg 514w\" sizes=\"auto, (max-width: 200px) 100vw, 200px\" \/><\/a><\/b><\/span><\/h2>\n<h2><span style=\"color: #000000;\"><b>Estudios de Poder y Privilegio (EPP)<\/b><\/span><\/h2>\n<p><em>Grupo de investigaci\u00f3n consolidado &#8211; AGAUR (Generalitat de Catalunya) 2014SGR1128 &#8211; 2017SGR526 &#8211; <\/em><em><span class=\" sr_customExporter\">2021SGR00338<\/span><\/em><\/p>\n<p><span style=\"color: #000000;\">EPP es un <strong>grupo de investigaci\u00f3n consolidado de la Universidad de Barcelona<\/strong>, adscrito al <strong>Departamento de Sociolog\u00eda<\/strong>.<\/span><\/p>\n<p><span style=\"color: #000000;\">Somos un grupo interdisciplinar formado por soci\u00f3logos\/as, antrop\u00f3logos\/as y psic\u00f3logos\/as. En EPP nos dedicamos a investigar la felicidad desde una perspectiva sociol\u00f3gica y plural. En EPP pensamos en la felicidad como una meta social y leg\u00edtima que requiere ser estudiada por la ciencia. Pretendemos contribuir a la definici\u00f3n de la felicidad como objeto de estudio y avanzar en la construcci\u00f3n de una sociolog\u00eda de la felicidad. Si el siglo XX, especialmente la segunda parte, se identific\u00f3 con la construcci\u00f3n de la <em>sociedad del bienestar<\/em>, en EPP queremos poner nuestro conocimiento al servicio de la construcci\u00f3n de la <em>sociedad de la felicidad<\/em>.<\/span><\/p>\n<p><span style=\"color: #000000;\">Nuestras l\u00edneas de investigaci\u00f3n principales son:<\/span><\/p>\n<ul>\n<li>\n<h6><span style=\"color: #000080;\">Estudios sociales de felicidad<\/span><\/h6>\n<\/li>\n<li>\n<h6><span style=\"color: #000080;\">An\u00e1lisis de redes sociales<\/span><\/h6>\n<\/li>\n<li>\n<h6><span style=\"color: #000080;\">Sociolog\u00eda de las organizaciones<\/span><\/h6>\n<\/li>\n<li>\n<h6><span style=\"color: #000080;\">Sociolog\u00eda de las emociones<\/span><\/h6>\n<\/li>\n<li>\n<h6><span style=\"color: #000080;\">Estudios de futuro<\/span><\/h6>\n<\/li>\n<li>\n<h6><span style=\"color: #000080;\">Sociolog\u00eda pol\u00edtica y de la ciudadan\u00eda<\/span><\/h6>\n<\/li>\n<li>\n<h6><span style=\"color: #000080;\">Individuos en familias y perspectiva del ciclo vital<\/span><\/h6>\n<\/li>\n<li>\n<h6><span style=\"color: #000080;\">Religiones: budismo y di\u00e1logo interreligioso<\/span><\/h6>\n<\/li>\n<\/ul>\n","protected":false},"excerpt":{"rendered":"<p>&nbsp; \u00a0\u00a0\u00a0\u00a0 Estudios de Poder y Privilegio (EPP) Grupo de investigaci\u00f3n consolidado &#8211; AGAUR (Generalitat de Catalunya) 2014SGR1128 &#8211; 2017SGR526 &#8211; 2021SGR00338 EPP es un grupo de investigaci\u00f3n consolidado de la Universidad de Barcelona, adscrito al Departamento de Sociolog\u00eda. Somos un grupo interdisciplinar formado por soci\u00f3logos\/as, antrop\u00f3logos\/as y psic\u00f3logos\/as. En [&hellip;]<\/p>\n","protected":false},"author":1,"featured_media":0,"parent":0,"menu_order":0,"comment_status":"closed","ping_status":"closed","template":"","meta":{"footnotes":""},"class_list":["post-52","page","type-page","status-publish","hentry"],"_links":{"self":[{"href":"https:\/\/www.ub.edu\/epp\/wp-json\/wp\/v2\/pages\/52","targetHints":{"allow":["GET"]}}],"collection":[{"href":"https:\/\/www.ub.edu\/epp\/wp-json\/wp\/v2\/pages"}],"about":[{"href":"https:\/\/www.ub.edu\/epp\/wp-json\/wp\/v2\/types\/page"}],"author":[{"embeddable":true,"href":"https:\/\/www.ub.edu\/epp\/wp-json\/wp\/v2\/users\/1"}],"replies":[{"embeddable":true,"href":"https:\/\/www.ub.edu\/epp\/wp-json\/wp\/v2\/comments?post=52"}],"version-history":[{"count":38,"href":"https:\/\/www.ub.edu\/epp\/wp-json\/wp\/v2\/pages\/52\/revisions"}],"predecessor-version":[{"id":1157,"href":"https:\/\/www.ub.edu\/epp\/wp-json\/wp\/v2\/pages\/52\/revisions\/1157"}],"wp:attachment":[{"href":"https:\/\/www.ub.edu\/epp\/wp-json\/wp\/v2\/media?parent=52"}],"curies":[{"name":"wp","href":"https:\/\/api.w.org\/{rel}","templated":true}]}}

<p>&nbsp;</p>
<h2><span style="color: #000000;"><b><a href="http://www.ub.edu/epp/wp-content/uploads/2016/03/LOGo_UB.jpg"><img loading="lazy" decoding="async" src="http://www.ub.edu/epp/wp-content/uploads/2016/03/LOGo_UB-300x90.jpg" alt="" width="176" height="53" class="alignnone wp-image-302" srcset="https://www.ub.edu/epp/wp-content/uploads/2016/03/LOGo_UB-300x90.jpg 300w, https://www.ub.edu/epp/wp-content/uploads/2016/03/LOGo_UB-768x231.jpg 768w, https://www.ub.edu/epp/wp-content/uploads/2016/03/LOGo_UB-1024x308.jpg 1024w" sizes="auto, (max-width: 176px) 100vw, 176px" />    </a><a href="http://www.ub.edu/epp/wp-content/uploads/2015/05/LOGOEPP.jpg"><img loading="lazy" decoding="async" src="http://www.ub.edu/epp/wp-content/uploads/2015/05/LOGOEPP-300x86.jpg" alt="" width="200" height="57" class="wp-image-42 alignnone" srcset="https://www.ub.edu/epp/wp-content/uploads/2015/05/LOGOEPP-300x86.jpg 300w, https://www.ub.edu/epp/wp-content/uploads/2015/05/LOGOEPP.jpg 514w" sizes="auto, (max-width: 200px) 100vw, 200px" /></a></b></span></h2>
<h2><span style="color: #000000;"><b>Estudios de Poder y Privilegio (EPP)</b></span></h2>
<p><em>Grupo de investigación consolidado &#8211; AGAUR (Generalitat de Catalunya) 2014SGR1128 &#8211; 2017SGR526 &#8211; </em><em><span class=" sr_customExporter">2021SGR00338</span></em></p>
<p><span style="color: #000000;">EPP es un <strong>grupo de investigación consolidado de la Universidad de Barcelona</strong>, adscrito al <strong>Departamento de Sociología</strong>.</span></p>
<p><span style="color: #000000;">Somos un grupo interdisciplinar formado por sociólogos/as, antropólogos/as y psicólogos/as. En EPP nos dedicamos a investigar la felicidad desde una perspectiva sociológica y plural. En EPP pensamos en la felicidad como una meta social y legítima que requiere ser estudiada por la ciencia. Pretendemos contribuir a la definición de la felicidad como objeto de estudio y avanzar en la construcción de una sociología de la felicidad. Si el siglo XX, especialmente la segunda parte, se identificó con la construcción de la <em>sociedad del bienestar</em>, en EPP queremos poner nuestro conocimiento al servicio de la construcción de la <em>sociedad de la felicidad</em>.</span></p>
<p><span style="color: #000000;">Nuestras líneas de investigación principales son:</span></p>
<ul>
<li>
<h6><span style="color: #000080;">Estudios sociales de felicidad</span></h6>
</li>
<li>
<h6><span style="color: #000080;">Análisis de redes sociales</span></h6>
</li>
<li>
<h6><span style="color: #000080;">Sociología de las organizaciones</span></h6>
</li>
<li>
<h6><span style="color: #000080;">Sociología de las emociones</span></h6>
</li>
<li>
<h6><span style="color: #000080;">Estudios de futuro</span></h6>
</li>
<li>
<h6><span style="color: #000080;">Sociología política y de la ciudadanía</span></h6>
</li>
<li>
<h6><span style="color: #000080;">Individuos en familias y perspectiva del ciclo vital</span></h6>
</li>
<li>
<h6><span style="color: #000080;">Religiones: budismo y diálogo interreligioso</span></h6>
</li>
</ul>

<p>&nbsp;      Estudios de Poder y Privilegio (EPP) Grupo de investigación consolidado &#8211; AGAUR (Generalitat de Catalunya) 2014SGR1128 &#8211; 2017SGR526 &#8211; 2021SGR00338 EPP es un grupo de investigación consolidado de la Universidad de Barcelona, adscrito al Departamento de Sociología. Somos un grupo interdisciplinar formado por sociólogos/as, antropólogos/as y psicólogos/as. En [&hellip;]</p>
