{"id":128,"date":"2021-09-23T11:40:46","date_gmt":"2021-09-23T11:40:46","guid":{"rendered":"https:\/\/univbcn.mysiteweb.online\/personalizar-cookies\/"},"modified":"2021-09-23T11:51:36","modified_gmt":"2021-09-23T11:51:36","slug":"personalizar-cookies","status":"publish","type":"page","link":"https:\/\/www.ub.edu\/fintech\/personalizar-cookies\/","title":{"rendered":"Personalizar Cookies"},"content":{"rendered":"\n<div>\n      <div id=\"custom-cookies-eu-label\">\n          El sitio Web https:\/\/www.ub.edu\/fintech utiliza cookies propias  para su correcto funcionamiento. Al hacer clic en el bot\u00f3n Aceptar, acepta el uso de estas tecnolog\u00edas y el procesamiento de sus datos para estos prop\u00f3sitos.          \n\n      <\/div>\n\n      <div id=\"custom-cookies-eu-buttons\" class=\"cookies-eu-buttons\">\n        <button id=\"custom-cookies-eu-reject\" class=\"cookies-eu-reject\">Rechazar<\/button>\n        <button id=\"custom-cookies-eu-accept\" class=\"cookies-eu-accept\">ACEPTAR TODAS LAS COOKIES<\/button><\/div>\n      <\/div>\n\n<br\/>\n<p>\n\tPuedes cambiar tus preferencias de cookies en cualquier momento si vuelves a la p\u00e1gina de Personalizar cookies, a la que puedes acceder a trav\u00e9s del Aviso de cookies. Para obtener m\u00e1s informaci\u00f3n sobre las cookies y c\u00f3mo las usamos, consulta la p\u00e1gina de <a href=\"https:\/\/www.ub.edu\/fintech\/politica-de-cookies\/\">Pol\u00edtica de Cookies<\/a>.\n<\/p>\n\n<h3>Cookies t\u00e9cnicas<\/h3>\n<p>\n\tSon aquellas que permiten a los usuarios registrados navegar a trav\u00e9s del sitio Web, del \u00e1rea restringida y a utilizar sus diferentes funciones, como por ejemplo, el sistema de comentarios o el buscador y no pueden ser desactivadas.\n<\/p>\n\n\n<div class=\"custom-cookies-option\">\n  <h3>Cookies sociales<\/h3>\n  <span>\n    <input type=\"radio\" name=\"cookies-social-option\" value=\"true\" class=\"custom-cookies-radio\" data-consent=\"SCLS\" id=\"custom-cookies-accept-social\" \n    >\n    <label for=\"custom-cookies-accept-social\">Activar<\/label>\n    &nbsp;&nbsp;\n    <input type=\"radio\" name=\"cookies-social-option\" value=\"false\" class=\"custom-cookies-radio\" data-consent=\"SCLS\" id=\"custom-cookies-reject-social\" \n    checked>\n    <label for=\"custom-cookies-reject-social\">Desactivar<\/label>\n<\/span>\n<\/div>\n\n<p>\n  Son establecidas por las plataformas de redes sociales para permitir a los usuarios compartir contenido con sus amigos y redes.  \n<\/p>\n\n\n<p><\/p>\n\n\n\n<p><\/p>\n\n\n\n<p><\/p>\n","protected":false},"excerpt":{"rendered":"<p>El sitio Web https:\/\/www.ub.edu\/fintech utiliza cookies propias para su correcto funcionamiento. Al hacer clic en el bot\u00f3n Aceptar, acepta el uso de estas tecnolog\u00edas y el procesamiento de sus datos para estos prop\u00f3sitos. Rechazar ACEPTAR TODAS LAS COOKIES Puedes cambiar tus preferencias de cookies en cualquier momento si vuelves a la p\u00e1gina de Personalizar cookies, &hellip; <a href=\"https:\/\/www.ub.edu\/fintech\/personalizar-cookies\/\" class=\"more-link\">Continue reading<span class=\"screen-reader-text\"> \u00abPersonalizar Cookies\u00bb<\/span><\/a><\/p>\n","protected":false},"author":2,"featured_media":0,"parent":0,"menu_order":0,"comment_status":"closed","ping_status":"closed","template":"","meta":{"_joinchat":[],"footnotes":""},"class_list":["post-128","page","type-page","status-publish","hentry"],"yoast_head":"<!-- This site is optimized with the Yoast SEO plugin v24.0 - https:\/\/yoast.com\/wordpress\/plugins\/seo\/ -->\n<title>Personalizar Cookies - M\u00e0ster Fintech - Universidad de Barcelona<\/title>\n<meta name=\"robots\" content=\"index, follow, max-snippet:-1, max-image-preview:large, max-video-preview:-1\" \/>\n<link rel=\"canonical\" href=\"https:\/\/www.ub.edu\/fintech\/personalizar-cookies\/\" \/>\n<meta property=\"og:locale\" content=\"es_ES\" \/>\n<meta property=\"og:type\" content=\"article\" \/>\n<meta property=\"og:title\" content=\"Personalizar Cookies - M\u00e0ster Fintech - Universidad de Barcelona\" \/>\n<meta property=\"og:description\" content=\"El sitio Web https:\/\/www.ub.edu\/fintech utiliza cookies propias para su correcto funcionamiento. Al hacer clic en el bot\u00f3n Aceptar, acepta el uso de estas tecnolog\u00edas y el procesamiento de sus datos para estos prop\u00f3sitos. Rechazar ACEPTAR TODAS LAS COOKIES Puedes cambiar tus preferencias de cookies en cualquier momento si vuelves a la p\u00e1gina de Personalizar cookies, &hellip; Continue reading &quot;Personalizar Cookies&quot;\" \/>\n<meta property=\"og:url\" content=\"https:\/\/www.ub.edu\/fintech\/personalizar-cookies\/\" \/>\n<meta property=\"og:site_name\" content=\"M\u00e0ster Fintech - Universidad de Barcelona\" \/>\n<meta property=\"article:modified_time\" content=\"2021-09-23T11:51:36+00:00\" \/>\n<meta name=\"twitter:card\" content=\"summary_large_image\" \/>\n<script type=\"application\/ld+json\" class=\"yoast-schema-graph\">{\"@context\":\"https:\/\/schema.org\",\"@graph\":[{\"@type\":\"WebPage\",\"@id\":\"https:\/\/www.ub.edu\/fintech\/personalizar-cookies\/\",\"url\":\"https:\/\/www.ub.edu\/fintech\/personalizar-cookies\/\",\"name\":\"Personalizar Cookies - M\u00e0ster Fintech - Universidad de Barcelona\",\"isPartOf\":{\"@id\":\"https:\/\/www.ub.edu\/fintech\/#website\"},\"datePublished\":\"2021-09-23T11:40:46+00:00\",\"dateModified\":\"2021-09-23T11:51:36+00:00\",\"breadcrumb\":{\"@id\":\"https:\/\/www.ub.edu\/fintech\/personalizar-cookies\/#breadcrumb\"},\"inLanguage\":\"es\",\"potentialAction\":[{\"@type\":\"ReadAction\",\"target\":[\"https:\/\/www.ub.edu\/fintech\/personalizar-cookies\/\"]}]},{\"@type\":\"BreadcrumbList\",\"@id\":\"https:\/\/www.ub.edu\/fintech\/personalizar-cookies\/#breadcrumb\",\"itemListElement\":[{\"@type\":\"ListItem\",\"position\":1,\"name\":\"Portada\",\"item\":\"https:\/\/www.ub.edu\/fintech\/\"},{\"@type\":\"ListItem\",\"position\":2,\"name\":\"Personalizar Cookies\"}]},{\"@type\":\"WebSite\",\"@id\":\"https:\/\/www.ub.edu\/fintech\/#website\",\"url\":\"https:\/\/www.ub.edu\/fintech\/\",\"name\":\"M\u00e0ster Fintech - Universidad de Barcelona\",\"description\":\"El M\u00e0ster de Fintech te convertir\u00e1 en experto en la industria financiera que aplica nuevas tecnolog\u00edas a actividades financieras y de inversi\u00f3n. El postgrado ofrece herramientas para poder expandir los diferentes verticales de las empresas financieras e incluso poder crear la propia Start-Up.\",\"publisher\":{\"@id\":\"https:\/\/www.ub.edu\/fintech\/#organization\"},\"potentialAction\":[{\"@type\":\"SearchAction\",\"target\":{\"@type\":\"EntryPoint\",\"urlTemplate\":\"https:\/\/www.ub.edu\/fintech\/?s={search_term_string}\"},\"query-input\":{\"@type\":\"PropertyValueSpecification\",\"valueRequired\":true,\"valueName\":\"search_term_string\"}}],\"inLanguage\":\"es\"},{\"@type\":\"Organization\",\"@id\":\"https:\/\/www.ub.edu\/fintech\/#organization\",\"name\":\"M\u00e0ster Fintech - Universidad de Barcelona\",\"url\":\"https:\/\/www.ub.edu\/fintech\/\",\"logo\":{\"@type\":\"ImageObject\",\"inLanguage\":\"es\",\"@id\":\"https:\/\/www.ub.edu\/fintech\/#\/schema\/logo\/image\/\",\"url\":\"https:\/\/www.ub.edu\/fintech\/wp-content\/uploads\/2021\/09\/logotipo-universidad-de-barcelona.png\",\"contentUrl\":\"https:\/\/www.ub.edu\/fintech\/wp-content\/uploads\/2021\/09\/logotipo-universidad-de-barcelona.png\",\"width\":582,\"height\":159,\"caption\":\"M\u00e0ster Fintech - Universidad de Barcelona\"},\"image\":{\"@id\":\"https:\/\/www.ub.edu\/fintech\/#\/schema\/logo\/image\/\"}}]}<\/script>\n<!-- \/ Yoast SEO plugin. -->","yoast_head_json":{"title":"Personalizar Cookies - M\u00e0ster Fintech - Universidad de Barcelona","robots":{"index":"index","follow":"follow","max-snippet":"max-snippet:-1","max-image-preview":"max-image-preview:large","max-video-preview":"max-video-preview:-1"},"canonical":"https:\/\/www.ub.edu\/fintech\/personalizar-cookies\/","og_locale":"es_ES","og_type":"article","og_title":"Personalizar Cookies - M\u00e0ster Fintech - Universidad de Barcelona","og_description":"El sitio Web https:\/\/www.ub.edu\/fintech utiliza cookies propias para su correcto funcionamiento. Al hacer clic en el bot\u00f3n Aceptar, acepta el uso de estas tecnolog\u00edas y el procesamiento de sus datos para estos prop\u00f3sitos. Rechazar ACEPTAR TODAS LAS COOKIES Puedes cambiar tus preferencias de cookies en cualquier momento si vuelves a la p\u00e1gina de Personalizar cookies, &hellip; Continue reading \"Personalizar Cookies\"","og_url":"https:\/\/www.ub.edu\/fintech\/personalizar-cookies\/","og_site_name":"M\u00e0ster Fintech - Universidad de Barcelona","article_modified_time":"2021-09-23T11:51:36+00:00","twitter_card":"summary_large_image","schema":{"@context":"https:\/\/schema.org","@graph":[{"@type":"WebPage","@id":"https:\/\/www.ub.edu\/fintech\/personalizar-cookies\/","url":"https:\/\/www.ub.edu\/fintech\/personalizar-cookies\/","name":"Personalizar Cookies - M\u00e0ster Fintech - Universidad de Barcelona","isPartOf":{"@id":"https:\/\/www.ub.edu\/fintech\/#website"},"datePublished":"2021-09-23T11:40:46+00:00","dateModified":"2021-09-23T11:51:36+00:00","breadcrumb":{"@id":"https:\/\/www.ub.edu\/fintech\/personalizar-cookies\/#breadcrumb"},"inLanguage":"es","potentialAction":[{"@type":"ReadAction","target":["https:\/\/www.ub.edu\/fintech\/personalizar-cookies\/"]}]},{"@type":"BreadcrumbList","@id":"https:\/\/www.ub.edu\/fintech\/personalizar-cookies\/#breadcrumb","itemListElement":[{"@type":"ListItem","position":1,"name":"Portada","item":"https:\/\/www.ub.edu\/fintech\/"},{"@type":"ListItem","position":2,"name":"Personalizar Cookies"}]},{"@type":"WebSite","@id":"https:\/\/www.ub.edu\/fintech\/#website","url":"https:\/\/www.ub.edu\/fintech\/","name":"M\u00e0ster Fintech - Universidad de Barcelona","description":"El M\u00e0ster de Fintech te convertir\u00e1 en experto en la industria financiera que aplica nuevas tecnolog\u00edas a actividades financieras y de inversi\u00f3n. El postgrado ofrece herramientas para poder expandir los diferentes verticales de las empresas financieras e incluso poder crear la propia Start-Up.","publisher":{"@id":"https:\/\/www.ub.edu\/fintech\/#organization"},"potentialAction":[{"@type":"SearchAction","target":{"@type":"EntryPoint","urlTemplate":"https:\/\/www.ub.edu\/fintech\/?s={search_term_string}"},"query-input":{"@type":"PropertyValueSpecification","valueRequired":true,"valueName":"search_term_string"}}],"inLanguage":"es"},{"@type":"Organization","@id":"https:\/\/www.ub.edu\/fintech\/#organization","name":"M\u00e0ster Fintech - Universidad de Barcelona","url":"https:\/\/www.ub.edu\/fintech\/","logo":{"@type":"ImageObject","inLanguage":"es","@id":"https:\/\/www.ub.edu\/fintech\/#\/schema\/logo\/image\/","url":"https:\/\/www.ub.edu\/fintech\/wp-content\/uploads\/2021\/09\/logotipo-universidad-de-barcelona.png","contentUrl":"https:\/\/www.ub.edu\/fintech\/wp-content\/uploads\/2021\/09\/logotipo-universidad-de-barcelona.png","width":582,"height":159,"caption":"M\u00e0ster Fintech - Universidad de Barcelona"},"image":{"@id":"https:\/\/www.ub.edu\/fintech\/#\/schema\/logo\/image\/"}}]}},"_links":{"self":[{"href":"https:\/\/www.ub.edu\/fintech\/wp-json\/wp\/v2\/pages\/128","targetHints":{"allow":["GET"]}}],"collection":[{"href":"https:\/\/www.ub.edu\/fintech\/wp-json\/wp\/v2\/pages"}],"about":[{"href":"https:\/\/www.ub.edu\/fintech\/wp-json\/wp\/v2\/types\/page"}],"author":[{"embeddable":true,"href":"https:\/\/www.ub.edu\/fintech\/wp-json\/wp\/v2\/users\/2"}],"replies":[{"embeddable":true,"href":"https:\/\/www.ub.edu\/fintech\/wp-json\/wp\/v2\/comments?post=128"}],"version-history":[{"count":1,"href":"https:\/\/www.ub.edu\/fintech\/wp-json\/wp\/v2\/pages\/128\/revisions"}],"predecessor-version":[{"id":144,"href":"https:\/\/www.ub.edu\/fintech\/wp-json\/wp\/v2\/pages\/128\/revisions\/144"}],"wp:attachment":[{"href":"https:\/\/www.ub.edu\/fintech\/wp-json\/wp\/v2\/media?parent=128"}],"curies":[{"name":"wp","href":"https:\/\/api.w.org\/{rel}","templated":true}]}}