{"id":1594,"date":"2024-09-16T10:54:56","date_gmt":"2024-09-16T08:54:56","guid":{"rendered":"https:\/\/www.ub.edu\/freilas\/?page_id=1594"},"modified":"2024-12-02T16:06:45","modified_gmt":"2024-12-02T15:06:45","slug":"stakeholders","status":"publish","type":"page","link":"https:\/\/www.ub.edu\/freilas\/stakeholders\/","title":{"rendered":"Stakeholders"},"content":{"rendered":"\t\t<div data-elementor-type=\"wp-page\" data-elementor-id=\"1594\" class=\"elementor elementor-1594\">\n\t\t\t\t<div class=\"elementor-element elementor-element-c4d324c e-flex e-con-boxed e-con e-parent\" data-id=\"c4d324c\" data-element_type=\"container\">\n\t\t\t\t\t<div class=\"e-con-inner\">\n\t\t<div class=\"elementor-element elementor-element-dc7ae1b e-con-full e-flex e-con e-child\" data-id=\"dc7ae1b\" data-element_type=\"container\">\n\t\t\t\t<div class=\"elementor-element elementor-element-390f59c elementor-widget elementor-widget-text-editor\" data-id=\"390f59c\" data-element_type=\"widget\" data-widget_type=\"text-editor.default\">\n\t\t\t\t<div class=\"elementor-widget-container\">\n\t\t\t\t\t\t\t\t\t<p style=\"font-size: 110%;\"><span style=\"color: #5e7833;\"><strong> FREILAS<\/strong><\/span>\u00a0 cuenta con el apoyo expl\u00edcito de entidades promotoras a las que pertenecen los miembros del <a href=\"https:\/\/www.ub.edu\/freilas\/?page_id=168\" target=\"_ blank\">Equipo de Trabajo<\/a>. Pero, en coherencia con los planteamientos de base del proyecto, FREILAS quiere ir m\u00e1s all\u00e1 y se propone establecer relaciones con un buen n\u00famero de entidades y centros que puedan estar interesados en diferentes aspectos del trabajo que se desarrolla. En consecuencia, un objetivo suplementario del proyecto es crear una red de Stakeholders que canalice la relaci\u00f3n con los diversos usuarios y facilite en di\u00e1logo con ellos.<\/p>\t\t\t\t\t\t\t\t<\/div>\n\t\t\t\t<\/div>\n\t\t\t\t<\/div>\n\t\t<div class=\"elementor-element elementor-element-764cfe4 e-con-full e-flex e-con e-child\" data-id=\"764cfe4\" data-element_type=\"container\">\n\t\t<div class=\"elementor-element elementor-element-d1f19b1 e-grid e-con-full e-con e-child\" data-id=\"d1f19b1\" data-element_type=\"container\">\n\t\t\t\t<div class=\"elementor-element elementor-element-b90086b elementor-widget elementor-widget-image\" data-id=\"b90086b\" data-element_type=\"widget\" data-widget_type=\"image.default\">\n\t\t\t\t<div class=\"elementor-widget-container\">\n\t\t\t\t\t\t\t\t\t\t\t\t\t\t\t<img decoding=\"async\" width=\"300\" height=\"126\" src=\"https:\/\/www.ub.edu\/freilas\/wp-content\/uploads\/2024\/10\/Logo-Departament-de-Cultura-1-300x126.jpg\" class=\"attachment-medium size-medium wp-image-1888\" alt=\"\" srcset=\"https:\/\/www.ub.edu\/freilas\/wp-content\/uploads\/2024\/10\/Logo-Departament-de-Cultura-1-300x126.jpg 300w, https:\/\/www.ub.edu\/freilas\/wp-content\/uploads\/2024\/10\/Logo-Departament-de-Cultura-1.jpg 475w\" sizes=\"(max-width: 300px) 100vw, 300px\" \/>\t\t\t\t\t\t\t\t\t\t\t\t\t\t\t<\/div>\n\t\t\t\t<\/div>\n\t\t\t\t<div class=\"elementor-element elementor-element-900144a elementor-widget elementor-widget-image\" data-id=\"900144a\" data-element_type=\"widget\" data-widget_type=\"image.default\">\n\t\t\t\t<div class=\"elementor-widget-container\">\n\t\t\t\t\t\t\t\t\t\t\t\t\t\t\t<img fetchpriority=\"high\" decoding=\"async\" width=\"300\" height=\"167\" src=\"https:\/\/www.ub.edu\/freilas\/wp-content\/uploads\/2024\/10\/Logo-Ajuntament_Alguaire_2-300x167.png\" class=\"attachment-medium size-medium wp-image-1882\" alt=\"\" srcset=\"https:\/\/www.ub.edu\/freilas\/wp-content\/uploads\/2024\/10\/Logo-Ajuntament_Alguaire_2-300x167.png 300w, https:\/\/www.ub.edu\/freilas\/wp-content\/uploads\/2024\/10\/Logo-Ajuntament_Alguaire_2.png 450w\" sizes=\"(max-width: 300px) 100vw, 300px\" \/>\t\t\t\t\t\t\t\t\t\t\t\t\t\t\t<\/div>\n\t\t\t\t<\/div>\n\t\t\t\t<div class=\"elementor-element elementor-element-13cb765 elementor-widget elementor-widget-image\" data-id=\"13cb765\" data-element_type=\"widget\" data-widget_type=\"image.default\">\n\t\t\t\t<div class=\"elementor-widget-container\">\n\t\t\t\t\t\t\t\t\t\t\t\t\t\t\t<img decoding=\"async\" width=\"298\" height=\"123\" src=\"https:\/\/www.ub.edu\/freilas\/wp-content\/uploads\/2024\/10\/Logo-MUHBA.png\" class=\"attachment-medium size-medium wp-image-1886\" alt=\"\" \/>\t\t\t\t\t\t\t\t\t\t\t\t\t\t\t<\/div>\n\t\t\t\t<\/div>\n\t\t\t\t<div class=\"elementor-element elementor-element-10e361b elementor-widget elementor-widget-image\" data-id=\"10e361b\" data-element_type=\"widget\" data-widget_type=\"image.default\">\n\t\t\t\t<div class=\"elementor-widget-container\">\n\t\t\t\t\t\t\t\t\t\t\t\t\t\t\t<img loading=\"lazy\" decoding=\"async\" width=\"150\" height=\"150\" src=\"https:\/\/www.ub.edu\/freilas\/wp-content\/uploads\/2024\/12\/Logo-ArchivoProvincialHuesca-150x150.jpg\" class=\"attachment-thumbnail size-thumbnail wp-image-2353\" alt=\"\" srcset=\"https:\/\/www.ub.edu\/freilas\/wp-content\/uploads\/2024\/12\/Logo-ArchivoProvincialHuesca-150x150.jpg 150w, https:\/\/www.ub.edu\/freilas\/wp-content\/uploads\/2024\/12\/Logo-ArchivoProvincialHuesca.jpg 225w\" sizes=\"(max-width: 150px) 100vw, 150px\" \/>\t\t\t\t\t\t\t\t\t\t\t\t\t\t\t<\/div>\n\t\t\t\t<\/div>\n\t\t\t\t<\/div>\n\t\t\t\t<\/div>\n\t\t\t\t\t<\/div>\n\t\t\t\t<\/div>\n\t\t\t\t<\/div>\n\t\t","protected":false},"excerpt":{"rendered":"<p>FREILAS\u00a0 cuenta con el apoyo expl\u00edcito de entidades promotoras a las que pertenecen los miembros del Equipo de Trabajo. Pero, en coherencia con los planteamientos de base del proyecto, FREILAS quiere ir m\u00e1s all\u00e1 y se propone establecer relaciones con un buen n\u00famero de entidades y centros que puedan estar interesados en diferentes aspectos del [&hellip;]<\/p>\n","protected":false},"author":1,"featured_media":0,"parent":0,"menu_order":0,"comment_status":"closed","ping_status":"closed","template":"","meta":{"ocean_post_layout":"","ocean_both_sidebars_style":"","ocean_both_sidebars_content_width":0,"ocean_both_sidebars_sidebars_width":0,"ocean_sidebar":"","ocean_second_sidebar":"","ocean_disable_margins":"enable","ocean_add_body_class":"","ocean_shortcode_before_top_bar":"","ocean_shortcode_after_top_bar":"","ocean_shortcode_before_header":"","ocean_shortcode_after_header":"","ocean_has_shortcode":"","ocean_shortcode_after_title":"","ocean_shortcode_before_footer_widgets":"","ocean_shortcode_after_footer_widgets":"","ocean_shortcode_before_footer_bottom":"","ocean_shortcode_after_footer_bottom":"","ocean_display_top_bar":"default","ocean_display_header":"default","ocean_header_style":"","ocean_center_header_left_menu":"","ocean_custom_header_template":"","ocean_custom_logo":0,"ocean_custom_retina_logo":0,"ocean_custom_logo_max_width":0,"ocean_custom_logo_tablet_max_width":0,"ocean_custom_logo_mobile_max_width":0,"ocean_custom_logo_max_height":0,"ocean_custom_logo_tablet_max_height":0,"ocean_custom_logo_mobile_max_height":0,"ocean_header_custom_menu":"","ocean_menu_typo_font_family":"","ocean_menu_typo_font_subset":"","ocean_menu_typo_font_size":0,"ocean_menu_typo_font_size_tablet":0,"ocean_menu_typo_font_size_mobile":0,"ocean_menu_typo_font_size_unit":"px","ocean_menu_typo_font_weight":"","ocean_menu_typo_font_weight_tablet":"","ocean_menu_typo_font_weight_mobile":"","ocean_menu_typo_transform":"","ocean_menu_typo_transform_tablet":"","ocean_menu_typo_transform_mobile":"","ocean_menu_typo_line_height":0,"ocean_menu_typo_line_height_tablet":0,"ocean_menu_typo_line_height_mobile":0,"ocean_menu_typo_line_height_unit":"","ocean_menu_typo_spacing":0,"ocean_menu_typo_spacing_tablet":0,"ocean_menu_typo_spacing_mobile":0,"ocean_menu_typo_spacing_unit":"","ocean_menu_link_color":"","ocean_menu_link_color_hover":"","ocean_menu_link_color_active":"","ocean_menu_link_background":"","ocean_menu_link_hover_background":"","ocean_menu_link_active_background":"","ocean_menu_social_links_bg":"","ocean_menu_social_hover_links_bg":"","ocean_menu_social_links_color":"","ocean_menu_social_hover_links_color":"","ocean_disable_title":"default","ocean_disable_heading":"default","ocean_post_title":"","ocean_post_subheading":"","ocean_post_title_style":"solid-color","ocean_post_title_background_color":"#5e7833","ocean_post_title_background":0,"ocean_post_title_bg_image_position":"","ocean_post_title_bg_image_attachment":"","ocean_post_title_bg_image_repeat":"","ocean_post_title_bg_image_size":"","ocean_post_title_height":0,"ocean_post_title_bg_overlay":0.5,"ocean_post_title_bg_overlay_color":"","ocean_disable_breadcrumbs":"default","ocean_breadcrumbs_color":"","ocean_breadcrumbs_separator_color":"","ocean_breadcrumbs_links_color":"","ocean_breadcrumbs_links_hover_color":"","ocean_display_footer_widgets":"default","ocean_display_footer_bottom":"default","ocean_custom_footer_template":"","footnotes":""},"class_list":["post-1594","page","type-page","status-publish","hentry","entry"],"_links":{"self":[{"href":"https:\/\/www.ub.edu\/freilas\/wp-json\/wp\/v2\/pages\/1594","targetHints":{"allow":["GET"]}}],"collection":[{"href":"https:\/\/www.ub.edu\/freilas\/wp-json\/wp\/v2\/pages"}],"about":[{"href":"https:\/\/www.ub.edu\/freilas\/wp-json\/wp\/v2\/types\/page"}],"author":[{"embeddable":true,"href":"https:\/\/www.ub.edu\/freilas\/wp-json\/wp\/v2\/users\/1"}],"replies":[{"embeddable":true,"href":"https:\/\/www.ub.edu\/freilas\/wp-json\/wp\/v2\/comments?post=1594"}],"version-history":[{"count":0,"href":"https:\/\/www.ub.edu\/freilas\/wp-json\/wp\/v2\/pages\/1594\/revisions"}],"wp:attachment":[{"href":"https:\/\/www.ub.edu\/freilas\/wp-json\/wp\/v2\/media?parent=1594"}],"curies":[{"name":"wp","href":"https:\/\/api.w.org\/{rel}","templated":true}]}}