{"id":332,"date":"2023-04-30T19:21:54","date_gmt":"2023-04-30T17:21:54","guid":{"rendered":"https:\/\/www.ub.edu\/functionalmaterials\/?page_id=332"},"modified":"2023-07-13T16:07:38","modified_gmt":"2023-07-13T14:07:38","slug":"actualitat","status":"publish","type":"page","link":"https:\/\/www.ub.edu\/functionalmaterials\/actualitat\/","title":{"rendered":"Actualitat"},"content":{"rendered":"<p>[et_pb_section fb_built=&#8221;1&#8243; fullwidth=&#8221;on&#8221; _builder_version=&#8221;4.20.0&#8243; _module_preset=&#8221;default&#8221; global_colors_info=&#8221;{}&#8221;][et_pb_fullwidth_header title=&#8221;Actualitat&#8221; _builder_version=&#8221;4.20.4&#8243; _module_preset=&#8221;default&#8221; title_font=&#8221;|300|||||||&#8221; title_font_size=&#8221;60px&#8221; use_background_color_gradient=&#8221;on&#8221; background_color_gradient_type=&#8221;circular&#8221; background_color_gradient_direction_radial=&#8221;top left&#8221; background_color_gradient_stops=&#8221;rgba(11,84,105,0.73) 0%|rgba(51,18,35,0.69) 32%|rgba(163,140,98,0.69) 56%|rgba(5,154,178,0.66) 87%&#8221; background_color_gradient_overlays_image=&#8221;on&#8221; background_image=&#8221;https:\/\/www.ub.edu\/functionalmaterials\/wp-content\/uploads\/2023\/05\/Actualitat_foto-capcalera-ub.webp&#8221; min_height=&#8221;50vh&#8221; custom_padding=&#8221;15vh||15vh||false|false&#8221; custom_css_header_container=&#8221;||&#8221; custom_css_title=&#8221;max-width:40%;&#8221; global_colors_info=&#8221;{}&#8221; custom_css_header_container_last_edited=&#8221;on|desktop&#8221; custom_css_title_last_edited=&#8221;on|phone&#8221; custom_css_title_tablet=&#8221;max-width:80%;&#8221; custom_css_title_phone=&#8221;max-width:100%;&#8221; custom_css_header_container_tablet=&#8221;||&#8221; custom_css_header_container_phone=&#8221;||&#8221;][\/et_pb_fullwidth_header][\/et_pb_section][et_pb_section fb_built=&#8221;1&#8243; admin_label=&#8221;section&#8221; _builder_version=&#8221;4.16&#8243; global_colors_info=&#8221;{}&#8221;][et_pb_row admin_label=&#8221;row&#8221; _builder_version=&#8221;4.20.4&#8243; background_size=&#8221;initial&#8221; background_position=&#8221;top_left&#8221; background_repeat=&#8221;repeat&#8221; custom_margin=&#8221;||0px||false|false&#8221; custom_padding=&#8221;||0px||false|false&#8221; global_colors_info=&#8221;{}&#8221;][et_pb_column type=&#8221;4_4&#8243; _builder_version=&#8221;4.16&#8243; custom_padding=&#8221;|||&#8221; global_colors_info=&#8221;{}&#8221; custom_padding__hover=&#8221;|||&#8221;][et_pb_text _builder_version=&#8221;4.20.4&#8243; _module_preset=&#8221;default&#8221; global_colors_info=&#8221;{}&#8221;]<\/p>\n\n\t\n\t<div class=\"llista_actualitat \" ><div class=\"et_pb_row  et_pb_equal_columns\" style=\"width:100%;\"><div class=\"et_pb_column et_pb_column_1_2\"><article class=\"item una_actualitat \">\n\t    \t<div class=\"imatge_actualitat\"><img decoding=\"async\" src=\"https:\/\/www.ub.edu\/functionalmaterials\/wp-content\/uploads\/2025\/12\/Cover-page-Adv-Materials-Inter-2025-Regis-Airbrushing-A-Novel-Method-for-Preparation-of-High\u2010Emissivity-Black-Coating-for-1.jpg\"><\/div>\n\t\t\t\t\t<h4 class=\"fletxa_anterior\">\u201cAirbrushing: A Novel Method for Preparation of High-emissivity Black Coating for Infrared Measurements\u201d, featured cover of Wiley Advanced November 2025.<\/h4><div style=\"text-align:center;\"><a href=\"https:\/\/advanced.onlinelibrary.wiley.com\/doi\/10.1002\/admi.70203\" class=\"et_pb_button et_pb_bg_layout_light\" target=\"_blank\">M\u00e9s info<\/a><\/div><\/article><\/div><div class=\"et_pb_column et_pb_column_1_2\"><article class=\"item una_actualitat \">\n\t    \t<div class=\"imatge_actualitat\"><img decoding=\"async\" src=\"https:\/\/www.ub.edu\/functionalmaterials\/wp-content\/uploads\/2025\/12\/\u5fae\u4fe1\u56fe\u7247_20251205140600_98_180-scaled.jpg\"><\/div>\n\t\t\t\t\t<h4 class=\"fletxa_anterior\">Team building activity<\/h4><div style=\"text-align:center;\"><a href=\"https:\/\/www.ub.edu\/functionalmaterials\/2025\/11\/25\/team-building-activity\/\" class=\"et_pb_button et_pb_bg_layout_light\" target=\"_blank\">M\u00e9s info<\/a><\/div><\/article><\/div><div class=\"et_pb_column et_pb_column_1_2 et-last-child\"><article class=\"item una_actualitat \">\n\t    \t<div class=\"imatge_actualitat\"><img decoding=\"async\" src=\"https:\/\/www.ub.edu\/functionalmaterials\/wp-content\/uploads\/2025\/06\/foto-twister-capcalera-retoc.jpg\"><\/div>\n\t\t\t\t\t<h4 class=\"fletxa_anterior\">El projecte TWISTER, del Departament de F\u00edsica de la Mat\u00e8ria Condensada, seleccionat en la convocat\u00f2ria d\u2019Ajuts d\u2019Ind\u00fastria del Coneixement 2023<\/h4><div style=\"text-align:center;\"><a href=\"https:\/\/www.fbg.ub.edu\/actualitat\/la-ub-lidera-el-ranquing-duniversitats-catalanes-amb-el-major-nombre-de-projectes-seleccionats-en-la-convocatoria-dajuts-dindustria-del-coneixement-2023\/\" class=\"et_pb_button et_pb_bg_layout_light\" target=\"_blank\">M\u00e9s info<\/a><\/div><\/article><\/div><\/div><div class=\"et_pb_row  et_pb_equal_columns\" style=\"width:100%;\"><div class=\"et_pb_column et_pb_column_1_2\"><article class=\"item una_actualitat \">\n\t    \t<div class=\"imatge_actualitat\"><img decoding=\"async\" src=\"https:\/\/www.ub.edu\/functionalmaterials\/wp-content\/uploads\/2025\/06\/UB_portada-llibre_Phase-Transition.jpeg\"><\/div>\n\t\t\t\t\t<h4 class=\"fletxa_anterior\">El Professor em\u00e8rit Antoni Planes Vila ha publicat el llibre Phase Transitions: A Materials Perspective, una introducci\u00f3 a la teoria de les transicions de fase i la seva aplicaci\u00f3 a materials reals.<\/h4><div style=\"text-align:center;\"><a href=\"https:\/\/www.cambridge.org\/9781009549752\" class=\"et_pb_button et_pb_bg_layout_light\" target=\"_blank\">M\u00e9s info<\/a><\/div><\/article><\/div><div class=\"et_pb_column et_pb_column_1_2\"><article class=\"item una_actualitat \">\n\t    \t<div class=\"imatge_actualitat\"><img decoding=\"async\" src=\"https:\/\/www.ub.edu\/functionalmaterials\/wp-content\/uploads\/2023\/12\/Premis-Consell-Social-i-FBG_guanyadors-2023.jpg\"><\/div>\n\t\t\t\t\t<h4 class=\"fletxa_anterior\">Adri\u00e0 Gr\u00e0cia ha estat guardonat amb el Premi Ramon Margalef del Consell Social i de la Fundaci\u00f3 Bosch i Gimpera per el seu treball \u201cA multicaloric cooling cycle that exploits thermal hysteresis\u201d publicat a Nature Materials<\/h4><div style=\"text-align:center;\"><a href=\"https:\/\/www.ub.edu\/portal\/web\/fisica\/detall\/-\/detall\/adria-gracia-premi-ramon-margalef-del-consell-social-i-de-la-fundacio-bosch-i-gimpera\" class=\"et_pb_button et_pb_bg_layout_light\" target=\"_blank\">M\u00e9s info<\/a><\/div><\/article><\/div><div class=\"et_pb_column et_pb_column_1_2 et-last-child\"><article class=\"item una_actualitat \">\n\t    \t<div class=\"imatge_actualitat\"><img decoding=\"async\" src=\"https:\/\/www.ub.edu\/functionalmaterials\/wp-content\/uploads\/2023\/09\/2023-antoni-planes-23318-S.jpg\"><\/div>\n\t\t\t\t\t<h4 class=\"fletxa_anterior\">Confer\u00e8ncia &#8220;Transicions de fase en els materials: Homenatge al 70 aniversari del Prof. Antoni Planes &#8220;. Facultat de F\u00edsica UB, Barcelona (22\/09\/2023)<\/h4><div style=\"text-align:center;\"><a href=\"https:\/\/www.ub.edu\/functionalmaterials\/phase_trans_mat_2023\/\" class=\"et_pb_button et_pb_bg_layout_light\" target=\"_blank\">M\u00e9s info<\/a><\/div><\/article><\/div><\/div><div class=\"et_pb_row  et_pb_equal_columns\" style=\"width:100%;\"><div class=\"et_pb_column et_pb_column_1_2\"><article class=\"item una_actualitat \">\n\t    \t<div class=\"imatge_actualitat\"><img decoding=\"async\" src=\"https:\/\/www.ub.edu\/functionalmaterials\/wp-content\/uploads\/2023\/04\/Actualitat_2_ranquing_Best_Scientist_Lluis.png\"><\/div>\n\t\t\t\t\t<h4 class=\"fletxa_anterior\">En el r\u00e0nquing Best Scientist hi ha PDI de la Facultat de F\u00edsica, com ara #LiciaVerde, #RobertoEmpar\u00e1n o Llu\u00eds Ma\u00f1osa<\/h4><div style=\"text-align:center;\"><a href=\"https:\/\/twitter.com\/FisicaUB\/status\/1640642610896289794?t=5d04IgaXoGgyqH4po5WFrw&s=03\" class=\"et_pb_button et_pb_bg_layout_light\" target=\"_blank\">M\u00e9s info<\/a><\/div><\/article><\/div><div class=\"et_pb_column et_pb_column_1_2\"><article class=\"item una_actualitat \">\n\t    \t<div class=\"imatge_actualitat\"><img decoding=\"async\" src=\"https:\/\/www.ub.edu\/functionalmaterials\/wp-content\/uploads\/2023\/04\/Actualitat_2_FBG_Eduard-Vives-i-Enric-Stern.jpeg\"><\/div>\n\t\t\t\t\t<h4 class=\"fletxa_anterior\">Investigadors de la UB reben un ajut AGAUR-Llavor per desenvolupar un prototip de refrigerador basat en el cautx\u00fa<\/h4><div style=\"text-align:center;\"><a href=\"http:\/\/www.fbg.ub.edu\/actualitat\/investigadors-de-la-ub-reben-un-ajut-agaur-llavor-per-desenvolupar-un-prototip-de-refrigerador-basat-en-el-cautxu\/\" class=\"et_pb_button et_pb_bg_layout_light\" target=\"_blank\">M\u00e9s info<\/a><\/div><\/article><\/div><div class=\"et_pb_column et_pb_column_1_2 et-last-child\"><article class=\"item una_actualitat \">\n\t    \t<div class=\"imatge_actualitat\"><img decoding=\"async\" src=\"https:\/\/www.ub.edu\/functionalmaterials\/wp-content\/uploads\/2023\/04\/Actualitat_3_Lluis-Manosa_ESOMAT.jpeg\"><\/div>\n\t\t\t\t\t<h4 class=\"fletxa_anterior\">Prof. Dr. Lluis Manosa in 12th European Symposium on Martensitic Transformations (ESOMAT)<\/h4><div style=\"text-align:center;\"><a href=\"https:\/\/twitter.com\/symposium_on\/status\/1543964503607484418\" class=\"et_pb_button et_pb_bg_layout_light\" target=\"_blank\">M\u00e9s info<\/a><\/div><\/article><\/div><\/div><\/div>\n<p>[\/et_pb_text][\/et_pb_column][\/et_pb_row][\/et_pb_section]<\/p>\n","protected":false},"excerpt":{"rendered":"<p>[et_pb_section fb_built=&#8221;1&#8243; fullwidth=&#8221;on&#8221; _builder_version=&#8221;4.20.0&#8243; _module_preset=&#8221;default&#8221; global_colors_info=&#8221;{}&#8221;][et_pb_fullwidth_header title=&#8221;Actualitat&#8221; _builder_version=&#8221;4.20.4&#8243; _module_preset=&#8221;default&#8221; title_font=&#8221;|300|||||||&#8221; title_font_size=&#8221;60px&#8221; use_background_color_gradient=&#8221;on&#8221; background_color_gradient_type=&#8221;circular&#8221; background_color_gradient_direction_radial=&#8221;top left&#8221; background_color_gradient_stops=&#8221;rgba(11,84,105,0.73) 0%|rgba(51,18,35,0.69) 32%|rgba(163,140,98,0.69) 56%|rgba(5,154,178,0.66) 87%&#8221; background_color_gradient_overlays_image=&#8221;on&#8221; background_image=&#8221;https:\/\/www.ub.edu\/functionalmaterials\/wp-content\/uploads\/2023\/05\/Actualitat_foto-capcalera-ub.webp&#8221; min_height=&#8221;50vh&#8221; custom_padding=&#8221;15vh||15vh||false|false&#8221; custom_css_header_container=&#8221;||&#8221; custom_css_title=&#8221;max-width:40%;&#8221; global_colors_info=&#8221;{}&#8221; custom_css_header_container_last_edited=&#8221;on|desktop&#8221; custom_css_title_last_edited=&#8221;on|phone&#8221; custom_css_title_tablet=&#8221;max-width:80%;&#8221; custom_css_title_phone=&#8221;max-width:100%;&#8221; custom_css_header_container_tablet=&#8221;||&#8221; custom_css_header_container_phone=&#8221;||&#8221;][\/et_pb_fullwidth_header][\/et_pb_section][et_pb_section fb_built=&#8221;1&#8243; admin_label=&#8221;section&#8221; _builder_version=&#8221;4.16&#8243; global_colors_info=&#8221;{}&#8221;][et_pb_row admin_label=&#8221;row&#8221; _builder_version=&#8221;4.20.4&#8243; background_size=&#8221;initial&#8221; background_position=&#8221;top_left&#8221; background_repeat=&#8221;repeat&#8221; custom_margin=&#8221;||0px||false|false&#8221; custom_padding=&#8221;||0px||false|false&#8221; global_colors_info=&#8221;{}&#8221;][et_pb_column type=&#8221;4_4&#8243; _builder_version=&#8221;4.16&#8243; custom_padding=&#8221;|||&#8221; global_colors_info=&#8221;{}&#8221; custom_padding__hover=&#8221;|||&#8221;][et_pb_text _builder_version=&#8221;4.20.4&#8243; _module_preset=&#8221;default&#8221; global_colors_info=&#8221;{}&#8221;] [\/et_pb_text][\/et_pb_column][\/et_pb_row][\/et_pb_section]<\/p>\n","protected":false},"author":1,"featured_media":0,"parent":0,"menu_order":0,"comment_status":"closed","ping_status":"closed","template":"","meta":{"_acf_changed":false,"_et_pb_use_builder":"on","_et_pb_old_content":"","_et_gb_content_width":"","inline_featured_image":false,"footnotes":""},"class_list":["post-332","page","type-page","status-publish","hentry"],"acf":[],"yoast_head":"<!-- This site is optimized with the Yoast SEO plugin v27.2 - https:\/\/yoast.com\/product\/yoast-seo-wordpress\/ -->\n<title>Actualitat - Materials Funcionals i Transicions de Fase<\/title>\n<meta name=\"robots\" content=\"index, follow, max-snippet:-1, max-image-preview:large, max-video-preview:-1\" \/>\n<link rel=\"canonical\" href=\"https:\/\/www.ub.edu\/functionalmaterials\/actualitat\/\" \/>\n<meta property=\"og:locale\" content=\"ca_ES\" \/>\n<meta property=\"og:type\" content=\"article\" \/>\n<meta property=\"og:title\" content=\"Actualitat - Materials Funcionals i Transicions de Fase\" \/>\n<meta property=\"og:description\" content=\"[et_pb_section fb_built=&#8221;1&#8243; fullwidth=&#8221;on&#8221; _builder_version=&#8221;4.20.0&#8243; _module_preset=&#8221;default&#8221; global_colors_info=&#8221;{}&#8221;][et_pb_fullwidth_header title=&#8221;Actualitat&#8221; _builder_version=&#8221;4.20.4&#8243; _module_preset=&#8221;default&#8221; title_font=&#8221;|300|||||||&#8221; title_font_size=&#8221;60px&#8221; use_background_color_gradient=&#8221;on&#8221; background_color_gradient_type=&#8221;circular&#8221; background_color_gradient_direction_radial=&#8221;top left&#8221; background_color_gradient_stops=&#8221;rgba(11,84,105,0.73) 0%|rgba(51,18,35,0.69) 32%|rgba(163,140,98,0.69) 56%|rgba(5,154,178,0.66) 87%&#8221; background_color_gradient_overlays_image=&#8221;on&#8221; background_image=&#8221;https:\/\/www.ub.edu\/functionalmaterials\/wp-content\/uploads\/2023\/05\/Actualitat_foto-capcalera-ub.webp&#8221; min_height=&#8221;50vh&#8221; custom_padding=&#8221;15vh||15vh||false|false&#8221; custom_css_header_container=&#8221;||&#8221; custom_css_title=&#8221;max-width:40%;&#8221; global_colors_info=&#8221;{}&#8221; custom_css_header_container_last_edited=&#8221;on|desktop&#8221; custom_css_title_last_edited=&#8221;on|phone&#8221; custom_css_title_tablet=&#8221;max-width:80%;&#8221; custom_css_title_phone=&#8221;max-width:100%;&#8221; custom_css_header_container_tablet=&#8221;||&#8221; custom_css_header_container_phone=&#8221;||&#8221;][\/et_pb_fullwidth_header][\/et_pb_section][et_pb_section fb_built=&#8221;1&#8243; admin_label=&#8221;section&#8221; _builder_version=&#8221;4.16&#8243; global_colors_info=&#8221;{}&#8221;][et_pb_row admin_label=&#8221;row&#8221; _builder_version=&#8221;4.20.4&#8243; background_size=&#8221;initial&#8221; background_position=&#8221;top_left&#8221; background_repeat=&#8221;repeat&#8221; custom_margin=&#8221;||0px||false|false&#8221; custom_padding=&#8221;||0px||false|false&#8221; global_colors_info=&#8221;{}&#8221;][et_pb_column type=&#8221;4_4&#8243; _builder_version=&#8221;4.16&#8243; custom_padding=&#8221;|||&#8221; global_colors_info=&#8221;{}&#8221; custom_padding__hover=&#8221;|||&#8221;][et_pb_text _builder_version=&#8221;4.20.4&#8243; _module_preset=&#8221;default&#8221; global_colors_info=&#8221;{}&#8221;] [\/et_pb_text][\/et_pb_column][\/et_pb_row][\/et_pb_section]\" \/>\n<meta property=\"og:url\" content=\"https:\/\/www.ub.edu\/functionalmaterials\/actualitat\/\" \/>\n<meta property=\"og:site_name\" content=\"Materials Funcionals i Transicions de Fase\" \/>\n<meta property=\"article:modified_time\" content=\"2023-07-13T14:07:38+00:00\" \/>\n<meta name=\"twitter:card\" content=\"summary_large_image\" \/>\n<meta name=\"twitter:label1\" content=\"Temps estimat de lectura\" \/>\n\t<meta name=\"twitter:data1\" content=\"1 minut\" \/>\n<script type=\"application\/ld+json\" class=\"yoast-schema-graph\">{\"@context\":\"https:\/\/schema.org\",\"@graph\":[{\"@type\":\"WebPage\",\"@id\":\"https:\/\/www.ub.edu\/functionalmaterials\/actualitat\/\",\"url\":\"https:\/\/www.ub.edu\/functionalmaterials\/actualitat\/\",\"name\":\"Actualitat - Materials Funcionals i Transicions de Fase\",\"isPartOf\":{\"@id\":\"https:\/\/www.ub.edu\/functionalmaterials\/#website\"},\"datePublished\":\"2023-04-30T17:21:54+00:00\",\"dateModified\":\"2023-07-13T14:07:38+00:00\",\"breadcrumb\":{\"@id\":\"https:\/\/www.ub.edu\/functionalmaterials\/actualitat\/#breadcrumb\"},\"inLanguage\":\"ca\",\"potentialAction\":[{\"@type\":\"ReadAction\",\"target\":[\"https:\/\/www.ub.edu\/functionalmaterials\/actualitat\/\"]}]},{\"@type\":\"BreadcrumbList\",\"@id\":\"https:\/\/www.ub.edu\/functionalmaterials\/actualitat\/#breadcrumb\",\"itemListElement\":[{\"@type\":\"ListItem\",\"position\":1,\"name\":\"Inici\",\"item\":\"https:\/\/www.ub.edu\/functionalmaterials\/\"},{\"@type\":\"ListItem\",\"position\":2,\"name\":\"Actualitat\"}]},{\"@type\":\"WebSite\",\"@id\":\"https:\/\/www.ub.edu\/functionalmaterials\/#website\",\"url\":\"https:\/\/www.ub.edu\/functionalmaterials\/\",\"name\":\"Materials funcionals i trancicions de fase\",\"description\":\"Grup d&#039;investigaci\u00f3 de la UB\",\"publisher\":{\"@id\":\"https:\/\/www.ub.edu\/functionalmaterials\/#organization\"},\"potentialAction\":[{\"@type\":\"SearchAction\",\"target\":{\"@type\":\"EntryPoint\",\"urlTemplate\":\"https:\/\/www.ub.edu\/functionalmaterials\/?s={search_term_string}\"},\"query-input\":{\"@type\":\"PropertyValueSpecification\",\"valueRequired\":true,\"valueName\":\"search_term_string\"}}],\"inLanguage\":\"ca\"},{\"@type\":\"Organization\",\"@id\":\"https:\/\/www.ub.edu\/functionalmaterials\/#organization\",\"name\":\"Materials funcionals i trancicions de fase\",\"url\":\"https:\/\/www.ub.edu\/functionalmaterials\/\",\"logo\":{\"@type\":\"ImageObject\",\"inLanguage\":\"ca\",\"@id\":\"https:\/\/www.ub.edu\/functionalmaterials\/#\/schema\/logo\/image\/\",\"url\":\"https:\/\/www.ub.edu\/functionalmaterials\/wp-content\/uploads\/2023\/05\/favicon.png\",\"contentUrl\":\"https:\/\/www.ub.edu\/functionalmaterials\/wp-content\/uploads\/2023\/05\/favicon.png\",\"width\":250,\"height\":291,\"caption\":\"Materials funcionals i trancicions de fase\"},\"image\":{\"@id\":\"https:\/\/www.ub.edu\/functionalmaterials\/#\/schema\/logo\/image\/\"}}]}<\/script>\n<!-- \/ Yoast SEO plugin. -->","yoast_head_json":{"title":"Actualitat - Materials Funcionals i Transicions de Fase","robots":{"index":"index","follow":"follow","max-snippet":"max-snippet:-1","max-image-preview":"max-image-preview:large","max-video-preview":"max-video-preview:-1"},"canonical":"https:\/\/www.ub.edu\/functionalmaterials\/actualitat\/","og_locale":"ca_ES","og_type":"article","og_title":"Actualitat - Materials Funcionals i Transicions de Fase","og_description":"[et_pb_section fb_built=&#8221;1&#8243; fullwidth=&#8221;on&#8221; _builder_version=&#8221;4.20.0&#8243; _module_preset=&#8221;default&#8221; global_colors_info=&#8221;{}&#8221;][et_pb_fullwidth_header title=&#8221;Actualitat&#8221; _builder_version=&#8221;4.20.4&#8243; _module_preset=&#8221;default&#8221; title_font=&#8221;|300|||||||&#8221; title_font_size=&#8221;60px&#8221; use_background_color_gradient=&#8221;on&#8221; background_color_gradient_type=&#8221;circular&#8221; background_color_gradient_direction_radial=&#8221;top left&#8221; background_color_gradient_stops=&#8221;rgba(11,84,105,0.73) 0%|rgba(51,18,35,0.69) 32%|rgba(163,140,98,0.69) 56%|rgba(5,154,178,0.66) 87%&#8221; background_color_gradient_overlays_image=&#8221;on&#8221; background_image=&#8221;https:\/\/www.ub.edu\/functionalmaterials\/wp-content\/uploads\/2023\/05\/Actualitat_foto-capcalera-ub.webp&#8221; min_height=&#8221;50vh&#8221; custom_padding=&#8221;15vh||15vh||false|false&#8221; custom_css_header_container=&#8221;||&#8221; custom_css_title=&#8221;max-width:40%;&#8221; global_colors_info=&#8221;{}&#8221; custom_css_header_container_last_edited=&#8221;on|desktop&#8221; custom_css_title_last_edited=&#8221;on|phone&#8221; custom_css_title_tablet=&#8221;max-width:80%;&#8221; custom_css_title_phone=&#8221;max-width:100%;&#8221; custom_css_header_container_tablet=&#8221;||&#8221; custom_css_header_container_phone=&#8221;||&#8221;][\/et_pb_fullwidth_header][\/et_pb_section][et_pb_section fb_built=&#8221;1&#8243; admin_label=&#8221;section&#8221; _builder_version=&#8221;4.16&#8243; global_colors_info=&#8221;{}&#8221;][et_pb_row admin_label=&#8221;row&#8221; _builder_version=&#8221;4.20.4&#8243; background_size=&#8221;initial&#8221; background_position=&#8221;top_left&#8221; background_repeat=&#8221;repeat&#8221; custom_margin=&#8221;||0px||false|false&#8221; custom_padding=&#8221;||0px||false|false&#8221; global_colors_info=&#8221;{}&#8221;][et_pb_column type=&#8221;4_4&#8243; _builder_version=&#8221;4.16&#8243; custom_padding=&#8221;|||&#8221; global_colors_info=&#8221;{}&#8221; custom_padding__hover=&#8221;|||&#8221;][et_pb_text _builder_version=&#8221;4.20.4&#8243; _module_preset=&#8221;default&#8221; global_colors_info=&#8221;{}&#8221;] [\/et_pb_text][\/et_pb_column][\/et_pb_row][\/et_pb_section]","og_url":"https:\/\/www.ub.edu\/functionalmaterials\/actualitat\/","og_site_name":"Materials Funcionals i Transicions de Fase","article_modified_time":"2023-07-13T14:07:38+00:00","twitter_card":"summary_large_image","twitter_misc":{"Temps estimat de lectura":"1 minut"},"schema":{"@context":"https:\/\/schema.org","@graph":[{"@type":"WebPage","@id":"https:\/\/www.ub.edu\/functionalmaterials\/actualitat\/","url":"https:\/\/www.ub.edu\/functionalmaterials\/actualitat\/","name":"Actualitat - Materials Funcionals i Transicions de Fase","isPartOf":{"@id":"https:\/\/www.ub.edu\/functionalmaterials\/#website"},"datePublished":"2023-04-30T17:21:54+00:00","dateModified":"2023-07-13T14:07:38+00:00","breadcrumb":{"@id":"https:\/\/www.ub.edu\/functionalmaterials\/actualitat\/#breadcrumb"},"inLanguage":"ca","potentialAction":[{"@type":"ReadAction","target":["https:\/\/www.ub.edu\/functionalmaterials\/actualitat\/"]}]},{"@type":"BreadcrumbList","@id":"https:\/\/www.ub.edu\/functionalmaterials\/actualitat\/#breadcrumb","itemListElement":[{"@type":"ListItem","position":1,"name":"Inici","item":"https:\/\/www.ub.edu\/functionalmaterials\/"},{"@type":"ListItem","position":2,"name":"Actualitat"}]},{"@type":"WebSite","@id":"https:\/\/www.ub.edu\/functionalmaterials\/#website","url":"https:\/\/www.ub.edu\/functionalmaterials\/","name":"Materials funcionals i trancicions de fase","description":"Grup d&#039;investigaci\u00f3 de la UB","publisher":{"@id":"https:\/\/www.ub.edu\/functionalmaterials\/#organization"},"potentialAction":[{"@type":"SearchAction","target":{"@type":"EntryPoint","urlTemplate":"https:\/\/www.ub.edu\/functionalmaterials\/?s={search_term_string}"},"query-input":{"@type":"PropertyValueSpecification","valueRequired":true,"valueName":"search_term_string"}}],"inLanguage":"ca"},{"@type":"Organization","@id":"https:\/\/www.ub.edu\/functionalmaterials\/#organization","name":"Materials funcionals i trancicions de fase","url":"https:\/\/www.ub.edu\/functionalmaterials\/","logo":{"@type":"ImageObject","inLanguage":"ca","@id":"https:\/\/www.ub.edu\/functionalmaterials\/#\/schema\/logo\/image\/","url":"https:\/\/www.ub.edu\/functionalmaterials\/wp-content\/uploads\/2023\/05\/favicon.png","contentUrl":"https:\/\/www.ub.edu\/functionalmaterials\/wp-content\/uploads\/2023\/05\/favicon.png","width":250,"height":291,"caption":"Materials funcionals i trancicions de fase"},"image":{"@id":"https:\/\/www.ub.edu\/functionalmaterials\/#\/schema\/logo\/image\/"}}]}},"_links":{"self":[{"href":"https:\/\/www.ub.edu\/functionalmaterials\/wp-json\/wp\/v2\/pages\/332","targetHints":{"allow":["GET"]}}],"collection":[{"href":"https:\/\/www.ub.edu\/functionalmaterials\/wp-json\/wp\/v2\/pages"}],"about":[{"href":"https:\/\/www.ub.edu\/functionalmaterials\/wp-json\/wp\/v2\/types\/page"}],"author":[{"embeddable":true,"href":"https:\/\/www.ub.edu\/functionalmaterials\/wp-json\/wp\/v2\/users\/1"}],"replies":[{"embeddable":true,"href":"https:\/\/www.ub.edu\/functionalmaterials\/wp-json\/wp\/v2\/comments?post=332"}],"version-history":[{"count":1,"href":"https:\/\/www.ub.edu\/functionalmaterials\/wp-json\/wp\/v2\/pages\/332\/revisions"}],"predecessor-version":[{"id":1023,"href":"https:\/\/www.ub.edu\/functionalmaterials\/wp-json\/wp\/v2\/pages\/332\/revisions\/1023"}],"wp:attachment":[{"href":"https:\/\/www.ub.edu\/functionalmaterials\/wp-json\/wp\/v2\/media?parent=332"}],"curies":[{"name":"wp","href":"https:\/\/api.w.org\/{rel}","templated":true}]}}