{"id":13,"date":"2021-03-05T01:37:18","date_gmt":"2021-03-04T23:37:18","guid":{"rendered":"https:\/\/www.ub.edu\/gendims\/?page_id=13"},"modified":"2023-02-05T23:01:19","modified_gmt":"2023-02-05T21:01:19","slug":"projecte-gendims","status":"publish","type":"page","link":"https:\/\/www.ub.edu\/gendims\/","title":{"rendered":"GendIMS"},"content":{"rendered":"\n<p><strong>GendIMS<\/strong> (Gender Perspective in Information and Media Studies) \u00e9s una iniciativa que neix del professorat de la Facultat d\u2019Informaci\u00f3 i Mitjans Audiovisuals (FIMA) de la Universitat de Barcelona l&#8217;any 2020 i que \u00e9s reconegut con a <strong>Grup d&#8217;Innovaci\u00f3 Docent<\/strong> pel programa RIMDA de la Universitat de Barcelona al juliol del 2022. L\u2019objectiu principal \u00e9s<strong> incorporar la perspectiva de g\u00e8nere i LGBTI+ a la recerca i a la doc\u00e8ncia de la FIMA<\/strong>.&nbsp;Per fer-ho, constru\u00efm una comunitat de professorat i investigadores que creen projectes de recerca i doc\u00e8ncia, col\u00b7laboren i es donen suport en el seu dia a dia acad\u00e8mic. <\/p>\n\n\n\n<p>Tot aix\u00f2 es situa en el context actual en qu\u00e8 les perspectives de g\u00e8nere i LGBTI+ han esdevingut una l\u00ednia estrat\u00e8gica, tant en el sistema universitari catal\u00e0 en general com de la UB i de la FIMA en particular. Des de <strong>GendIMS<\/strong> fem una aposta urgent i decidida per incorporar aquestes perspectives tant a la recerca com a la doc\u00e8ncia i, per fer-ho, dissenyem i portem a terme diferents projectes que afavoreixen la reflexi\u00f3 i actitud cr\u00edtica i, sobretot, promouen la transformaci\u00f3 social. El nostre objectiu final \u00e9s aprofundir en l\u2019estudi i la reflexi\u00f3 al voltant del g\u00e8nere i les sexualitats en els \u00e0mbits de la informaci\u00f3, la comunicaci\u00f3 i la cultura. \u00c9s per aix\u00f2 que posem l\u2019accent en les relacions de poder i viol\u00e8ncia que es poden establir en aquests entorns i dediquem una especial atenci\u00f3 a les difer\u00e8ncies i a la diversitat. <\/p>\n\n\n\n<p>Actualment, <strong>GendIMS<\/strong> compta amb cuatre projectes finan\u00e7ats actius:<\/p>\n\n\n\n<ul><li>Gender Perspective Mentoring Program in Information &amp; Media Studies (GEMPIMS). Finan\u00e7ament: Programa de Recerca en Doc\u00e8ncia Universit\u00e0ria. REDICE-22. Universitat de Barcelona. 2022-23.<\/li><\/ul>\n\n\n\n<ul><li><em><a href=\"https:\/\/www.ub.edu\/gendims\/cavgen_home\/\" data-type=\"URL\" data-id=\"https:\/\/www.ub.edu\/gendims\/cavgen_home\/\">Creaci\u00f3n de Contenidos Audiovisuales Feministas: Fomentando la Cultura Audiovisual con Perspectiva de G\u00e9nero<\/a> <\/em>(CAVGEN). Finan\u00e7ament: Ministerio de Igualdad. Instituto de las Mujeres. 2022.<\/li><\/ul>\n\n\n\n<ul><li><a href=\"https:\/\/www.ub.edu\/wikiwomen\/\" data-type=\"URL\" data-id=\"https:\/\/www.ub.edu\/wikiwomen\/\"><em>Women and Wikipedia <\/em>(W&amp;W)<\/a><em>: Analysis of the gender gap in the co-production of knowledge in the Wikipedias of Spain<\/em>. Finan\u00e7ament: Ministerio de Ciencia e Innovaci\u00f3n. Convocatoria 2020. Proyectos de I+D+I. 2021-2024.<\/li><\/ul>\n\n\n\n<ul><li><em><a href=\"https:\/\/www.ub.edu\/gendims\/transgelit_home\/\" data-type=\"URL\" data-id=\"https:\/\/www.ub.edu\/gendims\/transgelit_home\/\">Transmedia Gender &amp; LGBTI+ Literacy<\/a> <\/em>(TRANSGELIT). Finan\u00e7ament: Ministerio de Ciencia e Innovaci\u00f3n. Convocatoria 2020. Proyectos de I+D+I. 2021-2024.<\/li><\/ul>\n\n\n\n<p>Tamb\u00e9 comptem amb finan\u00e7ament per la realitzaci\u00f3 d&#8217;una activitat de difusi\u00f3: <\/p>\n\n\n\n<ul><li><a href=\"https:\/\/www.benasque.org\/2023media\/\" data-type=\"URL\" data-id=\"https:\/\/www.benasque.org\/2023media\/\">International Congress on Media, Gender and Sexualities: Representations, Literacies &amp; Audiences<\/a>. Finan\u00e7ament: Ministerio de Igualdad. Instituto de las Mujeres. 2023.<\/li><\/ul>\n\n\n\n<p>M\u00e9s de 15 professores i professors de la FIMA partipem en aquestes recerques, conjuntament amb professorat d&#8217;altres facultats de la UB, com la Facultat d&#8217;Educaci\u00f3. Tamb\u00e9 hi participa professorat d&#8217;altres universitats com la Universitat Oberta de Catalunya, la Universitat Aut\u00f2noma de Barcelona i la Universidad Internacional de Valencia. A m\u00e9s, col\u00b7laborem amb diferents entitats i institucions com Dones Visuals, La Bonne, el Centre Jove d&#8217;Atenci\u00f3 a les Sexualitats (CJAS), el Consell de la Joventut de Barcelona (CJB) i el Consell Nacional de Joventut de Barcelona (CNJB). <\/p>\n\n\n\n<p>Per tant, amb <strong>GendIMS<\/strong> creem una comunitat que col\u00b7labora per construir un m\u00f3n m\u00e9s inclusiu i divers. <\/p>\n","protected":false},"excerpt":{"rendered":"<p>GendIMS (Gender Perspective in Information and Media Studies) \u00e9s una iniciativa que neix del professorat de la Facultat d\u2019Informaci\u00f3 i Mitjans Audiovisuals (FIMA) de la Universitat de Barcelona l&#8217;any 2020 i que \u00e9s reconegut con a Grup d&#8217;Innovaci\u00f3 Docent pel programa RIMDA de la Universitat de Barcelona al juliol del 2022. L\u2019objectiu principal \u00e9s incorporar&hellip; <a class=\"more-link\" href=\"https:\/\/www.ub.edu\/gendims\/\">Continueu llegint <span class=\"screen-reader-text\">GendIMS<\/span><\/a><\/p>\n","protected":false},"author":1,"featured_media":0,"parent":0,"menu_order":0,"comment_status":"closed","ping_status":"closed","template":"","meta":[],"_links":{"self":[{"href":"https:\/\/www.ub.edu\/gendims\/wp-json\/wp\/v2\/pages\/13"}],"collection":[{"href":"https:\/\/www.ub.edu\/gendims\/wp-json\/wp\/v2\/pages"}],"about":[{"href":"https:\/\/www.ub.edu\/gendims\/wp-json\/wp\/v2\/types\/page"}],"author":[{"embeddable":true,"href":"https:\/\/www.ub.edu\/gendims\/wp-json\/wp\/v2\/users\/1"}],"replies":[{"embeddable":true,"href":"https:\/\/www.ub.edu\/gendims\/wp-json\/wp\/v2\/comments?post=13"}],"version-history":[{"count":16,"href":"https:\/\/www.ub.edu\/gendims\/wp-json\/wp\/v2\/pages\/13\/revisions"}],"predecessor-version":[{"id":622,"href":"https:\/\/www.ub.edu\/gendims\/wp-json\/wp\/v2\/pages\/13\/revisions\/622"}],"wp:attachment":[{"href":"https:\/\/www.ub.edu\/gendims\/wp-json\/wp\/v2\/media?parent=13"}],"curies":[{"name":"wp","href":"https:\/\/api.w.org\/{rel}","templated":true}]}}