{"id":16,"date":"2023-01-10T13:35:30","date_gmt":"2023-01-10T11:35:30","guid":{"rendered":"http:\/\/www.ub.edu\/gidea\/?page_id=16"},"modified":"2023-02-13T12:16:18","modified_gmt":"2023-02-13T10:16:18","slug":"materials","status":"publish","type":"page","link":"https:\/\/www.ub.edu\/gidea\/materials\/","title":{"rendered":"Materials docents"},"content":{"rendered":"\n<h3 class=\"has-primary-color has-text-color wp-block-heading\">Exercicis Tutoritzats:<\/h3>\n\n\n\n<p>Els fitxers estan publicats en el Dip\u00f2sit Digital de la Universitat de Barcelona (documents subjectes a una&nbsp;<a rel=\"noreferrer noopener\" href=\"http:\/\/creativecommons.org\/licenses\/by-nc-nd\/3.0\/es\/\" target=\"_blank\">Llic\u00e8ncia Creative Commons<\/a>)<\/p>\n\n\n\n<ul class=\"wp-block-list\">\n<li><a rel=\"noreferrer noopener\" href=\"http:\/\/diposit.ub.edu\/dspace\/handle\/2445\/181916\" target=\"_blank\">Exercici tutoritzat de disseny d\u2019un Pla Agregat<\/a>\n<ul class=\"wp-block-list\">\n<li>Es tracta d&#8217;un exercici tutoritzat (resolt pas a pas) que mostra un <strong>cas pr\u00e0ctic de disseny d&#8217;un pla agregat de producci\u00f3 amb diverses alternatives de soluci\u00f3<\/strong>. Concretament, es presenten 7 alternatives possibles: 3 a partir de l&#8217;aplicaci\u00f3 de la denominada estrat\u00e8gia de ca\u00e7a (soluci\u00f3 1A, 1B i 1C), 3 amb l&#8217;estrat\u00e8gia d&#8217;anivellament de la m\u00e0 d&#8217;obra (soluci\u00f3 2A, 2B i 2C) i una m\u00e9s a partir d&#8217;una estrat\u00e8gia mixta (soluci\u00f3 3). <\/li>\n\n\n\n<li>Per aix\u00f2, aquest recurs consta de diversos documents: \u00edndex, enunciat del cas pr\u00e0ctic, alternativa 1A, alternativa 1C, alternativa 1C, alternativa 2A, alternativa 2B, alternativa 2C, alternativa 3, resum i fe d&#8217;errates. <\/li>\n<\/ul>\n<\/li>\n\n\n\n<li><a href=\"http:\/\/diposit.ub.edu\/dspace\/handle\/2445\/6941\" target=\"_blank\" rel=\"noreferrer noopener\">Exercici d&#8217;MRP pas a pas<\/a><\/li>\n\n\n\n<li><a href=\"http:\/\/diposit.ub.edu\/dspace\/handle\/2445\/7401\" target=\"_blank\" rel=\"noreferrer noopener\">Exercici de t\u00e8cniques de dimensionament del lot<\/a><\/li>\n\n\n\n<li><a href=\"http:\/\/diposit.ub.edu\/dspace\/handle\/2445\/7001\" target=\"_blank\" rel=\"noreferrer noopener\">Exercici PERT pas a pas<\/a><\/li>\n\n\n\n<li><a href=\"http:\/\/hdl.handle.net\/2445\/8470\" target=\"_blank\" rel=\"noreferrer noopener\">Exercici tutoritzat d&#8217;aplicaci\u00f3 de la t\u00e8cnica de les GAMMES FICT\u00cdCIES<\/a><\/li>\n\n\n\n<li><a href=\"http:\/\/diposit.ub.edu\/dspace\/handle\/2445\/8475\" target=\"_blank\" rel=\"noreferrer noopener\">Exercici tutoritzat d&#8217;aplicaci\u00f3 d&#8217;un arbre de decisi\u00f3<\/a><\/li>\n\n\n\n<li><a href=\"http:\/\/diposit.ub.edu\/dspace\/handle\/2445\/181915\" target=\"_blank\" rel=\"noreferrer noopener\">Animaci\u00f3 sistema KANBAN en entorns <em>Just in Time<\/em><\/a><\/li>\n\n\n\n<li><a rel=\"noreferrer noopener\" href=\"http:\/\/diposit.ub.edu\/dspace\/handle\/2445\/181906\" target=\"_blank\">Animaci\u00f3 esquema funcionament Shojinka en entorns <em>Just in Tim<\/em><\/a><a rel=\"noreferrer noopener\" href=\"http:\/\/diposit.ub.edu\/dspace\/handle\/2445\/181906\" target=\"_blank\"><em>e<\/em><\/a><a rel=\"noreferrer noopener\" href=\"http:\/\/diposit.ub.edu\/dspace\/handle\/2445\/181906\" target=\"_blank\">: adaptaci\u00f3 a la demanda amb flexibilitat<\/a><\/li>\n<\/ul>\n\n\n\n<h3 class=\"has-primary-color has-text-color wp-block-heading\">Casos d&#8217;Estudi (Web Quest):<\/h3>\n\n\n\n<ul class=\"wp-block-list\">\n<li><a rel=\"noreferrer noopener\" href=\"http:\/\/diposit.ub.edu\/dspace\/html\/2445\/6943\/Cas_Tiempos_Modernos.html\" data-type=\"URL\" data-id=\"http:\/\/diposit.ub.edu\/dspace\/html\/2445\/6943\/Cas_Tiempos_Modernos.html\" target=\"_blank\">Cas d&#8217;estudi: Tiempos Modernos<\/a><a rel=\"noreferrer noopener\" href=\"http:\/\/diposit.ub.edu\/dspace\/html\/2445\/6943\/Cas_Tiempos_Modernos.html\" data-type=\"URL\" data-id=\"http:\/\/diposit.ub.edu\/dspace\/html\/2445\/6943\/Cas_Tiempos_Modernos.html\" target=\"_blank\"> <\/a><\/li>\n\n\n\n<li><a rel=\"noreferrer noopener\" href=\"http:\/\/diposit.ub.edu\/dspace\/html\/2445\/6942\/Cas_SEAT.html\" data-type=\"URL\" data-id=\"http:\/\/diposit.ub.edu\/dspace\/html\/2445\/6942\/Cas_SEAT.html\" target=\"_blank\">Cas d&#8217;estudi: <em>Just in Time<\/em> a la f\u00e0brica de SEAT a Martorell<\/a><\/li>\n\n\n\n<li><a href=\"http:\/\/diposit.ub.edu\/dspace\/html\/2445\/6641\/cas_mattel.html\" target=\"_blank\" rel=\"noreferrer noopener\">Cas d&#8217;estudi: Joguines Mattel<\/a><\/li>\n\n\n\n<li><a rel=\"noreferrer noopener\" href=\"http:\/\/diposit.ub.edu\/dspace\/html\/2445\/7121\/cas_santander.html\" target=\"_blank\">Cas d&#8217;estudi: <\/a><a rel=\"noreferrer noopener\" href=\"http:\/\/diposit.ub.edu\/dspace\/html\/2445\/7121\/cas_santander.html\" target=\"_blank\">G<\/a><a rel=\"noreferrer noopener\" href=\"http:\/\/diposit.ub.edu\/dspace\/html\/2445\/7121\/cas_santander.html\" target=\"_blank\">r<\/a><a rel=\"noreferrer noopener\" href=\"http:\/\/diposit.ub.edu\/dspace\/html\/2445\/7121\/cas_santander.html\" target=\"_blank\">u<\/a><a rel=\"noreferrer noopener\" href=\"http:\/\/diposit.ub.edu\/dspace\/html\/2445\/7121\/cas_santander.html\" target=\"_blank\">p<\/a><a href=\"http:\/\/diposit.ub.edu\/dspace\/html\/2445\/7121\/cas_santander.html\" target=\"_blank\" rel=\"noreferrer noopener\"> <\/a><a rel=\"noreferrer noopener\" href=\"http:\/\/diposit.ub.edu\/dspace\/html\/2445\/7121\/cas_santander.html\" target=\"_blank\">Santander<\/a><\/li>\n\n\n\n<li><a href=\"http:\/\/diposit.ub.edu\/dspace\/html\/2445\/8422\/WQ_AVE.html\" target=\"_blank\" rel=\"noreferrer noopener\">Cas d&#8217;estudi: L&#8217;amena\u00e7a de l&#8217;AVE<\/a><\/li>\n\n\n\n<li><a rel=\"noreferrer noopener\" href=\"http:\/\/diposit.ub.edu\/dspace\/html\/2445\/8404\/WQ_Nissan.html\" target=\"_blank\">Cas d&#8217;estudi: Nissan davant la Crisi<\/a><\/li>\n<\/ul>\n\n\n\n<h2 class=\"has-primary-color has-text-color wp-block-heading\">Activitats de reflexi\u00f3 sobre els ODS:<\/h2>\n\n\n\n<p>En elaboraci\u00f3&#8230; Pendents de publicaci\u00f3 (properament).<\/p>\n","protected":false},"excerpt":{"rendered":"<p>Exercicis Tutoritzats: Els fitxers estan publicats en el Dip\u00f2sit Digital de la Universitat de Barcelona (documents subjectes a una&nbsp;Llic\u00e8ncia Creative Commons) Casos d&#8217;Estudi (Web Quest): Activitats de reflexi\u00f3 sobre els ODS: En elaboraci\u00f3&#8230; Pendents de<\/p>\n","protected":false},"author":1,"featured_media":0,"parent":0,"menu_order":0,"comment_status":"closed","ping_status":"closed","template":"","meta":{"footnotes":""},"class_list":["post-16","page","type-page","status-publish","hentry"],"_links":{"self":[{"href":"https:\/\/www.ub.edu\/gidea\/wp-json\/wp\/v2\/pages\/16","targetHints":{"allow":["GET"]}}],"collection":[{"href":"https:\/\/www.ub.edu\/gidea\/wp-json\/wp\/v2\/pages"}],"about":[{"href":"https:\/\/www.ub.edu\/gidea\/wp-json\/wp\/v2\/types\/page"}],"author":[{"embeddable":true,"href":"https:\/\/www.ub.edu\/gidea\/wp-json\/wp\/v2\/users\/1"}],"replies":[{"embeddable":true,"href":"https:\/\/www.ub.edu\/gidea\/wp-json\/wp\/v2\/comments?post=16"}],"version-history":[{"count":10,"href":"https:\/\/www.ub.edu\/gidea\/wp-json\/wp\/v2\/pages\/16\/revisions"}],"predecessor-version":[{"id":136,"href":"https:\/\/www.ub.edu\/gidea\/wp-json\/wp\/v2\/pages\/16\/revisions\/136"}],"wp:attachment":[{"href":"https:\/\/www.ub.edu\/gidea\/wp-json\/wp\/v2\/media?parent=16"}],"curies":[{"name":"wp","href":"https:\/\/api.w.org\/{rel}","templated":true}]}}