{"id":2065,"date":"2025-04-28T10:18:22","date_gmt":"2025-04-28T08:18:22","guid":{"rendered":"https:\/\/www.ub.edu\/gr1p\/?page_id=2065"},"modified":"2026-02-10T16:33:28","modified_gmt":"2026-02-10T15:33:28","slug":"projecte_ciutadania_com_salut_mental","status":"publish","type":"page","link":"https:\/\/www.ub.edu\/gr1p\/projecte_ciutadania_com_salut_mental\/","title":{"rendered":"Ciutadania com a Salut Mental"},"content":{"rendered":"<p>Un projecte innovador per integrar la ciutadania en la pr\u00e0ctica de la salut mental.<\/p>\n<h2><strong>Sobre el projecte<\/strong><\/h2>\n<p>El projecte <strong>Ciutadania com a Salut Mental<\/strong>, finan\u00e7at per la <a href=\"https:\/\/www.aei.gob.es\/convocatorias\/buscador-convocatorias\/proyectos-generacion-conocimiento-2021\">Convocat\u00f2ria de Projectes de Generaci\u00f3 de Coneixement 2021 de l\u2019Ag\u00e8ncia Estatal de Recerca<\/a>, explora com la salut mental est\u00e0 intr\u00ednsecament lligada a la ciutadania. Definim la ciutadania com la connexi\u00f3 de les persones amb cinc dimensions clau: <strong>drets, responsabilitats, rols, recursos i relacions<\/strong>. El nostre objectiu \u00e9s transformar la pr\u00e0ctica de la salut mental cap a un enfocament basat en drets, reduint l\u2019estigma associat al malestar ps\u00edquic.<\/p>\n<h3><strong>Objectius del projecte<\/strong><\/h3>\n<ul>\n<li><strong>Explorar<\/strong> el concepte de ciutadania i la seva relaci\u00f3 amb la salut mental.<\/li>\n<li><strong>Validar<\/strong> una mesura de ciutadania adaptada al context espanyol mitjan\u00e7ant recerca participativa.<\/li>\n<li><strong>Desenvolupar<\/strong> un manual de sensibilitzaci\u00f3 escalable per a professionals de la salut.<\/li>\n<li><strong>Implementar<\/strong> intervencions de sensibilitzaci\u00f3 en entorns cl\u00ednics reals.<\/li>\n<\/ul>\n<h3><strong>Resultats<\/strong><\/h3>\n<h4><strong>Exploraci\u00f3 del concepte<\/strong><\/h4>\n<p>Hem realitzat 26 grups focals amb organitzacions de persones usu\u00e0ries, familiars i professionals, identificant temes clau com autonomia, sentit de pertinen\u00e7a i marginalitzaci\u00f3.<\/p>\n<p><strong>Validaci\u00f3 de l\u2019instrument<\/strong><\/p>\n<p>80 definicions de ciutadania van ser analitzades en vuit sessions de mapeig conceptual, avan\u00e7ant en la validaci\u00f3 d\u2019una mesura adaptada al nostre context.<\/p>\n<p><strong>Manual de sensibilitzaci\u00f3<\/strong><\/p>\n<p>A la primavera de 2024, un comit\u00e8 d\u2019elaboraci\u00f3 format per persones usu\u00e0ries, familiars i professionals va celebrar dues reunions per desenvolupar un manual que ser\u00e0 escalable a altres contextos.<\/p>\n<p><strong>Formaci\u00f3 de professionals<\/strong><\/p>\n<p>Estem implementant activitats formatives amb professionals de la salut en entorns cl\u00ednics reals.<\/p>\n<h2>Uneix-te a la nostra iniciativa!<\/h2>\n<p>Estem duent a terme <a href=\"https:\/\/www.ub.edu\/gr1p\/wp-content\/uploads\/Dossier-Ciutadania-com-a-salut-mental.pdf\"><strong>activitats formatives<\/strong><\/a> amb professionals de la salut mental per promoure un enfocament basat en la ciutadania. Si est\u00e0s interessat\/ada a participar o desitges m\u00e9s informaci\u00f3, <a href=\"mailto:fjeiroa@gmail.com\">contacta amb nosaltres.<\/a><\/p>\n<h2><strong>El nostre equip<\/strong><\/h2>\n<p><a href=\"https:\/\/orcid.org\/0000-0002-4163-6545\">Francisco Jos\u00e9 Eiro\u00e1-Orosa<\/a><\/p>\n<p>Investigador Principal<\/p>\n<p><a href=\"https:\/\/orcid.org\/0000-0002-7712-2423\">Anna Ballesteros Urp\u00ed<\/a><\/p>\n<p>Investigadora<\/p>\n<p><a href=\"https:\/\/orcid.org\/0009-0001-7435-1722\">Diana Gonzalez Ma\u00f1as<\/a><\/p>\n<p>T\u00e8cnica<\/p>\n<h2><strong>Publicacions destacades<\/strong><\/h2>\n<p>Eiroa-Orosa, F. J., i Gonzalez-Ma\u00f1as, D. (2025). <a href=\"https:\/\/doi.org\/10.1080\/10720537.2025.2609970\">Building Citizenship: An Experiential Awareness Intervention for Mental Health Professionals<\/a>.\u00a0<em>Journal of Constructivist Psychology<\/em>. [<a href=\"https:\/\/www.ub.edu\/gr1p\/wp-content\/uploads\/Eiroa_Orosa_Gonzalez_Manas_2025_Journal_Constructivist_Psychology.pdf\">Postprint<\/a>]<\/p>\n<p>Gonzalez-Ma\u00f1as, D. &amp; Eiroa-Orosa, F. J. (2025). <a href=\"https:\/\/www.ub.edu\/gr1p\/wp-content\/uploads\/Gonzalez_Manas_Eiroa_Orosa_2025_Ciudadania_como_Salud_Mental.pdf\"><em>Ciudadan\u00eda como salud mental: Hacia una redefinici\u00f3n de los objetivos en salud mental. Gu\u00eda para la implementaci\u00f3n de intervenciones de concienciaci\u00f3n basadas en el modelo de Ciudadan\u00eda<\/em><\/a>. Grupo de Investigaci\u00f3n en Salud Mental en Primera Persona.<\/p>\n<p>Eiroa-Orosa, F. J., i Seibel, C. (2025). <a href=\"https:\/\/doi.org\/10.1037\/prj0000672\">Predictors of the Impact of Rights- and Recovery-Oriented Training for Mental Health Professionals<\/a>.\u00a0<em>Psychiatric Rehabilitation Journal<\/em>. [<a href=\"https:\/\/www.ub.edu\/gr1p\/wp-content\/uploads\/Eiroa_Orosa_Seibel_2025_Psychiatric-Rehabilitation-Journal.pdf\">Postprint<\/a>]<\/p>\n<p>Ball, C., i Eiroa-Orosa, F. J. (2024). <a href=\"https:\/\/doi.org\/10.1017\/ipm.2024.66\">A Meta-Synthesis of qualitative studies on Citizenship and Mental Health<\/a>.\u00a0<em>Irish Journal of Psychological Medicine<\/em>. [<a href=\"https:\/\/www.cambridge.org\/core\/services\/aop-cambridge-core\/content\/view\/65BB116D8D4EE517543C350CC51D66A0\/S0790966724000661a.pdf\/a-meta-synthesis-of-qualitative-studies-on-citizenship-and-mental-health.pdf\">Open access<\/a>]<\/p>\n<p>Eiroa-Orosa, F. J., i Pradillo-Caimari, C. (2024). <a href=\"https:\/\/doi.org\/10.1017\/ipm.2024.36\">A qualitative study exploring mental health professionals\u2019 perspectives, opinions, and attitudes on the state of service users\u2019 rights<\/a>.\u00a0<em>Irish Journal of Psychological Medicine<\/em>. [<a href=\"https:\/\/www.cambridge.org\/core\/services\/aop-cambridge-core\/content\/view\/3EAE840724493A4B3C83B51776FE876C\/S0790966724000363a.pdf\/a-qualitative-study-exploring-mental-health-professionals-perspectives-opinions-and-attitudes-on-the-state-of-service-users-rights.pdf\">Open access<\/a>]<\/p>\n<p>Eiroa-Orosa, F. J. (2023).\u00a0<a href=\"https:\/\/doi.org\/10.1108\/JPMH-09-2022-0089\">Citizenship as mental health. A study protocol for a randomised trial of awareness interventions for mental health professionals<\/a>.\u00a0<em>Journal of Public Mental Health<\/em>, 22(3), 117\u2013126. [<a href=\"https:\/\/www.ub.edu\/gr1p\/wp-content\/uploads\/Eiroa-Orosa_2023_Journal-of-Public-Mental-Health.pdf\">Postprint<\/a>]<\/p>\n<p>Eiroa-Orosa, F. J., i MacIntyre, G. (2023). <a href=\"https:\/\/doi.org\/10.3389\/fpsyg.2023.1169159\">Editorial: From individual to collective: bridging the gap between clinical practice and public policies<\/a>.\u00a0<em>Frontiers in Psychology<\/em>, 14. [<a href=\"https:\/\/www.frontiersin.org\/journals\/psychology\/articles\/10.3389\/fpsyg.2023.1169159\/full\">Open access<\/a>]<\/p>\n<p>Eiroa-Orosa, F. J., Nord-Baade, S. L., i Rowe, M. (2022). <a href=\"http:\/\/www.wapr.org\/wp-content\/uploads\/2022\/12\/eiroa_orosa_et_al.pdf\">Citizenship-based care: Where it stands and where it might go<\/a>.\u00a0<em>WAPR Bulletin, 49<\/em>(December), 37\u201344. [<a href=\"http:\/\/www.wapr.org\/wp-content\/uploads\/2022\/12\/eiroa_orosa_et_al.pdf\">Open access<\/a>]<\/p>","protected":false},"excerpt":{"rendered":"<p>Un projecte innovador per integrar la ciutadania en la pr\u00e0ctica de la salut mental. Sobre el projecte El projecte Ciutadania com a [&hellip;]<\/p>\n","protected":false},"author":6,"featured_media":0,"parent":0,"menu_order":0,"comment_status":"closed","ping_status":"closed","template":"","meta":{"footnotes":""},"class_list":["post-2065","page","type-page","status-publish","hentry"],"_links":{"self":[{"href":"https:\/\/www.ub.edu\/gr1p\/wp-json\/wp\/v2\/pages\/2065","targetHints":{"allow":["GET"]}}],"collection":[{"href":"https:\/\/www.ub.edu\/gr1p\/wp-json\/wp\/v2\/pages"}],"about":[{"href":"https:\/\/www.ub.edu\/gr1p\/wp-json\/wp\/v2\/types\/page"}],"author":[{"embeddable":true,"href":"https:\/\/www.ub.edu\/gr1p\/wp-json\/wp\/v2\/users\/6"}],"replies":[{"embeddable":true,"href":"https:\/\/www.ub.edu\/gr1p\/wp-json\/wp\/v2\/comments?post=2065"}],"version-history":[{"count":20,"href":"https:\/\/www.ub.edu\/gr1p\/wp-json\/wp\/v2\/pages\/2065\/revisions"}],"predecessor-version":[{"id":2174,"href":"https:\/\/www.ub.edu\/gr1p\/wp-json\/wp\/v2\/pages\/2065\/revisions\/2174"}],"wp:attachment":[{"href":"https:\/\/www.ub.edu\/gr1p\/wp-json\/wp\/v2\/media?parent=2065"}],"curies":[{"name":"wp","href":"https:\/\/api.w.org\/{rel}","templated":true}]}}