{"id":2203,"date":"2026-03-02T10:10:11","date_gmt":"2026-03-02T09:10:11","guid":{"rendered":"https:\/\/www.ub.edu\/gr1p\/?page_id=2203"},"modified":"2026-03-15T09:34:37","modified_gmt":"2026-03-15T08:34:37","slug":"livecitizenship","status":"publish","type":"page","link":"https:\/\/www.ub.edu\/gr1p\/livecitizenship\/","title":{"rendered":"LiveCitizenship"},"content":{"rendered":"<p><\/p>\n<h1>Un projecte innovador per empoderar persones amb experi\u00e8ncia pr\u00f2pia en salut mental mitjan\u00e7ant el marc de la ciutadania.<\/h1>\n<h2><strong>Sobre el projecte<\/strong><\/h2>\n<p>El projecte <strong>LiveCitizenship<\/strong>, finan\u00e7at per la <strong>Convocat\u00f2ria de Projectes de Generaci\u00f3 de Coneixement 2024<\/strong> de l\u2019<a href=\"https:\/\/www.aei.gob.es\/\">Ag\u00e8ncia Estatal d\u2019Investigaci\u00f3<\/a>, neix per empoderar persones amb experi\u00e8ncia pr\u00f2pia en salut mental (persones usu\u00e0ries, treballadors\/es de suport entre iguals i activistes en primera persona). Mitjan\u00e7ant un proc\u00e9s de recerca participativa, el projecte utilitza el <strong>marc de la Ciutadania<\/strong> \u2014basat en les 5Rs: drets, responsabilitats, rols, recursos i relacions\u2014 per transformar aquests conceptes en eines pr\u00e0ctiques i estrat\u00e8gies digitals. El nostre objectiu \u00e9s refor\u00e7ar els camins de recuperaci\u00f3 cap a una plena pertinen\u00e7a a la societat, fomentant l&#8217;autonomia i la inclusi\u00f3 social.<\/p>\n<h3><strong>Objectius del projecte<\/strong><\/h3>\n<ul>\n<li><strong>Explorar l\u2019aplicabilitat<\/strong> del marc de la ciutadania en el disseny de vies de recuperaci\u00f3 mitjan\u00e7ant tallers de co-disseny amb persones amb experi\u00e8ncia pr\u00f2pia.<\/li>\n<li><strong>Implementar un programa de formaci\u00f3 i sensibilitzaci\u00f3 liderat per iguals<\/strong> (peers) per empoderar els i les participants i millorar els seus resultats de recuperaci\u00f3.<\/li>\n<li><strong>Co-dissenyar i validar una eina reflexiva<\/strong> que integri el marc de ciutadania amb la <strong>Intel\u00b7lig\u00e8ncia Artificial<\/strong> per avaluar traject\u00f2ries de recuperaci\u00f3 personalitzades.<\/li>\n<li><strong>Mesurar l\u2019impacte<\/strong> d&#8217;aquestes intervencions en l&#8217;empoderament i la inclusi\u00f3 social.<\/li>\n<li><strong>Difondre els resultats<\/strong> entre entitats de persones usu\u00e0ries, fam\u00edlies i professionals per promoure pr\u00e0ctiques basades en la ciutadania.<\/li>\n<\/ul>\n<h3><strong>Fases i Resultats<\/strong><\/h3>\n<h4><strong>Tallers de Co-disseny<\/strong><\/h4>\n<p>Col\u00b7laboraci\u00f3 directa amb 15 participants (persones usu\u00e0ries, activistes i treballadors\/es de suport) per adaptar el marc de ciutadania a les seves necessitats reals i definir els continguts de la formaci\u00f3.<\/p>\n<h4><strong>Formaci\u00f3 Liderada per Iguals<\/strong><\/h4>\n<p>Basada en els principis TLC3 (contacte dirigit, local, cre\u00efble i continu), on activistes i treballadors de suport entre iguals imparteixen la formaci\u00f3 per fomentar l&#8217;autogesti\u00f3 de drets i rols.<\/p>\n<h4><strong>Eina Reflexiva de IA<\/strong><\/h4>\n<p>Desenvolupament d&#8217;un llibre de treball i un <strong>xatbot<\/strong> alimentat per narratives reals que ajudar\u00e0 a les persones usu\u00e0ries a reflexionar sobre la seva recuperaci\u00f3 i ciutadania.<\/p>\n<h4><strong>Estudis de Viabilitat<\/strong><\/h4>\n<p>Realitzaci\u00f3 d&#8217;estudis experimentals per validar l&#8217;efic\u00e0cia i la facilitat d&#8217;\u00fas de les eines desenvolupades.<\/p>\n<h2>Uneix-te a la nostra iniciativa!<\/h2>\n<p>Estem buscant persones amb experi\u00e8ncia pr\u00f2pia en salut mental, treballadors\/es de suport entre iguals i activistes que vulguin participar en els nostres tallers de co-disseny i programes de formaci\u00f3. Si vols formar part d&#8217;aquest canvi cap a un model de recuperaci\u00f3 basat en la ciutadania, <a href=\"mailto:fjeiroa@gmail.com\">contacta amb nosaltres<\/a>.<\/p>\n<h2><strong>El nostre equip<\/strong><\/h2>\n<p><a href=\"https:\/\/www.ub.edu\/ipcs\/es\/equip\/francisco-jose-eiroa-orosa\" target=\"_blank\" rel=\"noopener\">Francisco Jos\u00e9 Eiro\u00e1-Orosa<\/a><br \/>\nInvestigador Principal<\/p>\n<p><a href=\"https:\/\/www.ub.edu\/gr1p\/equip\/diana-gonzalez-manas\" target=\"_blank\" rel=\"noopener\">Diana Gonz\u00e1lez Ma\u00f1as<\/a><br \/>\nCoordinaci\u00f3 i execuci\u00f3<\/p>\n<p><a href=\"https:\/\/orcid.org\/0000-0002-7712-2423\" target=\"_blank\" rel=\"noopener\">Anna Ballesteros-Urpi<\/a><br \/>\nEnlla\u00e7 amb el sistema d&#8217;atenci\u00f3 en salut mental<\/p>\n<p><a href=\"https:\/\/medicine.yale.edu\/profile\/michael-rowe\" target=\"_blank\" rel=\"noopener\">Michael Rowe (Yale University)<\/a><br \/>\nAssessor cient\u00edfic<\/p>","protected":false},"excerpt":{"rendered":"<p>Un projecte innovador per empoderar persones amb experi\u00e8ncia pr\u00f2pia en salut mental mitjan\u00e7ant el marc de la ciutadania. Sobre el projecte El [&hellip;]<\/p>\n","protected":false},"author":1,"featured_media":0,"parent":0,"menu_order":0,"comment_status":"closed","ping_status":"closed","template":"","meta":{"footnotes":""},"class_list":["post-2203","page","type-page","status-publish","hentry"],"_links":{"self":[{"href":"https:\/\/www.ub.edu\/gr1p\/wp-json\/wp\/v2\/pages\/2203","targetHints":{"allow":["GET"]}}],"collection":[{"href":"https:\/\/www.ub.edu\/gr1p\/wp-json\/wp\/v2\/pages"}],"about":[{"href":"https:\/\/www.ub.edu\/gr1p\/wp-json\/wp\/v2\/types\/page"}],"author":[{"embeddable":true,"href":"https:\/\/www.ub.edu\/gr1p\/wp-json\/wp\/v2\/users\/1"}],"replies":[{"embeddable":true,"href":"https:\/\/www.ub.edu\/gr1p\/wp-json\/wp\/v2\/comments?post=2203"}],"version-history":[{"count":8,"href":"https:\/\/www.ub.edu\/gr1p\/wp-json\/wp\/v2\/pages\/2203\/revisions"}],"predecessor-version":[{"id":2234,"href":"https:\/\/www.ub.edu\/gr1p\/wp-json\/wp\/v2\/pages\/2203\/revisions\/2234"}],"wp:attachment":[{"href":"https:\/\/www.ub.edu\/gr1p\/wp-json\/wp\/v2\/media?parent=2203"}],"curies":[{"name":"wp","href":"https:\/\/api.w.org\/{rel}","templated":true}]}}