{"id":919,"date":"2021-10-05T22:11:49","date_gmt":"2021-10-05T20:11:49","guid":{"rendered":"http:\/\/gr1p.cat\/?page_id=919"},"modified":"2021-10-05T22:11:49","modified_gmt":"2021-10-05T20:11:49","slug":"primera-persona","status":"publish","type":"page","link":"https:\/\/www.ub.edu\/gr1p\/primera-persona\/","title":{"rendered":"Primera Persona"},"content":{"rendered":"<p>Com a entitat constitu\u00efda i gestionada per persones amb experi\u00e8ncia pr\u00f2pia tenim la convicci\u00f3 que un canvi de model en l&#8217;atenci\u00f3 a la salut mental i addiccions passa per la implicaci\u00f3 del col\u00b7lectiu en la protecci\u00f3 i promoci\u00f3 dels seus drets de ciutadania.\u00a0Les persones poden tenir un paper m\u00e9s actiu en el seu proc\u00e9s de recuperaci\u00f3 si tenen acc\u00e9s i coneixement de les eines que els faciliten exercir els seus drets.<\/p>\n<h3 style=\"text-align: center;\">Activitats formatives<\/h3>\n<h4><strong>Planificaci\u00f3 de decisions anticipades<\/strong><\/h4>\n<p>Els \u00faltims anys els serveis de salut p\u00fablica estan incorporant elements encaminats a centrar l&#8217;atenci\u00f3 en la voluntat de les persones. Ja podem accedir al registre, a trav\u00e9s de l&#8221;espai virtual, espec\u00edfic per als <a href=\"https:\/\/canalsalut.gencat.cat\/ca\/salut-a-z\/v\/voluntats-anticipades\/\" target=\"_blank\" rel=\"noopener\">documents de voluntats anticipades (DVA).<\/a><\/p>\n<p>Tanmateix ens trobem en proc\u00e9s d&#8217;implementaci\u00f3 del Model catal\u00e0\u00a0 de planificaci\u00f3 de voluntats anticipades (PDA) adaptat a l&#8217;\u00e0mbit de la salut mental.<\/p>\n<p>Per tal que aquesta implementaci\u00f3 sigui m\u00e9s \u00e0gil i efectiva oferim sessions informatives i assessorament a les entitats.<\/p>\n<p>De la mateixa manera, compartim amb vosaltres el text que acompanya totes les nostres sessions formatives obertes al p\u00fablic: M\u00e1s Pen\u00e9lope i menos Ulises. Troba&#8217;l <a href=\"https:\/\/www.ub.edu\/gr1p\/wp-content\/uploads\/2024\/02\/Mas-Penelope-y-menos-Ulises.docx-1.pdf\">aqu\u00ed<\/a>.<\/p>\n<p>M\u00e9s informaci\u00f3:<\/p>\n<ul>\n<li><a href=\"https:\/\/canalsalut.gencat.cat\/web\/.content\/_Sistema_de_salut\/CBC\/recursos\/documents_tematica\/respecte_voluntat_persona_mental.pdf\" target=\"_blank\" rel=\"noopener\">Comit\u00e8 de Bio\u00e8tica. Informe PDA<\/a>.<\/li>\n<li><a href=\"https:\/\/dixit.gencat.cat\/es\/detalls\/Article\/20190319_planificacio_decisions_anticipades\" target=\"_blank\" rel=\"noopener\">PDA. Dixit.<\/a><\/li>\n<li><a href=\"https:\/\/www.som360.org\/ca\/monografic\/dd-hh-salud-mental\/article\/planificacio-decisions-anticipades-salut-mental\" target=\"_blank\" rel=\"noopener\">SOM360. Monogr\u00e0fic Drets humans i Salut Mental<\/a>.<\/li>\n<\/ul>\n<p>&nbsp;<\/p>\n<h4><strong>Suport Entre Iguals<\/strong><\/h4>\n<p>&#8220;<em>El suport entre iguals \u00e9s un sistema que consisteix a donar i rebre ajuda i que es basa en els principis fonamentals del respecte, la responsabilitat i l&#8217;acord mutu en all\u00f2 que \u00e9s \u00fatil<\/em>&#8221; (Mead,2003).<\/p>\n<p>En col\u00b7laboraci\u00f3 amb la <a href=\"https:\/\/veus.cat\/es\/inicio\/\" target=\"_blank\" rel=\"noopener\">Federaci\u00f3 Veus<\/a> participem del grup de treball que impulsa la implementaci\u00f3 del programa \u201cSuport entre iguals\u201d a Catalunya, i es coordina per a aix\u00f2 amb el Consell Assessor del Pla Director de Salut Mental i Addiccions.<\/p>\n<p>Vam dur a terme un projecte pilot per al<a href=\"http:\/\/gr1p.cat\/wp-content\/uploads\/2020\/09\/Sanchez_Moscona_Eiroa_Orosa_2020_IJMHN.pdf\" target=\"_blank\" rel=\"noopener\"> disseny participatiu de la formaci\u00f3 d&#8217;agent de suport mutu<\/a>, i col\u00b7laborem en les activitats formatives que en l&#8217;actualitat ofereix <a href=\"https:\/\/emiliaonline.org\/2020\/11\/26\/curs2021\/\" target=\"_blank\" rel=\"noopener\">l&#8217;associaci\u00f3 Emilia.<\/a><\/p>\n<p>A Catalunya ja s&#8217;han incorporat els primers agents de suport mutu als equips d&#8217;atenci\u00f3 en salut mental als diferents serveis. I continuem treballant per a la consolidaci\u00f3 d&#8217;aquesta figura professional que compleix amb una doble funci\u00f3: contribuir a la reinserci\u00f3 laboral de persones amb afeccions psicosocials, i possibilitar la participaci\u00f3 i empoderament del col\u00b7lectiu.<\/p>","protected":false},"excerpt":{"rendered":"<p>Com a entitat constitu\u00efda i gestionada per persones amb experi\u00e8ncia pr\u00f2pia tenim la convicci\u00f3 que un canvi de model en l&#8217;atenci\u00f3 a [&hellip;]<\/p>\n","protected":false},"author":1,"featured_media":1173,"parent":0,"menu_order":0,"comment_status":"closed","ping_status":"closed","template":"","meta":{"footnotes":""},"class_list":["post-919","page","type-page","status-publish","has-post-thumbnail","hentry"],"_links":{"self":[{"href":"https:\/\/www.ub.edu\/gr1p\/wp-json\/wp\/v2\/pages\/919","targetHints":{"allow":["GET"]}}],"collection":[{"href":"https:\/\/www.ub.edu\/gr1p\/wp-json\/wp\/v2\/pages"}],"about":[{"href":"https:\/\/www.ub.edu\/gr1p\/wp-json\/wp\/v2\/types\/page"}],"author":[{"embeddable":true,"href":"https:\/\/www.ub.edu\/gr1p\/wp-json\/wp\/v2\/users\/1"}],"replies":[{"embeddable":true,"href":"https:\/\/www.ub.edu\/gr1p\/wp-json\/wp\/v2\/comments?post=919"}],"version-history":[{"count":0,"href":"https:\/\/www.ub.edu\/gr1p\/wp-json\/wp\/v2\/pages\/919\/revisions"}],"wp:featuredmedia":[{"embeddable":true,"href":"https:\/\/www.ub.edu\/gr1p\/wp-json\/wp\/v2\/media\/1173"}],"wp:attachment":[{"href":"https:\/\/www.ub.edu\/gr1p\/wp-json\/wp\/v2\/media?parent=919"}],"curies":[{"name":"wp","href":"https:\/\/api.w.org\/{rel}","templated":true}]}}

<p>Com a entitat constituïda i gestionada per persones amb experiència pròpia tenim la convicció que un canvi de model en l&#8217;atenció a la salut mental i addiccions passa per la implicació del col·lectiu en la protecció i promoció dels seus drets de ciutadania. Les persones poden tenir un paper més actiu en el seu procés de recuperació si tenen accés i coneixement de les eines que els faciliten exercir els seus drets.</p>
<h3 style="text-align: center;">Activitats formatives</h3>
<h4><strong>Planificació de decisions anticipades</strong></h4>
<p>Els últims anys els serveis de salut pública estan incorporant elements encaminats a centrar l&#8217;atenció en la voluntat de les persones. Ja podem accedir al registre, a través de l&#8221;espai virtual, específic per als <a href="https://canalsalut.gencat.cat/ca/salut-a-z/v/voluntats-anticipades/" target="_blank" rel="noopener">documents de voluntats anticipades (DVA).</a></p>
<p>Tanmateix ens trobem en procés d&#8217;implementació del Model català  de planificació de voluntats anticipades (PDA) adaptat a l&#8217;àmbit de la salut mental.</p>
<p>Per tal que aquesta implementació sigui més àgil i efectiva oferim sessions informatives i assessorament a les entitats.</p>
<p>De la mateixa manera, compartim amb vosaltres el text que acompanya totes les nostres sessions formatives obertes al públic: Más Penélope i menos Ulises. Troba&#8217;l <a href="https://www.ub.edu/gr1p/wp-content/uploads/2024/02/Mas-Penelope-y-menos-Ulises.docx-1.pdf">aquí</a>.</p>
<p>Més informació:</p>
<ul>
<li><a href="https://canalsalut.gencat.cat/web/.content/_Sistema_de_salut/CBC/recursos/documents_tematica/respecte_voluntat_persona_mental.pdf" target="_blank" rel="noopener">Comitè de Bioètica. Informe PDA</a>.</li>
<li><a href="https://dixit.gencat.cat/es/detalls/Article/20190319_planificacio_decisions_anticipades" target="_blank" rel="noopener">PDA. Dixit.</a></li>
<li><a href="https://www.som360.org/ca/monografic/dd-hh-salud-mental/article/planificacio-decisions-anticipades-salut-mental" target="_blank" rel="noopener">SOM360. Monogràfic Drets humans i Salut Mental</a>.</li>
</ul>
<p>&nbsp;</p>
<h4><strong>Suport Entre Iguals</strong></h4>
<p>&#8220;<em>El suport entre iguals és un sistema que consisteix a donar i rebre ajuda i que es basa en els principis fonamentals del respecte, la responsabilitat i l&#8217;acord mutu en allò que és útil</em>&#8221; (Mead,2003).</p>
<p>En col·laboració amb la <a href="https://veus.cat/es/inicio/" target="_blank" rel="noopener">Federació Veus</a> participem del grup de treball que impulsa la implementació del programa “Suport entre iguals” a Catalunya, i es coordina per a això amb el Consell Assessor del Pla Director de Salut Mental i Addiccions.</p>
<p>Vam dur a terme un projecte pilot per al<a href="http://gr1p.cat/wp-content/uploads/2020/09/Sanchez_Moscona_Eiroa_Orosa_2020_IJMHN.pdf" target="_blank" rel="noopener"> disseny participatiu de la formació d&#8217;agent de suport mutu</a>, i col·laborem en les activitats formatives que en l&#8217;actualitat ofereix <a href="https://emiliaonline.org/2020/11/26/curs2021/" target="_blank" rel="noopener">l&#8217;associació Emilia.</a></p>
<p>A Catalunya ja s&#8217;han incorporat els primers agents de suport mutu als equips d&#8217;atenció en salut mental als diferents serveis. I continuem treballant per a la consolidació d&#8217;aquesta figura professional que compleix amb una doble funció: contribuir a la reinserció laboral de persones amb afeccions psicosocials, i possibilitar la participació i empoderament del col·lectiu.</p>

<p>Com a entitat constituïda i gestionada per persones amb experiència pròpia tenim la convicció que un canvi de model en l&#8217;atenció a [&hellip;]</p>
