{"id":290,"date":"2022-07-12T17:42:15","date_gmt":"2022-07-12T15:42:15","guid":{"rendered":"https:\/\/www.ub.edu\/gracmon\/?page_id=290"},"modified":"2023-05-17T08:37:56","modified_gmt":"2023-05-17T06:37:56","slug":"gracmondocs","status":"publish","type":"page","link":"https:\/\/www.ub.edu\/gracmon\/gracmondocs\/","title":{"rendered":"GracmonDocs"},"content":{"rendered":"<p>[et_pb_section fb_built=&#8221;1&#8243; fullwidth=&#8221;on&#8221; admin_label=&#8221;T\u00edtol&#8221; _builder_version=&#8221;4.16&#8243; _module_preset=&#8221;default&#8221; animation_style=&#8221;slide&#8221; animation_direction=&#8221;top&#8221; animation_intensity_slide=&#8221;2%&#8221; animation_starting_opacity=&#8221;100%&#8221; locked=&#8221;off&#8221; global_colors_info=&#8221;{}&#8221;][et_pb_fullwidth_post_title meta=&#8221;off&#8221; featured_image=&#8221;off&#8221; _builder_version=&#8221;4.21.0&#8243; _module_preset=&#8221;default&#8221; title_font_size=&#8221;55px&#8221; hover_enabled=&#8221;0&#8243; text_shadow_style=&#8221;preset5&#8243; global_colors_info=&#8221;{}&#8221; title_font_size_last_edited=&#8221;on|phone&#8221; sticky_enabled=&#8221;0&#8243; title_font_size_phone=&#8221;40px&#8221; title_font_size_tablet=&#8221;55px&#8221;][\/et_pb_fullwidth_post_title][\/et_pb_section][et_pb_section fb_built=&#8221;1&#8243; _builder_version=&#8221;4.17.4&#8243; _module_preset=&#8221;default&#8221; global_colors_info=&#8221;{}&#8221;][et_pb_row column_structure=&#8221;3_5,2_5&#8243; _builder_version=&#8221;4.17.4&#8243; _module_preset=&#8221;default&#8221; global_colors_info=&#8221;{}&#8221;][et_pb_column type=&#8221;3_5&#8243; _builder_version=&#8221;4.17.4&#8243; _module_preset=&#8221;default&#8221; global_colors_info=&#8221;{}&#8221;][et_pb_image src=&#8221;https:\/\/www.ub.edu\/gracmon\/wp-content\/uploads\/2022\/11\/GD1_cronosdb.jpg&#8221; title_text=&#8221;GD1_cronosdb&#8221; align=&#8221;right&#8221; _builder_version=&#8221;4.18.0&#8243; _module_preset=&#8221;default&#8221; global_colors_info=&#8221;{}&#8221;][\/et_pb_image][\/et_pb_column][et_pb_column type=&#8221;2_5&#8243; _builder_version=&#8221;4.17.4&#8243; _module_preset=&#8221;default&#8221; global_colors_info=&#8221;{}&#8221;][et_pb_text _builder_version=&#8221;4.18.0&#8243; _module_preset=&#8221;default&#8221; global_colors_info=&#8221;{}&#8221;]<\/p>\n<h2><strong>GracmonDocs #1<br \/><\/strong><\/h2>\n<p><a href=\"http:\/\/www.ub.edu\/gracmon\/docs\/cronofad\/\" target=\"_blank\" rel=\"noopener\"><strong>CRONOFAD<\/strong><\/a><\/p>\n<p>Cronologia interactiva de 100 anys del Foment de les Arts i del Disseny.<br \/>(Consulta les ressenyes a <a href=\"https:\/\/blog.grrr.es\/2011\/06\/28\/cronofad\/\" target=\"_blank\" rel=\"noopener\">GRRR<\/a>)<\/p>\n<p>Projecte relacionat: <a href=\"https:\/\/www.ub.edu\/gracmon\/projectes-anteriors\/\">El Sistema Disseny Barcelona: Visualitzaci\u00f3 i genealogia hist\u00f2rica<\/a><\/p>\n<p>[\/et_pb_text][\/et_pb_column][\/et_pb_row][et_pb_row column_structure=&#8221;2_5,3_5&#8243; _builder_version=&#8221;4.17.4&#8243; _module_preset=&#8221;default&#8221; global_colors_info=&#8221;{}&#8221;][et_pb_column type=&#8221;2_5&#8243; _builder_version=&#8221;4.17.4&#8243; _module_preset=&#8221;default&#8221; global_colors_info=&#8221;{}&#8221;][et_pb_text _builder_version=&#8221;4.18.0&#8243; _module_preset=&#8221;default&#8221; global_colors_info=&#8221;{}&#8221;]<\/p>\n<h2><strong>GracmonDocs #2<br \/><\/strong><\/h2>\n<p><strong class=\"gracmondocs-titol\"><a href=\"http:\/\/www.ub.edu\/gracmon\/docs\/mapaeob\/\" target=\"_blank\" rel=\"noopener\">Mapa de l\u2019oci a la Barcelona de 1900<\/a><\/strong><\/p>\n<p>Teatres, cinemat\u00f2grafs, sales de ball, de m\u00fasica, galeries d\u2019art\u2026 La seva localitzaci\u00f3 al llarg del temps (1870-1910) a la Barcelona modernista.<\/p>\n<p><span class=\"projecte\">Projecte relacionat:\u00a0<em><a title=\"Espais d\u2019oci a la Barcelona de 1900\" href=\"https:\/\/www.ub.edu\/gracmon\/projectes-anteriors\/\">Espais d\u2019oci a la Barcelona de 1900<\/a><\/em><\/span><\/p>\n<p>[\/et_pb_text][\/et_pb_column][et_pb_column type=&#8221;3_5&#8243; _builder_version=&#8221;4.17.4&#8243; _module_preset=&#8221;default&#8221; global_colors_info=&#8221;{}&#8221;][et_pb_image src=&#8221;https:\/\/www.ub.edu\/gracmon\/wp-content\/uploads\/2022\/11\/GD2.jpg&#8221; title_text=&#8221;GD2&#8243; _builder_version=&#8221;4.18.0&#8243; _module_preset=&#8221;default&#8221; global_colors_info=&#8221;{}&#8221;][\/et_pb_image][\/et_pb_column][\/et_pb_row][et_pb_row column_structure=&#8221;3_5,2_5&#8243; _builder_version=&#8221;4.17.4&#8243; _module_preset=&#8221;default&#8221; global_colors_info=&#8221;{}&#8221;][et_pb_column type=&#8221;3_5&#8243; _builder_version=&#8221;4.17.4&#8243; _module_preset=&#8221;default&#8221; global_colors_info=&#8221;{}&#8221;][et_pb_image src=&#8221;https:\/\/www.ub.edu\/gracmon\/wp-content\/uploads\/2022\/11\/GD3.jpg&#8221; title_text=&#8221;GD3&#8243; align=&#8221;right&#8221; _builder_version=&#8221;4.18.0&#8243; _module_preset=&#8221;default&#8221; global_colors_info=&#8221;{}&#8221;][\/et_pb_image][\/et_pb_column][et_pb_column type=&#8221;2_5&#8243; _builder_version=&#8221;4.17.4&#8243; _module_preset=&#8221;default&#8221; global_colors_info=&#8221;{}&#8221;][et_pb_text _builder_version=&#8221;4.18.0&#8243; _module_preset=&#8221;default&#8221; global_colors_info=&#8221;{}&#8221;]<\/p>\n<h2><strong>GracmonDocs #3<br \/><\/strong><\/h2>\n<p><strong class=\"gracmondocs-titol\"><a href=\"http:\/\/www.ub.edu\/gracmon\/docs\/calaix\/\" target=\"_blank\" rel=\"noopener\">Calaix de Sastre: Esdeveniments d\u2019oci a la Barcelona del XVIII<\/a><\/strong><\/p>\n<p>L\u00ednea de temps interactiva amb passatemps divertiments de l\u2019aristocr\u00e0cia i la menestralia de finals del XVIII i principis del XIX,\u00a0consignats per Rafael Amat, Bar\u00f3 de Mald\u00e0, en el seu dietari <em>Calaix de Sastre<\/em>.<\/p>\n<p><span class=\"projecte\">Projecte relacionat:\u00a0<em><a title=\"Espais d\u2019oci a la Barcelona de 1900\" href=\"https:\/\/www.ub.edu\/gracmon\/projectes-anteriors\/\">Espais d\u2019oci a la Barcelona de 1900<\/a><\/em><\/span><\/p>\n<p>[\/et_pb_text][\/et_pb_column][\/et_pb_row][et_pb_row column_structure=&#8221;2_5,3_5&#8243; _builder_version=&#8221;4.17.4&#8243; _module_preset=&#8221;default&#8221; global_colors_info=&#8221;{}&#8221;][et_pb_column type=&#8221;2_5&#8243; _builder_version=&#8221;4.17.4&#8243; _module_preset=&#8221;default&#8221; global_colors_info=&#8221;{}&#8221;][et_pb_text _builder_version=&#8221;4.18.0&#8243; _module_preset=&#8221;default&#8221; global_colors_info=&#8221;{}&#8221;]<\/p>\n<h2><strong>GracmonDocs #4<br \/><\/strong><\/h2>\n<p><strong class=\"gracmondocs-titol\"><a href=\"http:\/\/www.ub.edu\/gracmon\/docs\/cronosdb\/\" target=\"_blank\" rel=\"noopener\">CronoSDB<\/a><\/strong><\/p>\n<p>CronoSDB \u00e9s una cronologia interactiva del Sistema Disseny Barcelona, integrat per la demanda de serveis de disseny (empreses), la oferta (dissenyadors) i la cultura del disseny (associacions, escoles, etc.). En proc\u00e9s de desenvolupament, es presenta en versi\u00f3 beta.<\/p>\n<p><span class=\"projecte\">Projecte relacionat:\u00a0<em><a title=\"El Sistema Disseny Barcelona: Visualitzaci\u00f3 i genealogia hist\u00f2rica\" href=\"https:\/\/www.ub.edu\/gracmon\/projectes-anteriors\/\">El Sistema Disseny Barcelona. Visualitzaci\u00f3 i genealogia hist\u00f2rica<\/a><\/em><\/span><\/p>\n<p>[\/et_pb_text][\/et_pb_column][et_pb_column type=&#8221;3_5&#8243; _builder_version=&#8221;4.17.4&#8243; _module_preset=&#8221;default&#8221; global_colors_info=&#8221;{}&#8221;][et_pb_image src=&#8221;https:\/\/www.ub.edu\/gracmon\/wp-content\/uploads\/2022\/11\/GD4.png&#8221; title_text=&#8221;GD4&#8243; _builder_version=&#8221;4.18.0&#8243; _module_preset=&#8221;default&#8221; global_colors_info=&#8221;{}&#8221;][\/et_pb_image][\/et_pb_column][\/et_pb_row][et_pb_row column_structure=&#8221;3_5,2_5&#8243; _builder_version=&#8221;4.17.4&#8243; _module_preset=&#8221;default&#8221; global_colors_info=&#8221;{}&#8221;][et_pb_column type=&#8221;3_5&#8243; _builder_version=&#8221;4.17.4&#8243; _module_preset=&#8221;default&#8221; global_colors_info=&#8221;{}&#8221;][et_pb_image src=&#8221;https:\/\/www.ub.edu\/gracmon\/wp-content\/uploads\/2022\/11\/GD5.png&#8221; title_text=&#8221;GD5&#8243; align=&#8221;right&#8221; _builder_version=&#8221;4.18.0&#8243; _module_preset=&#8221;default&#8221; global_colors_info=&#8221;{}&#8221;][\/et_pb_image][\/et_pb_column][et_pb_column type=&#8221;2_5&#8243; _builder_version=&#8221;4.17.4&#8243; _module_preset=&#8221;default&#8221; global_colors_info=&#8221;{}&#8221;][et_pb_text _builder_version=&#8221;4.18.0&#8243; _module_preset=&#8221;default&#8221; global_colors_info=&#8221;{}&#8221;]<\/p>\n<h2><strong>GracmonDocs #5<br \/><\/strong><\/h2>\n<p><strong class=\"gracmondocs-titol\"><a href=\"http:\/\/www.ub.edu\/gracmon\/docs\/crono-llotja\/\" target=\"_blank\" rel=\"noopener\">Cronologia Llotja (alpha)<\/a><\/strong><\/p>\n<p>Cronologia Llotja \u00e9s una cronologia interactiva que mostra la hist\u00f2ria de l\u2019Escola i l\u2019Acad\u00e8mia de Belles Arts de Barcelona. La web est\u00e0 en proc\u00e9s de desenvolupament, quant a contingut i interf\u00edcie, i es presenta en versi\u00f3 alpha. El teu feedback \u00e9s benvingut: <a href=\"mailto:gracmon@ub.edu\"><strong>gracmon@ub.edu<\/strong><\/a><\/p>\n<p><span class=\"projecte\">Projecte relacionat:\u00a0<em><a title=\"L'altre segle XIX\" href=\"https:\/\/www.ub.edu\/gracmon\/projectes-anteriors\/\">L\u2019altre segle XIX<\/a><\/em><\/span><\/p>\n<p>[\/et_pb_text][\/et_pb_column][\/et_pb_row][\/et_pb_section]<\/p>\n","protected":false},"excerpt":{"rendered":"<p>GracmonDocs #1 CRONOFAD Cronologia interactiva de 100 anys del Foment de les Arts i del Disseny.(Consulta les ressenyes a GRRR) Projecte relacionat: El Sistema Disseny Barcelona: Visualitzaci\u00f3 i genealogia hist\u00f2ricaGracmonDocs #2 Mapa de l\u2019oci a la Barcelona de 1900 Teatres, cinemat\u00f2grafs, sales de ball, de m\u00fasica, galeries d\u2019art\u2026 La seva localitzaci\u00f3 al llarg del temps [&hellip;]<\/p>\n","protected":false},"author":1,"featured_media":0,"parent":0,"menu_order":0,"comment_status":"closed","ping_status":"closed","template":"","meta":{"_et_pb_use_builder":"on","_et_pb_old_content":"","_et_gb_content_width":""},"_links":{"self":[{"href":"https:\/\/www.ub.edu\/gracmon\/wp-json\/wp\/v2\/pages\/290"}],"collection":[{"href":"https:\/\/www.ub.edu\/gracmon\/wp-json\/wp\/v2\/pages"}],"about":[{"href":"https:\/\/www.ub.edu\/gracmon\/wp-json\/wp\/v2\/types\/page"}],"author":[{"embeddable":true,"href":"https:\/\/www.ub.edu\/gracmon\/wp-json\/wp\/v2\/users\/1"}],"replies":[{"embeddable":true,"href":"https:\/\/www.ub.edu\/gracmon\/wp-json\/wp\/v2\/comments?post=290"}],"version-history":[{"count":0,"href":"https:\/\/www.ub.edu\/gracmon\/wp-json\/wp\/v2\/pages\/290\/revisions"}],"wp:attachment":[{"href":"https:\/\/www.ub.edu\/gracmon\/wp-json\/wp\/v2\/media?parent=290"}],"curies":[{"name":"wp","href":"https:\/\/api.w.org\/{rel}","templated":true}]}}