{"id":297,"date":"2022-07-12T17:44:10","date_gmt":"2022-07-12T15:44:10","guid":{"rendered":"https:\/\/www.ub.edu\/gracmon\/?page_id=297"},"modified":"2023-05-17T08:36:43","modified_gmt":"2023-05-17T06:36:43","slug":"projectes-anteriors","status":"publish","type":"page","link":"https:\/\/www.ub.edu\/gracmon\/projectes-anteriors\/","title":{"rendered":"Projectes anteriors"},"content":{"rendered":"<p>[et_pb_section fb_built=&#8221;1&#8243; fullwidth=&#8221;on&#8221; admin_label=&#8221;T\u00edtol&#8221; _builder_version=&#8221;4.16&#8243; _module_preset=&#8221;default&#8221; animation_style=&#8221;slide&#8221; animation_direction=&#8221;top&#8221; animation_intensity_slide=&#8221;2%&#8221; animation_starting_opacity=&#8221;100%&#8221; locked=&#8221;off&#8221; global_colors_info=&#8221;{}&#8221;][et_pb_fullwidth_post_title meta=&#8221;off&#8221; featured_image=&#8221;off&#8221; _builder_version=&#8221;4.21.0&#8243; _module_preset=&#8221;default&#8221; title_font_size=&#8221;55px&#8221; hover_enabled=&#8221;0&#8243; text_shadow_style=&#8221;preset5&#8243; global_colors_info=&#8221;{}&#8221; title_font_size_last_edited=&#8221;on|phone&#8221; sticky_enabled=&#8221;0&#8243; title_font_size_phone=&#8221;50px&#8221; title_font_size_tablet=&#8221;55px&#8221;][\/et_pb_fullwidth_post_title][\/et_pb_section][et_pb_section fb_built=&#8221;1&#8243; _builder_version=&#8221;4.17.4&#8243; _module_preset=&#8221;default&#8221; global_colors_info=&#8221;{}&#8221;][et_pb_row column_structure=&#8221;3_5,2_5&#8243; _builder_version=&#8221;4.17.4&#8243; _module_preset=&#8221;default&#8221; global_colors_info=&#8221;{}&#8221;][et_pb_column type=&#8221;3_5&#8243; _builder_version=&#8221;4.17.4&#8243; _module_preset=&#8221;default&#8221; global_colors_info=&#8221;{}&#8221;][et_pb_toggle title=&#8221;Mapa de los oficios de la escultura, 1775-1936. Profesi\u00f3n, mercado e Instituciones: de  Barcelona a Iberoam\u00e9rica&#8221; admin_label=&#8221;2016 Mapa oficios &#8221; _builder_version=&#8221;4.19.1&#8243; _module_preset=&#8221;default&#8221; global_colors_info=&#8221;{}&#8221;]<\/p>\n<p>Ref. HAR2013-43715-P. Ministerio de Econom\u00eda, Industria y Competitividad. 1\/01\/2014 &#8211; 31\/12\/2016<br \/>Investigadora Principal: Cristina Rodr\u00edguez Samaniego<\/p>\n<p><img decoding=\"async\" loading=\"lazy\" class=\"wp-image-399 alignnone size-full\" src=\"https:\/\/www.ub.edu\/gracmon\/wp-content\/uploads\/2022\/11\/2016-Lescultura-a-estudi.png\" alt=\"\" width=\"160\" height=\"216\" \/> <img decoding=\"async\" loading=\"lazy\" class=\"wp-image-401 alignnone size-medium\" src=\"https:\/\/www.ub.edu\/gracmon\/wp-content\/uploads\/2022\/11\/2018-Cataluna-America.png\" alt=\"\" width=\"160\" height=\"206\" \/> <img decoding=\"async\" loading=\"lazy\" class=\"wp-image-402 alignnone size-medium\" src=\"https:\/\/www.ub.edu\/gracmon\/wp-content\/uploads\/2022\/11\/2018-Modern-sculptura.png\" alt=\"\" width=\"160\" height=\"225\" \/><\/p>\n<p>[\/et_pb_toggle][et_pb_toggle title=&#8221;Modernisme: Acc\u00e9s Obert&#8221; admin_label=&#8221;2014 MOdernisme &#8221; _builder_version=&#8221;4.18.0&#8243; _module_preset=&#8221;default&#8221; global_colors_info=&#8221;{}&#8221;]<\/p>\n<p>RecerCaixa 2014. Caixa de Pensions La Caixa. 15\/02\/2015 &#8211; 14\/02\/2017 (pr\u00f2rroga 14\/02\/2018) <br \/>Investigadora Principal: Mireia Freixa Serra<\/p>\n<p>[\/et_pb_toggle][et_pb_toggle title=&#8221;Ajut de suport a Grups de Recerca de Catalunya&#8221; admin_label=&#8221;SGR 2014-16&#8243; _builder_version=&#8221;4.19.1&#8243; _module_preset=&#8221;default&#8221; global_colors_info=&#8221;{}&#8221;]<\/p>\n<p>Ref. 2014 SGR 00834 Generalitat de Catalunya. 2014-2016<br \/>Investigadora Principal: Mireia Freixa Serra<\/p>\n<p>[\/et_pb_toggle][et_pb_toggle title=&#8221;La relaci\u00f3n de las artes y la naturaleza: biolog\u00eda y simbolismo en la Barcelona de 1900&#8243; admin_label=&#8221;2013-16 Relaci\u00f3n artes&#8221; _builder_version=&#8221;4.19.1&#8243; _module_preset=&#8221;default&#8221; global_colors_info=&#8221;{}&#8221;]<\/p>\n<p>Ref. HAR2012-35927. Ministerio de Econom\u00eda y Competitividad. 1\/01\/2013 \u2013 31\/12\/2016<br \/>Investigadora principal: Teresa-M. Sala Garc\u00eda<\/p>\n<p><img decoding=\"async\" loading=\"lazy\" class=\"wp-image-406 alignnone size-medium\" src=\"https:\/\/www.ub.edu\/gracmon\/wp-content\/uploads\/2022\/11\/2014-Arts-i-naturalesa-219x300.jpeg\" alt=\"\" width=\"219\" height=\"300\" \/> <img decoding=\"async\" loading=\"lazy\" class=\"wp-image-407 alignnone size-medium\" src=\"https:\/\/www.ub.edu\/gracmon\/wp-content\/uploads\/2022\/11\/2016-Naturalesa-teatre-de-Guimera-218x300.jpeg\" alt=\"\" width=\"218\" height=\"300\" \/> <img decoding=\"async\" loading=\"lazy\" class=\"wp-image-408 alignnone size-medium\" src=\"https:\/\/www.ub.edu\/gracmon\/wp-content\/uploads\/2022\/11\/2017-Escrits-Riquer-222x300.jpeg\" alt=\"\" width=\"222\" height=\"300\" \/> <img decoding=\"async\" loading=\"lazy\" class=\"wp-image-409 alignnone size-medium\" src=\"https:\/\/www.ub.edu\/gracmon\/wp-content\/uploads\/2022\/11\/2017-Visions-els-Pirineus-199x300.jpeg\" alt=\"\" width=\"199\" height=\"300\" \/> <img decoding=\"async\" loading=\"lazy\" class=\"wp-image-410 alignnone size-medium\" src=\"https:\/\/www.ub.edu\/gracmon\/wp-content\/uploads\/2022\/11\/2018-Poetiques-de-la-natura-199x300.jpeg\" alt=\"\" width=\"199\" height=\"300\" \/><\/p>\n<p>[\/et_pb_toggle][et_pb_toggle title=&#8221;La historia del dise\u00f1o en Barcelona: an\u00e1lisis de los sistemas productivos y de los sistemas de consumo y mediaci\u00f3n&#8221; admin_label=&#8221;2013-15 H\u00aa dise\u00f1o&#8221; _builder_version=&#8221;4.19.1&#8243; _module_preset=&#8221;default&#8221; global_colors_info=&#8221;{}&#8221;]<\/p>\n<p>Ref. HAR2012-32819. Ministerio de Econom\u00eda y Competitividad. 1\/01\/2013 &#8211; 31\/12\/2015<br \/>Investigadora principal: Anna Calvera Sagu\u00e9<\/p>\n<p><img decoding=\"async\" loading=\"lazy\" class=\"wp-image-411 alignnone size-full\" src=\"https:\/\/www.ub.edu\/gracmon\/wp-content\/uploads\/2022\/11\/2018-Barcelona-Design-system.png\" alt=\"\" width=\"110\" height=\"150\" \/><\/p>\n<p>[\/et_pb_toggle][et_pb_toggle title=&#8221;El otro siglo XIX&#8221; admin_label=&#8221;2011-14 Otro siglo&#8221; _builder_version=&#8221;4.19.1&#8243; _module_preset=&#8221;default&#8221; global_colors_info=&#8221;{}&#8221;]<\/p>\n<p>Ref. HAR2010-16328. Ministerio de Ciencia e Innovaci\u00f3n. 1\/01\/2011 \u2013 31\/12\/2014 (pr\u00f2rroga 31\/12\/2015)<br \/>Investigadora Principal: Mireia Freixa Serra<\/p>\n<p><img decoding=\"async\" loading=\"lazy\" class=\"wp-image-412 alignnone size-medium\" src=\"https:\/\/www.ub.edu\/gracmon\/wp-content\/uploads\/2022\/11\/2013-Dialegs-antiguitat-225x300.jpeg\" alt=\"\" width=\"225\" height=\"300\" \/> <img decoding=\"async\" loading=\"lazy\" class=\"wp-image-413 alignnone size-medium\" src=\"https:\/\/www.ub.edu\/gracmon\/wp-content\/uploads\/2022\/11\/2013-Imatge-de-lheroi-300x296.jpeg\" alt=\"\" width=\"300\" height=\"296\" \/> <img decoding=\"async\" loading=\"lazy\" class=\"wp-image-414 alignnone size-medium\" src=\"https:\/\/www.ub.edu\/gracmon\/wp-content\/uploads\/2022\/11\/2016-Academia-i-art-226x300.jpeg\" alt=\"\" width=\"226\" height=\"300\" \/><\/p>\n<p>[\/et_pb_toggle][et_pb_toggle title=&#8221;Ajut de suport a Grups de Recerca de Catalunya&#8221; admin_label=&#8221;SGR 2009-2013&#8243; _builder_version=&#8221;4.19.1&#8243; _module_preset=&#8221;default&#8221; global_colors_info=&#8221;{}&#8221;]<\/p>\n<p>Ref. 2009 SGR\u00a0 1320. Generalitat de Catalunya. 2009-2013<br \/>Investigadora Principal: Mireia Freixa Serra<\/p>\n<p>[\/et_pb_toggle][et_pb_toggle title=&#8221;Los espacios del ocio en la Barcelona de 1900. Un proyecto de e-research en torno a los antecedentes de la industria cultural &#8221; admin_label=&#8221;2009-11 espacios&#8221; _builder_version=&#8221;4.19.1&#8243; _module_preset=&#8221;default&#8221; global_colors_info=&#8221;{}&#8221;]<\/p>\n<p>Ref. HAR 2008-04327\/ARTE. Ministerio de Ciencia e Innovaci\u00f3n. 1\/01\/2009 &#8211; 31\/12\/2011<br \/>Investigadora Principal: Teresa-M. Sala Garc\u00eda<\/p>\n<p><img decoding=\"async\" loading=\"lazy\" class=\"wp-image-415 alignnone size-medium\" src=\"https:\/\/www.ub.edu\/gracmon\/wp-content\/uploads\/2022\/11\/2008-Pensar-i-interpretar-loci-222x300.jpeg\" alt=\"\" width=\"222\" height=\"300\" \/><\/p>\n<p>[\/et_pb_toggle][et_pb_toggle title=&#8221;Sistema Dise\u00f1o Barcelona: visualizaci\u00f3n y genealog\u00eda hist\u00f3rica &#8221; admin_label=&#8221;2006-09 sistema dise\u00f1o&#8221; _builder_version=&#8221;4.19.1&#8243; _module_preset=&#8221;default&#8221; global_colors_info=&#8221;{}&#8221;]<\/p>\n<p>Ref. HUM2006-05252. Ministerio de Educaci\u00f3n y Ciencia. 1\/10\/2006 &#8211; 30\/09\/2009<br \/>Investigadora Principal: Anna Calvera Sagu\u00e9<\/p>\n<p><img decoding=\"async\" loading=\"lazy\" class=\"wp-image-416 alignnone size-medium\" src=\"https:\/\/www.ub.edu\/gracmon\/wp-content\/uploads\/2022\/11\/2013-From-Industry-to-Art-216x300.jpeg\" alt=\"\" width=\"216\" height=\"300\" \/> <img decoding=\"async\" loading=\"lazy\" class=\"wp-image-417 alignnone size-medium\" src=\"https:\/\/www.ub.edu\/gracmon\/wp-content\/uploads\/2022\/11\/2014-Formacio-Sistema-Disseny-224x300.jpeg\" alt=\"\" width=\"224\" height=\"300\" \/><\/p>\n<p>[\/et_pb_toggle][et_pb_toggle title=&#8221;Ajut de suport a Grups de Recerca de Catalunya&#8221; admin_label=&#8221;SGR 2005-2008&#8243; _builder_version=&#8221;4.19.1&#8243; _module_preset=&#8221;default&#8221; global_colors_info=&#8221;{}&#8221;]<\/p>\n<p>Ref. 2005 SGR 00183. Generalitat de Catalunya. 2005-2008<br \/>Investigadora Principal: Mireia Freixa Serra<\/p>\n<p>[\/et_pb_toggle][et_pb_toggle title=&#8221;De las Artes Decorativas a la cultura del Dise\u00f1o. El \u201cFoment de les Arts Decoratives\u201d de Barcelona (1903-1992) &#8221; admin_label=&#8221;2003-06 artes decorativas&#8221; _builder_version=&#8221;4.19.1&#8243; _module_preset=&#8221;default&#8221; global_colors_info=&#8221;{}&#8221;]<\/p>\n<p>Ref. BHA2003-03215. Ministerio de Educaci\u00f3n y Ciencia. 12\/12\/2003 &#8211; 11\/12\/2006<br \/>Investigadora Principal: Mireia Freixa Serra<\/p>\n<p><img decoding=\"async\" loading=\"lazy\" class=\"wp-image-418 alignnone size-medium\" src=\"https:\/\/www.ub.edu\/gracmon\/wp-content\/uploads\/2022\/11\/2007-Espais-interiors-207x300.jpeg\" alt=\"\" width=\"207\" height=\"300\" \/><\/p>\n<p>[\/et_pb_toggle][et_pb_toggle title=&#8221;El arte en Catalu\u00f1a entre 1850-1939. El debate centro-periferia&#8221; admin_label=&#8221;1999-2002 arte Catalu\u00f1a&#8221; _builder_version=&#8221;4.19.1&#8243; _module_preset=&#8221;default&#8221; global_colors_info=&#8221;{}&#8221;]<\/p>\n<p>Ref. PB-98-1200-CO2-01. Ministerio de Ciencia y Tecnolog\u00eda. 30\/12\/1999 \u2013 30\/12\/2002<br \/>Investigadora Principal: Mireia Freixa Serra<\/p>\n<p>[\/et_pb_toggle][et_pb_toggle title=&#8221;Ajut de suport a Grups de Recerca de Catalunya&#8221; admin_label=&#8221;SGR 2001-04&#8243; _builder_version=&#8221;4.18.0&#8243; _module_preset=&#8221;default&#8221; global_colors_info=&#8221;{}&#8221;]<\/p>\n<p>Ref. 2001 SGR 00006 Generalitat de Catalunya. 2001 &#8211; 2004<br \/>Investigador Principal: Mireia Freixa Serra\u00a0\u00a0\u00a0\u00a0\u00a0\u00a0\u00a0\u00a0\u00a0\u00a0\u00a0\u00a0\u00a0\u00a0\u00a0\u00a0\u00a0\u00a0\u00a0\u00a0\u00a0\u00a0\u00a0\u00a0\u00a0\u00a0\u00a0\u00a0\u00a0\u00a0\u00a0\u00a0\u00a0\u00a0\u00a0\u00a0\u00a0\u00a0\u00a0\u00a0\u00a0\u00a0\u00a0\u00a0\u00a0\u00a0\u00a0\u00a0\u00a0\u00a0\u00a0\u00a0\u00a0\u00a0\u00a0\u00a0\u00a0\u00a0\u00a0\u00a0\u00a0\u00a0\u00a0\u00a0\u00a0\u00a0\u00a0\u00a0\u00a0\u00a0\u00a0\u00a0\u00a0\u00a0\u00a0\u00a0\u00a0\u00a0\u00a0\u00a0\u00a0\u00a0\u00a0\u00a0\u00a0\u00a0\u00a0\u00a0\u00a0\u00a0\u00a0\u00a0\u00a0\u00a0\u00a0\u00a0\u00a0\u00a0\u00a0\u00a0\u00a0\u00a0\u00a0\u00a0\u00a0\u00a0\u00a0\u00a0\u00a0\u00a0\u00a0\u00a0\u00a0\u00a0\u00a0\u00a0\u00a0\u00a0\u00a0\u00a0\u00a0\u00a0\u00a0\u00a0\u00a0\u00a0\u00a0\u00a0\u00a0\u00a0\u00a0\u00a0\u00a0\u00a0\u00a0\u00a0\u00a0\u00a0\u00a0\u00a0\u00a0\u00a0\u00a0\u00a0\u00a0\u00a0\u00a0\u00a0\u00a0\u00a0\u00a0\u00a0<\/p>\n<p>[\/et_pb_toggle][et_pb_toggle title=&#8221;Ajut de suport a Grups de Recerca de Catalunya&#8221; admin_label=&#8221;SGR 1999 &#8211; 2001&#8243; _builder_version=&#8221;4.19.1&#8243; _module_preset=&#8221;default&#8221; global_colors_info=&#8221;{}&#8221;]<\/p>\n<p>1999 SGR 00004. Generalitat de Catalunya. 1999 &#8211; 2001<br \/>Investigadora Principal: Mireia Freixa Serra<\/p>\n<p>[\/et_pb_toggle][et_pb_toggle title=&#8221;Ajut de suport a Grups de Recerca de Catalunya&#8221; admin_label=&#8221;SGR 1997-99&#8243; _builder_version=&#8221;4.19.1&#8243; _module_preset=&#8221;default&#8221; global_colors_info=&#8221;{}&#8221;]<\/p>\n<p>Ref. 1997 SGR 00231. Generalitat de Catalunya. 1997 &#8211; 1999<br \/>Investigadora Principal: Mireia Freixa Serra<\/p>\n<p>[\/et_pb_toggle][et_pb_toggle title=&#8221;El arte en Catalu\u00f1a entre 1875 y 1936. Fuentes, modelos y teor\u00eda. El debate entre tradici\u00f3n y modernidad&#8221; admin_label=&#8221;1996-99 arte Catalu\u00f1a&#8221; _builder_version=&#8221;4.19.1&#8243; _module_preset=&#8221;default&#8221; global_colors_info=&#8221;{}&#8221;]<\/p>\n<p>PB95-0899-C02-01. Ministerio de Educaci\u00f3n y Cultura. \u00a09\/12\/1996 \u2013 9\/12\/1999<br \/>Investigadora Principal: Mireia Freixa Serra<\/p>\n<p>[\/et_pb_toggle][et_pb_toggle title=&#8221;Ajut de suport a Grups de Recerca de Catalunya&#8221; admin_label=&#8221;SGR 1995-97&#8243; _builder_version=&#8221;4.19.1&#8243; _module_preset=&#8221;default&#8221; global_colors_info=&#8221;{}&#8221;]<\/p>\n<p>1995 SGR 00215. Generalitat de Catalunya. 1995 &#8211; 1997<br \/>Investigadora Principal: Mireia Freixa Serra<\/p>\n<p>[\/et_pb_toggle][et_pb_toggle title=&#8221;El \u201cModernisme\u201d y el \u201cNoucentisme\u201d. Las artes pl\u00e1sticas y decorativas&#8221; admin_label=&#8221;1991-94 modernisme noucentisme&#8221; _builder_version=&#8221;4.19.1&#8243; _module_preset=&#8221;default&#8221; global_colors_info=&#8221;{}&#8221;]<\/p>\n<p>PB90-0493 Ministerio de Educaci\u00f3n y Ciencia. 30\/09\/1991 \u2013 30\/09\/1994<br \/>Investigadora Principal: Mireia Freixa Serra<\/p>\n<p>[\/et_pb_toggle][et_pb_toggle title=&#8221;Modernismo y Noucentismo. Reflexi\u00f3n cr\u00edtica y estudio pormenorizado de las Artes Decorativas&#8221; admin_label=&#8221;1988\u20131991 modernismo noucentismo&#8221; _builder_version=&#8221;4.19.1&#8243; _module_preset=&#8221;default&#8221; global_colors_info=&#8221;{}&#8221;]<\/p>\n<p>PB-870833-C04-01. Ministerio de Educaci\u00f3n y Ciencia. 1988 \u2013 1991<br \/>Investigadora Principal: Mireia Freixa Serra<em>\u00a0\u00a0\u00a0\u00a0\u00a0\u00a0\u00a0\u00a0\u00a0\u00a0\u00a0\u00a0\u00a0\u00a0\u00a0\u00a0\u00a0\u00a0\u00a0\u00a0\u00a0\u00a0\u00a0\u00a0\u00a0\u00a0\u00a0\u00a0\u00a0\u00a0\u00a0\u00a0\u00a0\u00a0\u00a0\u00a0\u00a0\u00a0\u00a0\u00a0\u00a0\u00a0\u00a0\u00a0\u00a0\u00a0\u00a0\u00a0\u00a0\u00a0\u00a0\u00a0\u00a0\u00a0\u00a0\u00a0\u00a0\u00a0\u00a0\u00a0\u00a0\u00a0 \u00a0\u00a0\u00a0\u00a0\u00a0\u00a0\u00a0\u00a0\u00a0\u00a0\u00a0\u00a0\u00a0\u00a0\u00a0\u00a0\u00a0\u00a0\u00a0\u00a0\u00a0\u00a0\u00a0\u00a0\u00a0\u00a0\u00a0\u00a0\u00a0\u00a0\u00a0\u00a0\u00a0\u00a0\u00a0\u00a0\u00a0\u00a0\u00a0\u00a0\u00a0\u00a0\u00a0\u00a0\u00a0\u00a0\u00a0\u00a0\u00a0\u00a0\u00a0\u00a0\u00a0\u00a0\u00a0\u00a0\u00a0\u00a0\u00a0\u00a0\u00a0\u00a0\u00a0\u00a0\u00a0\u00a0\u00a0\u00a0\u00a0\u00a0\u00a0\u00a0\u00a0\u00a0\u00a0\u00a0\u00a0\u00a0\u00a0\u00a0\u00a0\u00a0\u00a0\u00a0\u00a0\u00a0\u00a0\u00a0\u00a0\u00a0\u00a0\u00a0\u00a0\u00a0\u00a0<\/em><\/p>\n<p>[\/et_pb_toggle][et_pb_toggle title=&#8221;Les arts decoratives al Modernisme catal\u00e0: un assaig de sistematitzaci\u00f3&#8221; admin_label=&#8221;1986 arts decoratives&#8221; _builder_version=&#8221;4.19.1&#8243; _module_preset=&#8221;default&#8221; global_colors_info=&#8221;{}&#8221;]<\/p>\n<p>CIRIT Generalitat de Catalunya. 1986<br \/>Investigadora Principal: Mireia Freixa Serra<\/p>\n<p>[\/et_pb_toggle][\/et_pb_column][et_pb_column type=&#8221;2_5&#8243; _builder_version=&#8221;4.17.4&#8243; _module_preset=&#8221;default&#8221; global_colors_info=&#8221;{}&#8221;][et_pb_image src=&#8221;https:\/\/www.ub.edu\/gracmon\/wp-content\/uploads\/2023\/04\/pa1.jpg&#8221; title_text=&#8221;pa1&#8243; _builder_version=&#8221;4.19.1&#8243; _module_preset=&#8221;default&#8221; global_colors_info=&#8221;{}&#8221;][\/et_pb_image][et_pb_image src=&#8221;https:\/\/www.ub.edu\/gracmon\/wp-content\/uploads\/2023\/04\/pa2.jpg&#8221; title_text=&#8221;pa2&#8243; _builder_version=&#8221;4.19.1&#8243; _module_preset=&#8221;default&#8221; global_colors_info=&#8221;{}&#8221;][\/et_pb_image][et_pb_image src=&#8221;https:\/\/www.ub.edu\/gracmon\/wp-content\/uploads\/2023\/04\/pa3.jpg&#8221; title_text=&#8221;pa3&#8243; _builder_version=&#8221;4.19.1&#8243; _module_preset=&#8221;default&#8221; global_colors_info=&#8221;{}&#8221;][\/et_pb_image][et_pb_image src=&#8221;https:\/\/www.ub.edu\/gracmon\/wp-content\/uploads\/2023\/04\/pa4.jpg&#8221; title_text=&#8221;pa4&#8243; _builder_version=&#8221;4.19.1&#8243; _module_preset=&#8221;default&#8221; global_colors_info=&#8221;{}&#8221;][\/et_pb_image][et_pb_image src=&#8221;https:\/\/www.ub.edu\/gracmon\/wp-content\/uploads\/2023\/04\/pa5.jpg&#8221; title_text=&#8221;pa5&#8243; _builder_version=&#8221;4.19.1&#8243; _module_preset=&#8221;default&#8221; global_colors_info=&#8221;{}&#8221;][\/et_pb_image][et_pb_image src=&#8221;https:\/\/www.ub.edu\/gracmon\/wp-content\/uploads\/2023\/04\/pa6.jpg&#8221; title_text=&#8221;pa6&#8243; _builder_version=&#8221;4.19.1&#8243; _module_preset=&#8221;default&#8221; global_colors_info=&#8221;{}&#8221;][\/et_pb_image][et_pb_image src=&#8221;https:\/\/www.ub.edu\/gracmon\/wp-content\/uploads\/2023\/04\/pa7.jpg&#8221; title_text=&#8221;pa7&#8243; _builder_version=&#8221;4.19.1&#8243; _module_preset=&#8221;default&#8221; global_colors_info=&#8221;{}&#8221;][\/et_pb_image][et_pb_image src=&#8221;https:\/\/www.ub.edu\/gracmon\/wp-content\/uploads\/2023\/04\/pa8.jpg&#8221; title_text=&#8221;pa8&#8243; _builder_version=&#8221;4.19.1&#8243; _module_preset=&#8221;default&#8221; global_colors_info=&#8221;{}&#8221;][\/et_pb_image][et_pb_image src=&#8221;https:\/\/www.ub.edu\/gracmon\/wp-content\/uploads\/2023\/04\/pa9.jpg&#8221; title_text=&#8221;pa9&#8243; _builder_version=&#8221;4.19.1&#8243; _module_preset=&#8221;default&#8221; global_colors_info=&#8221;{}&#8221;][\/et_pb_image][\/et_pb_column][\/et_pb_row][\/et_pb_section]<\/p>\n","protected":false},"excerpt":{"rendered":"<p>Ref. HAR2013-43715-P. Ministerio de Econom\u00eda, Industria y Competitividad. 1\/01\/2014 &#8211; 31\/12\/2016Investigadora Principal: Cristina Rodr\u00edguez Samaniego RecerCaixa 2014. Caixa de Pensions La Caixa. 15\/02\/2015 &#8211; 14\/02\/2017 (pr\u00f2rroga 14\/02\/2018) Investigadora Principal: Mireia Freixa SerraRef. 2014 SGR 00834 Generalitat de Catalunya. 2014-2016Investigadora Principal: Mireia Freixa SerraRef. HAR2012-35927. Ministerio de Econom\u00eda y Competitividad. 1\/01\/2013 \u2013 31\/12\/2016Investigadora principal: Teresa-M. Sala [&hellip;]<\/p>\n","protected":false},"author":1,"featured_media":0,"parent":0,"menu_order":0,"comment_status":"closed","ping_status":"closed","template":"","meta":{"_et_pb_use_builder":"on","_et_pb_old_content":"","_et_gb_content_width":""},"_links":{"self":[{"href":"https:\/\/www.ub.edu\/gracmon\/wp-json\/wp\/v2\/pages\/297"}],"collection":[{"href":"https:\/\/www.ub.edu\/gracmon\/wp-json\/wp\/v2\/pages"}],"about":[{"href":"https:\/\/www.ub.edu\/gracmon\/wp-json\/wp\/v2\/types\/page"}],"author":[{"embeddable":true,"href":"https:\/\/www.ub.edu\/gracmon\/wp-json\/wp\/v2\/users\/1"}],"replies":[{"embeddable":true,"href":"https:\/\/www.ub.edu\/gracmon\/wp-json\/wp\/v2\/comments?post=297"}],"version-history":[{"count":0,"href":"https:\/\/www.ub.edu\/gracmon\/wp-json\/wp\/v2\/pages\/297\/revisions"}],"wp:attachment":[{"href":"https:\/\/www.ub.edu\/gracmon\/wp-json\/wp\/v2\/media?parent=297"}],"curies":[{"name":"wp","href":"https:\/\/api.w.org\/{rel}","templated":true}]}}