{"id":3511,"date":"2021-11-19T17:34:34","date_gmt":"2021-11-19T17:34:34","guid":{"rendered":"https:\/\/www.ub.edu\/grapa\/?page_id=3511"},"modified":"2022-01-25T09:22:49","modified_gmt":"2022-01-25T09:22:49","slug":"informes","status":"publish","type":"page","link":"https:\/\/www.ub.edu\/grapa\/resultados\/informes\/","title":{"rendered":"Informes"},"content":{"rendered":"<p>[et_pb_section fb_built=\u00bb1&#8243; admin_label=\u00bbInformes\u00bb _builder_version=\u00bb4.13.1&#8243; custom_padding=\u00bb||100px||false|false\u00bb hover_enabled=\u00bb0&#8243; global_colors_info=\u00bb{}\u00bb theme_builder_area=\u00bbpost_content\u00bb module_id=\u00bbres\u00bb sticky_enabled=\u00bb0&#8243;][et_pb_row admin_label=\u00bbFunci\u00f3n p\u00fablica\u00bb module_id=\u00bbfuncionpublica\u00bb _builder_version=\u00bb4.13.1&#8243; background_size=\u00bbinitial\u00bb background_position=\u00bbtop_left\u00bb background_repeat=\u00bbrepeat\u00bb width=\u00bb100%\u00bb width_tablet=\u00bb100%\u00bb width_phone=\u00bb100%\u00bb width_last_edited=\u00bbon|phone\u00bb module_alignment=\u00bbcenter\u00bb custom_padding=\u00bb0px|||||\u00bb global_colors_info=\u00bb{}\u00bb theme_builder_area=\u00bbpost_content\u00bb][et_pb_column type=\u00bb4_4&#8243; _builder_version=\u00bb3.25&#8243; custom_padding=\u00bb|||\u00bb global_colors_info=\u00bb{}\u00bb custom_padding__hover=\u00bb|||\u00bb theme_builder_area=\u00bbpost_content\u00bb][et_pb_text admin_label=\u00bbTexto editable\u00bb _builder_version=\u00bb4.13.1&#8243; hover_enabled=\u00bb0&#8243; global_colors_info=\u00bb{}\u00bb theme_builder_area=\u00bbpost_content\u00bb sticky_enabled=\u00bb0&#8243;]<\/p>\n<h2>1.- Funci\u00f3n P\u00fablica:<\/h2>\n<ul>\n<li>Ram\u00edrez, Olga (2014) <strong>La influencia de la Direcci\u00f3n P\u00fablica Profesional en la implementaci\u00f3n de sistemas de evaluaci\u00f3n del desempe\u00f1o<\/strong> (trabajo de fin de m\u00e1ster en Gesti\u00f3n P\u00fablica Avanzada). Universidad de Barcelona. \u00a0[<a href=\"https:\/\/www.ub.edu\/grapa\/resultados\/informes\/idpp-olgaramirez\/\" target=\"_blank\" rel=\"noopener\">Resumen y perfil de la autora<\/a> &#8211; <a href=\"https:\/\/www.ub.edu\/grapa\/informe_olgaramirez\/\" target=\"_blank\" rel=\"noopener\">Texto completo<\/a>]<\/li>\n<li><a href=\"https:\/\/www.ub.edu\/grapa\/wp-content\/uploads\/2012\/11\/Resumen_PanoramaAdministracionesPublicas_2011_OCDE.pdf\" target=\"_blank\" rel=\"noopener\">Resumen <\/a>del Informe sobre el Panorama de las Administraciones P\u00fablicas 2011 (<a href=\"http:\/\/www.oecd.org\/gov\/governmentataglance2011.htm\" target=\"_blank\" rel=\"noopener\">Government at Glance 2011<\/a>) de la OCDE.<\/li>\n<li><a href=\"https:\/\/www.ub.edu\/grapa\/wp-content\/uploads\/2012\/11\/ResumenExecutiu_SectorPublic_GenCat_2012.pdf\" target=\"_blank\" rel=\"noopener\">Resumen <\/a>ejecutivo de los primeros resultados del <a href=\"http:\/\/www20.gencat.cat\/portal\/site\/governacio\/menuitem.0bdfe017f64124de8e629e30b0c0e1a0\/?vgnextoid=cc5f0d904689c110VgnVCM1000008d0c1e0aRCRD&amp;vgnextchannel=cc5f0d904689c110VgnVCM1000008d0c1e0aRCRD&amp;vgnextfmt=detall&amp;contentid=9b92f2af49c3b310VgnVCM2000009b0c1e0aRCRD\" target=\"_blank\" rel=\"noopener\">estudio sobre la Gobernanza del sector p\u00fablico vinculado a la Administraci\u00f3n de la Generalidad de Catalu\u00f1a<\/a>. Realizado por el Departamento de Gobernaci\u00f3n y Relaciones Institucionales de la Generalidad con el soporte del Instituto de Gobernanza y Direcci\u00f3n P\u00fablica de ESADE y del Instituto DYM (<em>en catal\u00e1n<\/em>).<\/li>\n<li><a href=\"https:\/\/www.ub.edu\/grapa\/wp-content\/uploads\/2012\/11\/Informe_CORA.PDF\" target=\"_blank\" rel=\"noopener\">Informe <\/a>de la Comisi\u00f3n para la Reforma de las Administraciones P\u00fablicas (CORA), de la <a href=\"http:\/\/www.seap.minhap.gob.es\/ca\/areas\/reforma_aapp.html\" target=\"_blank\" rel=\"noopener\">Secretaria de Estado de Administraciones P\u00fablicas<\/a>.<\/li>\n<li><a href=\"https:\/\/www.ub.edu\/grapa\/wp-content\/uploads\/2012\/11\/Informe_ComRefAdmPub.pdf\" target=\"_blank\" rel=\"noopener\">Informe <\/a>de la <a href=\"http:\/\/www20.gencat.cat\/portal\/site\/governacio\/menuitem.0bdfe017f64124de8e629e30b0c0e1a0\/?vgnextoid=3643ad407450c310VgnVCM2000009b0c1e0aRCRD&amp;vgnextchannel=3643ad407450c310VgnVCM2000009b0c1e0aRCRD&amp;vgnextfmt=detall&amp;contentid=310d2b48ba1be310VgnVCM1000008d0c1e0aRCRD\" target=\"_blank\" rel=\"noopener\">Comisi\u00f3n de Expertos para la Reforma de la Administraci\u00f3n P\u00fablica y su Sector P\u00fablico <\/a>(<em>en catal\u00e1n<\/em>).<\/li>\n<li><a href=\"https:\/\/www.ub.edu\/grapa\/wp-content\/uploads\/2012\/11\/Propostes_FERA.pdf\" target=\"_blank\" rel=\"noopener\">Propuesta <\/a>del <a href=\"http:\/\/www.cecot.org\/Home\/Comunicaci%C3%B3\/Cecot-opina\/Articles\/detallArticles\/_nKLM0gN92ARGQx2K7cg1TNblrfqLBLneSbJE2MIi4h53zRfMJV4vld-rEnL19ZVKJkZvPEw6RS0O75o6VcOkPDSQyDM2OzeD2KYXjMVdhDtybMzbXY5EM2gjCgvNPjUM4RGiNoNVzFBm51cmo75bUPgJUbWC7N-1ZHUbSnuMiVDVkDWd3KcUD54pk3-UVv00\" target=\"_blank\" rel=\"noopener\">F\u00f3rum de Entidades para la Reforma de la Administraci\u00f3n<\/a> (FERA) (<em>en catal\u00e1n<\/em>).<\/li>\n<\/ul>\n<p>&nbsp;<\/p>\n<p>[\/et_pb_text][\/et_pb_column][\/et_pb_row][et_pb_row admin_label=\u00bbSeparador\u00bb _builder_version=\u00bb4.13.1&#8243; _module_preset=\u00bbdefault\u00bb background_size=\u00bbinitial\u00bb background_position=\u00bbtop_left\u00bb background_repeat=\u00bbrepeat\u00bb width=\u00bb100%\u00bb width_tablet=\u00bb100%\u00bb width_phone=\u00bb100%\u00bb width_last_edited=\u00bbon|phone\u00bb module_alignment=\u00bbcenter\u00bb custom_padding=\u00bb0px|||||\u00bb global_colors_info=\u00bb{}\u00bb theme_builder_area=\u00bbpost_content\u00bb][et_pb_column type=\u00bb4_4&#8243; _builder_version=\u00bb4.12.1&#8243; _module_preset=\u00bbdefault\u00bb global_colors_info=\u00bb{}\u00bb theme_builder_area=\u00bbpost_content\u00bb][et_pb_divider color=\u00bb#6090c4&#8243; divider_style=\u00bbdashed\u00bb divider_position=\u00bbcenter\u00bb _builder_version=\u00bb4.11.4&#8243; _module_preset=\u00bbdefault\u00bb global_colors_info=\u00bb{}\u00bb theme_builder_area=\u00bbpost_content\u00bb][\/et_pb_divider][\/et_pb_column][\/et_pb_row][et_pb_row admin_label=\u00bbSeguridad y defensa\u00bb module_id=\u00bbseguridadydefensa\u00bb _builder_version=\u00bb4.13.1&#8243; background_size=\u00bbinitial\u00bb background_position=\u00bbtop_left\u00bb background_repeat=\u00bbrepeat\u00bb width=\u00bb100%\u00bb width_tablet=\u00bb100%\u00bb width_phone=\u00bb100%\u00bb width_last_edited=\u00bbon|phone\u00bb module_alignment=\u00bbcenter\u00bb custom_padding=\u00bb0px|||||\u00bb global_colors_info=\u00bb{}\u00bb theme_builder_area=\u00bbpost_content\u00bb][et_pb_column type=\u00bb4_4&#8243; _builder_version=\u00bb4.11.4&#8243; custom_padding=\u00bb|||\u00bb global_colors_info=\u00bb{}\u00bb custom_padding__hover=\u00bb|||\u00bb theme_builder_area=\u00bbpost_content\u00bb][et_pb_text admin_label=\u00bbTexto editable\u00bb _builder_version=\u00bb4.13.1&#8243; hover_enabled=\u00bb0&#8243; global_colors_info=\u00bb{}\u00bb theme_builder_area=\u00bbpost_content\u00bb sticky_enabled=\u00bb0&#8243;]<\/p>\n<h2>2.- Seguridad y Defensa:<\/h2>\n<ul>\n<li>[En construcci\u00f3n]<\/li>\n<\/ul>\n<p>[\/et_pb_text][\/et_pb_column][\/et_pb_row][et_pb_row admin_label=\u00bbSeparador\u00bb _builder_version=\u00bb4.13.1&#8243; _module_preset=\u00bbdefault\u00bb background_size=\u00bbinitial\u00bb background_position=\u00bbtop_left\u00bb background_repeat=\u00bbrepeat\u00bb width=\u00bb100%\u00bb width_tablet=\u00bb100%\u00bb width_phone=\u00bb100%\u00bb width_last_edited=\u00bbon|phone\u00bb module_alignment=\u00bbcenter\u00bb custom_padding=\u00bb0px|||||\u00bb global_colors_info=\u00bb{}\u00bb theme_builder_area=\u00bbpost_content\u00bb][et_pb_column type=\u00bb4_4&#8243; _builder_version=\u00bb4.12.1&#8243; _module_preset=\u00bbdefault\u00bb global_colors_info=\u00bb{}\u00bb theme_builder_area=\u00bbpost_content\u00bb][et_pb_divider color=\u00bb#6090c4&#8243; divider_style=\u00bbdashed\u00bb divider_position=\u00bbcenter\u00bb _builder_version=\u00bb4.11.4&#8243; _module_preset=\u00bbdefault\u00bb global_colors_info=\u00bb{}\u00bb theme_builder_area=\u00bbpost_content\u00bb][\/et_pb_divider][\/et_pb_column][\/et_pb_row][et_pb_row admin_label=\u00bbComunicaci\u00f3n Pol\u00edtica\u00bb module_id=\u00bbcomunicacion\u00bb _builder_version=\u00bb4.13.1&#8243; background_size=\u00bbinitial\u00bb background_position=\u00bbtop_left\u00bb background_repeat=\u00bbrepeat\u00bb width=\u00bb100%\u00bb width_tablet=\u00bb100%\u00bb width_phone=\u00bb100%\u00bb width_last_edited=\u00bbon|phone\u00bb module_alignment=\u00bbcenter\u00bb custom_padding=\u00bb0px|||||\u00bb global_colors_info=\u00bb{}\u00bb theme_builder_area=\u00bbpost_content\u00bb][et_pb_column type=\u00bb4_4&#8243; _builder_version=\u00bb4.11.4&#8243; custom_padding=\u00bb|||\u00bb global_colors_info=\u00bb{}\u00bb custom_padding__hover=\u00bb|||\u00bb theme_builder_area=\u00bbpost_content\u00bb][et_pb_text admin_label=\u00bbTexto editable\u00bb _builder_version=\u00bb4.13.1&#8243; hover_enabled=\u00bb0&#8243; global_colors_info=\u00bb{}\u00bb theme_builder_area=\u00bbpost_content\u00bb sticky_enabled=\u00bb0&#8243;]<\/p>\n<h2>3.- Comunicaci\u00f3n Pol\u00edtica:<\/h2>\n<ul>\n<li>[En construcci\u00f3n]<\/li>\n<\/ul>\n<p>[\/et_pb_text][\/et_pb_column][\/et_pb_row][et_pb_row admin_label=\u00bbSeparador\u00bb _builder_version=\u00bb4.13.1&#8243; _module_preset=\u00bbdefault\u00bb background_size=\u00bbinitial\u00bb background_position=\u00bbtop_left\u00bb background_repeat=\u00bbrepeat\u00bb width=\u00bb100%\u00bb width_tablet=\u00bb100%\u00bb width_phone=\u00bb100%\u00bb width_last_edited=\u00bbon|phone\u00bb module_alignment=\u00bbcenter\u00bb custom_padding=\u00bb0px|||||\u00bb global_colors_info=\u00bb{}\u00bb theme_builder_area=\u00bbpost_content\u00bb][et_pb_column type=\u00bb4_4&#8243; _builder_version=\u00bb4.12.1&#8243; _module_preset=\u00bbdefault\u00bb global_colors_info=\u00bb{}\u00bb theme_builder_area=\u00bbpost_content\u00bb][et_pb_divider color=\u00bb#6090c4&#8243; divider_style=\u00bbdashed\u00bb divider_position=\u00bbcenter\u00bb _builder_version=\u00bb4.11.4&#8243; _module_preset=\u00bbdefault\u00bb global_colors_info=\u00bb{}\u00bb theme_builder_area=\u00bbpost_content\u00bb][\/et_pb_divider][\/et_pb_column][\/et_pb_row][et_pb_row admin_label=\u00bbElites Pol\u00edticas\u00bb module_id=\u00bbelites\u00bb _builder_version=\u00bb4.13.1&#8243; background_size=\u00bbinitial\u00bb background_position=\u00bbtop_left\u00bb background_repeat=\u00bbrepeat\u00bb width=\u00bb100%\u00bb width_tablet=\u00bb100%\u00bb width_phone=\u00bb100%\u00bb width_last_edited=\u00bbon|phone\u00bb module_alignment=\u00bbcenter\u00bb custom_padding=\u00bb0px|||||\u00bb global_colors_info=\u00bb{}\u00bb theme_builder_area=\u00bbpost_content\u00bb][et_pb_column type=\u00bb4_4&#8243; _builder_version=\u00bb4.11.4&#8243; custom_padding=\u00bb|||\u00bb global_colors_info=\u00bb{}\u00bb custom_padding__hover=\u00bb|||\u00bb theme_builder_area=\u00bbpost_content\u00bb][et_pb_text admin_label=\u00bbTexto editable\u00bb _builder_version=\u00bb4.13.1&#8243; hover_enabled=\u00bb0&#8243; global_colors_info=\u00bb{}\u00bb theme_builder_area=\u00bbpost_content\u00bb sticky_enabled=\u00bb0&#8243;]<\/p>\n<h2>4.- Elites Pol\u00edticas:<\/h2>\n<ul>\n<li>[En construcci\u00f3n]<\/li>\n<\/ul>\n<p>[\/et_pb_text][\/et_pb_column][\/et_pb_row][\/et_pb_section]<\/p>\n","protected":false},"excerpt":{"rendered":"<p>1.- Funci\u00f3n P\u00fablica: Ram\u00edrez, Olga (2014) La influencia de la Direcci\u00f3n P\u00fablica Profesional en la implementaci\u00f3n de sistemas de evaluaci\u00f3n del desempe\u00f1o (trabajo de fin de m\u00e1ster en Gesti\u00f3n P\u00fablica Avanzada). Universidad de Barcelona. \u00a0[Resumen y perfil de la autora &#8211; Texto completo] Resumen del Informe sobre el Panorama de las Administraciones P\u00fablicas 2011 (Government [&hellip;]<\/p>\n","protected":false},"author":3,"featured_media":0,"parent":2890,"menu_order":0,"comment_status":"closed","ping_status":"closed","template":"","meta":{"_et_pb_use_builder":"on","_et_pb_old_content":"","_et_gb_content_width":"","footnotes":""},"class_list":["post-3511","page","type-page","status-publish","hentry"],"_links":{"self":[{"href":"https:\/\/www.ub.edu\/grapa\/wp-json\/wp\/v2\/pages\/3511","targetHints":{"allow":["GET"]}}],"collection":[{"href":"https:\/\/www.ub.edu\/grapa\/wp-json\/wp\/v2\/pages"}],"about":[{"href":"https:\/\/www.ub.edu\/grapa\/wp-json\/wp\/v2\/types\/page"}],"author":[{"embeddable":true,"href":"https:\/\/www.ub.edu\/grapa\/wp-json\/wp\/v2\/users\/3"}],"replies":[{"embeddable":true,"href":"https:\/\/www.ub.edu\/grapa\/wp-json\/wp\/v2\/comments?post=3511"}],"version-history":[{"count":1,"href":"https:\/\/www.ub.edu\/grapa\/wp-json\/wp\/v2\/pages\/3511\/revisions"}],"predecessor-version":[{"id":4648,"href":"https:\/\/www.ub.edu\/grapa\/wp-json\/wp\/v2\/pages\/3511\/revisions\/4648"}],"up":[{"embeddable":true,"href":"https:\/\/www.ub.edu\/grapa\/wp-json\/wp\/v2\/pages\/2890"}],"wp:attachment":[{"href":"https:\/\/www.ub.edu\/grapa\/wp-json\/wp\/v2\/media?parent=3511"}],"curies":[{"name":"wp","href":"https:\/\/api.w.org\/{rel}","templated":true}]}}