{"id":5236,"date":"2023-10-08T09:36:48","date_gmt":"2023-10-08T09:36:48","guid":{"rendered":"https:\/\/www.ub.edu\/grapa\/?page_id=5236"},"modified":"2023-10-09T21:49:10","modified_gmt":"2023-10-09T21:49:10","slug":"marienduran","status":"publish","type":"page","link":"https:\/\/www.ub.edu\/grapa\/team\/marienduran\/","title":{"rendered":"Card Mari\u00e9n Duran Cenit"},"content":{"rendered":"<p>[et_pb_section fb_built=\u00bb1&#8243; admin_label=\u00bbFicha miembro\u00bb _builder_version=\u00bb4.13.1&#8243; _module_preset=\u00bbdefault\u00bb global_colors_info=\u00bb{}\u00bb][et_pb_row column_structure=\u00bb1_5,3_5,1_5&#8243; use_custom_gutter=\u00bbon\u00bb gutter_width=\u00bb1&#8243; make_equal=\u00bbon\u00bb admin_label=\u00bbEncabezado\u00bb _builder_version=\u00bb4.13.1&#8243; _module_preset=\u00bbdefault\u00bb background_color=\u00bb#FFFFFF\u00bb width_tablet=\u00bb90%\u00bb width_phone=\u00bb85%\u00bb width_last_edited=\u00bbon|phone\u00bb animation_style=\u00bbfade\u00bb animation_direction=\u00bbtop\u00bb border_width_bottom=\u00bb1px\u00bb border_color_bottom=\u00bb#000000&#8243; border_style_bottom=\u00bbdotted\u00bb collapsed=\u00bboff\u00bb global_colors_info=\u00bb{}\u00bb width__hover_enabled=\u00bboff|desktop\u00bb][et_pb_column type=\u00bb1_5&#8243; admin_label=\u00bbFoto\u00bb _builder_version=\u00bb4.10.7&#8243; _module_preset=\u00bbdefault\u00bb global_colors_info=\u00bb{}\u00bb][et_pb_image src=\u00bbhttps:\/\/www.ub.edu\/grapa\/wp-content\/uploads\/2023\/10\/Marien.png\u00bb alt=\u00bbRafa Mart\u00ednez\u00bb title_text=\u00bbMarien\u00bb align=\u00bbcenter\u00bb align_tablet=\u00bbcenter\u00bb align_phone=\u00bbcenter\u00bb align_last_edited=\u00bbon|tablet\u00bb _builder_version=\u00bb4.13.1&#8243; _module_preset=\u00bbdefault\u00bb max_width=\u00bb200px\u00bb border_radii=\u00bbon|586px|586px|586px|586px\u00bb border_width_all=\u00bb4px\u00bb border_color_all=\u00bb#a8a8a8&#8243; border_style_all=\u00bbdouble\u00bb global_colors_info=\u00bb{}\u00bb][\/et_pb_image][\/et_pb_column][et_pb_column type=\u00bb3_5&#8243; admin_label=\u00bbDatos\u00bb _builder_version=\u00bb4.10.7&#8243; _module_preset=\u00bbdefault\u00bb custom_padding_tablet=\u00bb\u00bb custom_padding_phone=\u00bb\u00bb custom_padding_last_edited=\u00bbon|tablet\u00bb global_colors_info=\u00bb{}\u00bb][et_pb_text admin_label=\u00bbNombre\u00bb _builder_version=\u00bb4.13.1&#8243; _module_preset=\u00bbdefault\u00bb custom_margin_tablet=\u00bb20px||||false|false\u00bb custom_margin_phone=\u00bb\u00bb custom_margin_last_edited=\u00bbon|phone\u00bb custom_padding=\u00bb||2px|||\u00bb text_orientation_tablet=\u00bbcenter\u00bb text_orientation_phone=\u00bbleft\u00bb text_orientation_last_edited=\u00bbon|tablet\u00bb global_colors_info=\u00bb{}\u00bb]<span style=\"font-size: xx-large;\">Dra. Mari\u00e9n Dur\u00e1n Cenit<\/span>[\/et_pb_text][et_pb_text admin_label=\u00bbCargo\u00bb _builder_version=\u00bb4.13.1&#8243; _module_preset=\u00bbdefault\u00bb text_font=\u00bb|300|||||||\u00bb hover_enabled=\u00bb0&#8243; text_orientation_tablet=\u00bbcenter\u00bb text_orientation_phone=\u00bbleft\u00bb text_orientation_last_edited=\u00bbon|phone\u00bb global_colors_info=\u00bb{}\u00bb sticky_enabled=\u00bb0&#8243;]<\/p>\n<p>University Titular Professor &#8211; University of Granada<\/p>\n<p>[\/et_pb_text][et_pb_blurb url_new_window=\u00bbon\u00bb use_icon=\u00bbon\u00bb font_icon=\u00bb&#xe010;||divi||400&#8243; icon_color=\u00bb#FFFFFF\u00bb image_icon_background_color=\u00bb#1972B2&#8243; icon_placement=\u00bbleft\u00bb image_icon_width=\u00bb16px\u00bb admin_label=\u00bbMail\u00bb _builder_version=\u00bb4.13.1&#8243; _module_preset=\u00bbdefault\u00bb image_icon_custom_padding=\u00bb8px|8px|8px|8px|false|false\u00bb max_width=\u00bb35px\u00bb module_alignment=\u00bbleft\u00bb custom_margin=\u00bb10px||||false|false\u00bb custom_padding=\u00bb||||false|false\u00bb custom_padding_tablet=\u00bb|||42%|false|false\u00bb custom_padding_phone=\u00bb|||0%|false|false\u00bb custom_padding_last_edited=\u00bbon|tablet\u00bb hover_transition_duration=\u00bb500ms\u00bb link_option_url=\u00bbmailto:\u00bb link_option_url_new_window=\u00bbon\u00bb custom_css_main_element=\u00bbdisplay: inline-block;\u00bb border_radii_image=\u00bbon|100%|100%|100%|100%\u00bb use_circle=\u00bbon\u00bb circle_color=\u00bb#b7b7b7&#8243; circle_color__hover=\u00bb#6090c4&#8243; circle_color__hover_enabled=\u00bbon|desktop\u00bb global_colors_info=\u00bb{}\u00bb icon_color__hover_enabled=\u00bbon|hover\u00bb icon_color__hover=\u00bb#FFFFFF\u00bb image_icon_background_color__hover=\u00bb#62A6EA\u00bb image_icon_background_color__hover_enabled=\u00bbon|desktop\u00bb image_icon_background_color__sticky_enabled=\u00bb#2ea3f2&#8243; image_icon_background_color__sticky=\u00bb#2ea3f2&#8243;][\/et_pb_blurb][et_pb_blurb use_icon=\u00bbon\u00bb font_icon=\u00bb&#xe0e3;||divi||400&#8243; icon_color=\u00bb#FFFFFF\u00bb image_icon_background_color=\u00bb#1972B2&#8243; icon_placement=\u00bbleft\u00bb image_icon_width=\u00bb16px\u00bb admin_label=\u00bbWeb\u00bb _builder_version=\u00bb4.13.1&#8243; _module_preset=\u00bbdefault\u00bb image_icon_custom_padding=\u00bb8px|8px|8px|8px|false|false\u00bb max_width=\u00bb35px\u00bb module_alignment=\u00bbleft\u00bb custom_padding=\u00bb||||false|false\u00bb custom_padding_tablet=\u00bb|||35px|false|false\u00bb custom_padding_phone=\u00bb|||0%|false|false\u00bb custom_padding_last_edited=\u00bbon|tablet\u00bb hover_transition_duration=\u00bb500ms\u00bb custom_css_main_element=\u00bbdisplay: inline-block;\u00bb border_radii_image=\u00bbon|100%|100%|100%|100%\u00bb use_circle=\u00bbon\u00bb circle_color=\u00bb#b7b7b7&#8243; circle_color__hover=\u00bb#6090c4&#8243; circle_color__hover_enabled=\u00bbon|desktop\u00bb global_colors_info=\u00bb{}\u00bb image_icon_background_color__hover=\u00bb#62A6EA\u00bb image_icon_background_color__hover_enabled=\u00bbon|desktop\u00bb image_icon_background_color__sticky_enabled=\u00bb#2ea3f2&#8243; image_icon_background_color__sticky=\u00bb#2ea3f2&#8243;][\/et_pb_blurb][et_pb_blurb use_icon=\u00bbon\u00bb font_icon=\u00bb&#x68;||divi||400&#8243; icon_color=\u00bb#FFFFFF\u00bb image_icon_background_color=\u00bb#1972B2&#8243; icon_placement=\u00bbleft\u00bb image_icon_width=\u00bb16px\u00bb admin_label=\u00bbCurriculum\u00bb _builder_version=\u00bb4.13.1&#8243; _module_preset=\u00bbdefault\u00bb image_icon_custom_padding=\u00bb8px|8px|8px|8px|false|false\u00bb max_width=\u00bb35px\u00bb module_alignment=\u00bbleft\u00bb custom_padding=\u00bb||||false|false\u00bb custom_padding_tablet=\u00bb|||35px|false|false\u00bb custom_padding_phone=\u00bb|||0%|false|false\u00bb custom_padding_last_edited=\u00bbon|tablet\u00bb hover_transition_duration=\u00bb500ms\u00bb custom_css_main_element=\u00bbdisplay: inline-block;\u00bb border_radii_image=\u00bbon|100%|100%|100%|100%\u00bb use_circle=\u00bbon\u00bb circle_color=\u00bb#b7b7b7&#8243; circle_color__hover=\u00bb#6090c4&#8243; circle_color__hover_enabled=\u00bbon|desktop\u00bb global_colors_info=\u00bb{}\u00bb image_icon_background_color__hover=\u00bb#62A6EA\u00bb image_icon_background_color__hover_enabled=\u00bbon|desktop\u00bb image_icon_background_color__sticky_enabled=\u00bb#2ea3f2&#8243; image_icon_background_color__sticky=\u00bb#2ea3f2&#8243;][\/et_pb_blurb][\/et_pb_column][et_pb_column type=\u00bb1_5&#8243; admin_label=\u00bbRelleno\u00bb _builder_version=\u00bb4.10.7&#8243; _module_preset=\u00bbdefault\u00bb global_colors_info=\u00bb{}\u00bb][\/et_pb_column][\/et_pb_row][et_pb_row admin_label=\u00bbCuerpo\u00bb _builder_version=\u00bb4.13.1&#8243; _module_preset=\u00bbdefault\u00bb width_tablet=\u00bb90%\u00bb width_phone=\u00bb85%\u00bb width_last_edited=\u00bbon|phone\u00bb custom_margin_tablet=\u00bb\u00bb custom_margin_phone=\u00bb\u00bb custom_margin_last_edited=\u00bbon|tablet\u00bb animation_style=\u00bbslide\u00bb animation_direction=\u00bbbottom\u00bb animation_delay=\u00bb300ms\u00bb animation_intensity_slide=\u00bb5%\u00bb animation_speed_curve=\u00bbease\u00bb global_colors_info=\u00bb{}\u00bb][et_pb_column type=\u00bb4_4&#8243; admin_label=\u00bbContenido\u00bb _builder_version=\u00bb4.10.7&#8243; _module_preset=\u00bbdefault\u00bb custom_padding=\u00bb50px|80px|50px|80px|true|true\u00bb custom_padding_tablet=\u00bb15px|0px|15px|0px|true|true\u00bb custom_padding_phone=\u00bb10px|0px|10px|0px|true|true\u00bb custom_padding_last_edited=\u00bbon|phone\u00bb global_colors_info=\u00bb{}\u00bb][et_pb_text admin_label=\u00bbBiograf\u00eda\u00bb _builder_version=\u00bb4.13.1&#8243; _module_preset=\u00bbdefault\u00bb text_orientation=\u00bbjustified\u00bb custom_margin=\u00bb||||false|false\u00bb custom_padding=\u00bb||||false|false\u00bb global_colors_info=\u00bb{}\u00bb]<\/p>\n<p>Dr. Mari\u00e9n Dur\u00e1n is a Senior Lecturer of the Department of Political Science and Public Administration of the University of Granada (Spain), where she is also director and lecturer of the Master of Strategic Thinking and Global Security.<\/p>\n<p>She studied her bachelor\u2019s degree at the Universities of Granada, Bologna University (Forli Campus) and University of Exeter. She obtained her European PhD at the University of Granada<br \/>Dr. Duran has been a visiting researcher at the following Universities and research Centres where she spent some months: London School of Economics and Politics in the Ca\u00f1ada Blanch Centre for Contemporary Spanish Studies (EU Institute) and in the Centre for the Study of the Global Governance, LSE (2005, 2006); Norwegian Institute of International Affairs (Oslo) (2005); University of Boga\u00e7izi (Istanbul) (July 2007, October 2009); University Autonomous of Madrid (2009, 2012) and the Department of War Studies, King\u2019s College (February-July 2019) and the Center for International Studies, Department of Politics and International Relations at the University of Oxford (February-July 2022 and 2023).<\/p>\n<p>She has participated in multiple national and international projects related to her research lines (international security, contemporary armed conflicts and conflict resolution, civil-military relations, Spanish Armed Forces and international missions) and the political systems in Middle East (especially Turkey).<\/p>\n<p>Currently, she is participating in a research and development project financed by the Spanish Ministry of Science , Innovation and University, titled \u201cRethinking the Role of the Armed Forces in the Face of New Security Challenges\u201d. This is an ambitious project, with the participation of numerous researchers of different Spanish universities.<\/p>\n<p>[\/et_pb_text][et_pb_tabs admin_label=\u00bbObras y publicaciones\u00bb _builder_version=\u00bb4.13.1&#8243; _module_preset=\u00bbdefault\u00bb custom_margin=\u00bb50px||||false|false\u00bb hover_enabled=\u00bb0&#8243; body_font_size_tablet=\u00bb\u00bb body_font_size_phone=\u00bb12px\u00bb body_font_size_last_edited=\u00bbon|phone\u00bb body_line_height_tablet=\u00bb\u00bb body_line_height_phone=\u00bb\u00bb body_line_height_last_edited=\u00bbon|phone\u00bb body_ul_line_height_tablet=\u00bb\u00bb body_ul_line_height_phone=\u00bb1.5em\u00bb body_ul_line_height_last_edited=\u00bbon|phone\u00bb global_colors_info=\u00bb{}\u00bb sticky_enabled=\u00bb0&#8243;][et_pb_tab title=\u00bbLatest Publications\u00bb _builder_version=\u00bb4.13.1&#8243; _module_preset=\u00bbdefault\u00bb hover_enabled=\u00bb0&#8243; global_colors_info=\u00bb{}\u00bb sticky_enabled=\u00bb0&#8243;]<\/p>\n<ul>\n<li>Dur\u00e1n, M.; Exp\u00f3sito, E.; L\u00f3pez, G. y Mart\u00ednez, R. <strong>\u201cSpanish Military Deployments in the COVID19 Pandemic\u201d<\/strong> en COVID-19 and Comparative Domestic Military Deployments Oxford University Press (en prensa).<\/li>\n<li>Rodr\u00edguez L\u00f3pez, Guillermo y Dur\u00e1n Cenit, Marien. 2023. <strong>\u201cCultural Awareness in Security Force Assistance: The Spanish Army in Iraq (2015-2020)\u201d<\/strong>, Revista Espa\u00f1ola de investigaciones Sociol\u00f3gicas.<\/li>\n<li>Dur\u00e1n Cenit, Mari\u00e9n y Rodr\u00edguez L\u00f3pez Guillermo. 2023. <strong>\u201cAutocratization factors in Turkey, en David, Isabel and Topkamis, Kumru. Culture, Society and Political Economy in Turkey\u201d<\/strong>. Peter Lang Publications (forthcoming).<\/li>\n<li>Calatrava Garc\u00eda Adolfo y Dur\u00e1n Cenit, Mari\u00e9n. 2022. <strong>\u201cLas relaciones de cooperaci\u00f3n y rivalidad entre Turqu\u00eda y Siria: impacto del conflicto sirio en la pol\u00edtica exterior turca y las implicaciones internacionales\u201d<\/strong>. Revista de Estudios Internacionales del Mediterr\u00e1neo (REIM), no. 33. https:\/\/revistas.uam.es\/reim\/article\/view\/reim2022_33_02<\/li>\n<li>Dur\u00e1n, Mari\u00e9n &amp; Calatrava, Adolfo. 2021. <strong>\u201cMilitary interaction with local actors\u201d<\/strong> in Nuciari, Marina and Olivetta, Eraldo (Eds.): Leaders for Tomorrow Challenges for Military Leadership in the Age of Asymmetric Warfare. Springer.<\/li>\n<li>Dur\u00e1n, Mari\u00e9n. 2018. <strong>\u201cDual Presidentialization and Autocratization: Turkey at a Critical Crossroads\u201d<\/strong>, Mediterranean Quarterly, Special Issue.<\/li>\n<li>Dur\u00e1n, Mari\u00e9n &amp; Bados, V\u00edctor. 2017. <strong>The Political and Security Repercussions of the Islamic State in the MENA Region, in Szmolka<\/strong>, Inmaculada (Ed.), Political Change in the Middle East and North Africa, Edinburgh University Press, pp. 281- 300.<\/li>\n<li>Mart\u00ednez, Rafa &amp; Dur\u00e1n Mari\u00e9n. 2017. <strong>\u201cInternational Missions as a way to improve domestic civil-military relations. The Spanish case: 1989-2015. Democracy and Security<\/strong>, Vol. 13, n\u00ba 1. Pp. 1-23.<\/li>\n<\/ul>\n<hr \/>\n<ul>\n<li>Enlace google scholar: <a href=\"https:\/\/scholar.google.es\/citations?user=Tl4gtXIAAAAJ&amp;hl=en\" target=\"_blank\" rel=\"noopener\">https:\/\/scholar.google.es\/citations?user=Tl4gtXIAAAAJ&amp;hl=en<\/a><\/li>\n<\/ul>\n<p>[\/et_pb_tab][et_pb_tab title=\u00bbNational Projects\u00bb _builder_version=\u00bb4.13.1&#8243; _module_preset=\u00bbdefault\u00bb global_colors_info=\u00bb{}\u00bb]<\/p>\n<ul>\n<li>\u00a0\u201cLas\u00a0relaciones\u00a0Fas-ONGs:\u00a0repercusiones\u00a0en\u00a0las\u00a0Operaciones\u00a0de Paz\u201d,\u00a0durante\u00a0el\u00a0a\u00f1o\u00a02005.<\/li>\n<li>\u00a0\u201cActores\u00a0no\u00a0estatales\u00a0en la\u00a0seguridad\u201d,\u00a0a\u00f1o\u00a02006.<\/li>\n<li class=\"rtejustify\">\u00a0\u201cEl\u00a0an\u00e1lisis\u00a0de la\u00a0pol\u00edtica\u00a0europea\u00a0de\u00a0seguridad\u00a0y\u00a0defensa\u00a0desde\u00a0una\u00a0perspectiva\u00a0Mediterr\u00e1nea\u201d.<\/li>\n<\/ul>\n<p>[\/et_pb_tab][et_pb_tab title=\u00bbProjectss I+D\u00bb _builder_version=\u00bb4.13.1&#8243; _module_preset=\u00bbdefault\u00bb hover_enabled=\u00bb0&#8243; global_colors_info=\u00bb{}\u00bb sticky_enabled=\u00bb0&#8243;]<\/p>\n<ul>\n<li><strong>\u201cRepensando el papel de las Fuerzas Armadas espa\u00f1olas ante los nuevos desaf\u00edos\u201d<\/strong>. PID2019-108036GB-I00 (2020-2024), financiado por el Ministerio de Ciencia e Innovaci\u00f3n. Investigador principal: Rafa Mart\u00ednez.<\/li>\n<li><strong>\u201cPersistencia del autoritarismo y procesos de cambio pol\u00edtico en el norte de \u00c1frica y Oriente Pr\u00f3ximo: consecuencias sobre los reg\u00edmenes pol\u00edticos y el escenario internacional\u201d<\/strong>. 2013-2016. Entidad financiadora: Ministerio de Econom\u00eda y Competitividad Investigadora principal: Inmaculada Szmolka. Universidad de Granada.<\/li>\n<li><strong>\u201cLas revueltas \u00e1rabes: actores pol\u00edticos emergentes y reconfiguraci\u00f3n de la esfera p\u00fablica en el Norte de \u00c1frica y oriente Medio\u201d<\/strong>. 2013-2016 (CSO2012-37779) Entidad financiadora: Ministerio de Ciencia e Innovaci\u00f3n Investigadores principal: Ignacio \u00c1lvarez-Ossorio Alvari\u00f1o. Universidad de Alicante<\/li>\n<li><strong>\u201cEstabilidad, gobernabilidad y cambio pol\u00edtico en Turqu\u00eda, Oriente Medio (2008-2012) y el Norte de \u00c1frica: impacto en la pol\u00edtica espa\u00f1ola hacia la regi\u00f3n\u201d<\/strong>.<\/li>\n<li><strong>\u201cSociedad civil y contestaci\u00f3n pol\u00edtica en Oriente Medio: Din\u00e1micas internas y estrategias externas\u201d<\/strong> (2010-2014).<\/li>\n<\/ul>\n<p>[\/et_pb_tab][et_pb_tab title=\u00bbEuropean Projects\u00bb _builder_version=\u00bb4.13.1&#8243; _module_preset=\u00bbdefault\u00bb global_colors_info=\u00bb{}\u00bb]<\/p>\n<ul>\n<li>\u00a0Proyecto\u00a0europeo\u00a0liderado\u00a0por\u00a0la Universidad del\u00a0B\u00f3sforo: Problems of\u00a0Europeanization\u00a0and European perceptions of Turkey as a future member state (2008-2009).<\/li>\n<\/ul>\n<p>[\/et_pb_tab][et_pb_tab title=\u00bbMultinational Projects\u00bb _builder_version=\u00bb4.13.1&#8243; _module_preset=\u00bbdefault\u00bb global_colors_info=\u00bb{}\u00bb]<\/p>\n<ul>\n<li class=\"rtejustify\">Proyecto\u00a0Multinacional\u00a0MNE-6\u00a0\u201cCross-cultural awareness\u201d,\u00a0financiado\u00a0por\u00a0la Universidad de Granada y el\u00a0Ministerio\u00a0de\u00a0Defensa,\u00a0centrado\u00a0principalmente\u00a0en la\u00a0misi\u00f3n\u00a0internacional\u00a0de\u00a0Afganist\u00e1n.<\/li>\n<\/ul>\n<p>[\/et_pb_tab][\/et_pb_tabs][\/et_pb_column][\/et_pb_row][\/et_pb_section]<\/p>\n","protected":false},"excerpt":{"rendered":"<p>Dra. Mari\u00e9n Dur\u00e1n CenitUniversity Titular Professor &#8211; University of GranadaDr. Mari\u00e9n Dur\u00e1n is a Senior Lecturer of the Department of Political Science and Public Administration of the University of Granada (Spain), where she is also director and lecturer of the Master of Strategic Thinking and Global Security. She studied her bachelor\u2019s degree at the Universities [&hellip;]<\/p>\n","protected":false},"author":3,"featured_media":0,"parent":2926,"menu_order":0,"comment_status":"closed","ping_status":"closed","template":"","meta":{"_et_pb_use_builder":"on","_et_pb_old_content":"","_et_gb_content_width":"","footnotes":""},"class_list":["post-5236","page","type-page","status-publish","hentry"],"_links":{"self":[{"href":"https:\/\/www.ub.edu\/grapa\/wp-json\/wp\/v2\/pages\/5236","targetHints":{"allow":["GET"]}}],"collection":[{"href":"https:\/\/www.ub.edu\/grapa\/wp-json\/wp\/v2\/pages"}],"about":[{"href":"https:\/\/www.ub.edu\/grapa\/wp-json\/wp\/v2\/types\/page"}],"author":[{"embeddable":true,"href":"https:\/\/www.ub.edu\/grapa\/wp-json\/wp\/v2\/users\/3"}],"replies":[{"embeddable":true,"href":"https:\/\/www.ub.edu\/grapa\/wp-json\/wp\/v2\/comments?post=5236"}],"version-history":[{"count":7,"href":"https:\/\/www.ub.edu\/grapa\/wp-json\/wp\/v2\/pages\/5236\/revisions"}],"predecessor-version":[{"id":5345,"href":"https:\/\/www.ub.edu\/grapa\/wp-json\/wp\/v2\/pages\/5236\/revisions\/5345"}],"up":[{"embeddable":true,"href":"https:\/\/www.ub.edu\/grapa\/wp-json\/wp\/v2\/pages\/2926"}],"wp:attachment":[{"href":"https:\/\/www.ub.edu\/grapa\/wp-json\/wp\/v2\/media?parent=5236"}],"curies":[{"name":"wp","href":"https:\/\/api.w.org\/{rel}","templated":true}]}}