{"id":377,"date":"2020-02-14T22:06:20","date_gmt":"2020-02-14T21:06:20","guid":{"rendered":"http:\/\/greecsinfo.data.blog\/?page_id=377"},"modified":"2025-12-18T11:23:26","modified_gmt":"2025-12-18T10:23:26","slug":"jordi-mundo","status":"publish","type":"page","link":"https:\/\/www.ub.edu\/greecs\/people\/jordi-mundo\/","title":{"rendered":"Jordi Mund\u00f3"},"content":{"rendered":"\n<div class=\"wp-block-group alignfull\"><div class=\"wp-block-group__inner-container is-layout-flow wp-block-group-is-layout-flow\">\n<div class=\"wp-block-jetpack-layout-grid alignfull column1-desktop-grid__span-12 column1-desktop-grid__row-1 column1-tablet-grid__span-8 column1-tablet-grid__row-1 column1-mobile-grid__span-4 column1-mobile-grid__row-1\">\n<div class=\"wp-block-jetpack-layout-grid-column wp-block-jetpack-layout-grid__padding-none\">\n<p>Associate Professor of Moral Philosophy, Philosophy of the Social Sciences and Social Theory at the University of Barcelona. He has authored books on ethics and epistemology of the social sciences and published several book chapters and articles on political philosophy, conceptual history, fiduciary relationships, political freedom, property rights, commons, social theory, social cognition, and social epidemiology (loneliness, inequality and mental health). Principal Investigator of the Research Group on Ethics and Epistemology of the Social Sciences (GREECS) at the University of Barcelona. Bioethics Research Award (2019) by the V\u00edctor Gr\u00edfols i Lucas Foundation. Teaching Quality Distinction (2023) &#8216;to recognize the excellence of an outstanding teaching career&#8217;, awarded by the Social Council of the University of Barcelona.<\/p>\n\n\n\n<p><strong>Contact: <\/strong><a href=\"mailto:jordimundo@ub.edu\">jordimundo@ub.edu<\/a><br><strong>Further information:<\/strong> <a rel=\"noreferrer noopener\" href=\"http:\/\/orcid.org\/0000-0002-1510-8511\" target=\"_blank\">ORCID<\/a>; <a rel=\"noreferrer noopener\" href=\"https:\/\/webgrec.ub.edu\/webpages\/tmp\/ang\/jordimundo.ub.edu.html\" target=\"_blank\">University of Barcelona<\/a> <\/p>\n\n\n\n<h4 class=\"wp-block-heading has-dark-yellow-color has-text-color\">Featured publications<\/h4>\n\n\n\n<p>Mund\u00f3, J. 2025. Fiduciary Relationships.\u00a0<em>Current Sociology<\/em>, 73 (2), pp. 192-208. Doi: 10.1177\/00113921241271860<\/p>\n\n\n\n<p>Mund\u00f3, J. 2024.\u00a0Citizenship and the republican idea: from Rome to the Renaissance. In: M. Garc\u00eda Cabeza and Th. Faist (eds.).\u00a0<em>Encyclopedia of Citizenship Studie<\/em>s.<a><em> <\/em><\/a>Cheltenham:\u00a0Edward Elgar, pp. 25-29.\u00a0Doi:\u00a0<a href=\"https:\/\/doi.org\/10.4337\/9781800880467.ch02\" target=\"_blank\" rel=\"noreferrer noopener\">10.4337\/9781800880467.ch02<\/a><\/p>\n\n\n\n<p>Mund\u00f3, J. 2024. La invisibilizaci\u00f3n jur\u00eddica de la naturaleza social de la propiedad: hegemon\u00edas y resistencias.&nbsp;<em>Res Publica. Revista de Historia de las Ideas Pol\u00edticas<\/em>, 27(2), pp. 71-80.&nbsp;<a href=\"http:\/\/dx.doi.org\/10.5209\/rpub.93411\">Doi: 10.5209\/rpub.93411<\/a><\/p>\n\n\n\n<p>Mund\u00f3, J.; Soza, S.; Macedo de Medeiros Albrecht, N.F. 2022.\u00a0Privatization and the governance of the commons. In: A. Azmanova and J. Chamberlain<a> <\/a>(eds.).\u00a0<em>Capitalism, Democracy, Socialism: Critical Debates<\/em>.\u00a0Cham: Springer, pp. 35-70. Doi: 10.1007\/978-3-031-08407-2_3<\/p>\n\n\n\n<p>Mund\u00f3, J. 2015.\u00a0Political freedom in Locke\u2019s republicanism.\u00a0In: Bosc, Y.; Dalisson, R.; Fr\u00e9tign\u00e9, J.; Hamel, C.; Lounissi, C. (dirs.),\u00a0<em>Cultures des r\u00e9publicanismes. Pratiques-Repr\u00e9sentations-Concepts de la R\u00e9volution \u00e0 aujourd&#8217;hui<\/em>. Par\u00eds: \u00c9dicions Kim\u00e9, pp. 103-117.<\/p>\n\n\n\n<p class=\"has-normal-font-size\"><\/p>\n<\/div>\n<\/div>\n<\/div><\/div>\n","protected":false},"excerpt":{"rendered":"<p>Associate Professor of Moral Philosophy, Philosophy of the Social Sciences and Social Theory at the University of Barcelona. He has authored books on ethics and epistemology of the social sciences and published several book chapters and articles on political philosophy, conceptual history, fiduciary relationships, political freedom, property rights, commons, social theory, social cognition, and social &hellip; <a href=\"https:\/\/www.ub.edu\/greecs\/people\/jordi-mundo\/\" class=\"more-link\">Continue reading <span class=\"screen-reader-text\">Jordi Mund\u00f3<\/span><\/a><\/p>\n","protected":false},"author":2,"featured_media":0,"parent":261,"menu_order":0,"comment_status":"closed","ping_status":"closed","template":"","meta":{"footnotes":""},"tags":[4,9],"class_list":["post-377","page","type-page","status-publish","hentry","tag-member","tag-member_menu","no-featured-image"],"jetpack_sharing_enabled":true,"_links":{"self":[{"href":"https:\/\/www.ub.edu\/greecs\/wp-json\/wp\/v2\/pages\/377","targetHints":{"allow":["GET"]}}],"collection":[{"href":"https:\/\/www.ub.edu\/greecs\/wp-json\/wp\/v2\/pages"}],"about":[{"href":"https:\/\/www.ub.edu\/greecs\/wp-json\/wp\/v2\/types\/page"}],"author":[{"embeddable":true,"href":"https:\/\/www.ub.edu\/greecs\/wp-json\/wp\/v2\/users\/2"}],"replies":[{"embeddable":true,"href":"https:\/\/www.ub.edu\/greecs\/wp-json\/wp\/v2\/comments?post=377"}],"version-history":[{"count":4,"href":"https:\/\/www.ub.edu\/greecs\/wp-json\/wp\/v2\/pages\/377\/revisions"}],"predecessor-version":[{"id":1201,"href":"https:\/\/www.ub.edu\/greecs\/wp-json\/wp\/v2\/pages\/377\/revisions\/1201"}],"up":[{"embeddable":true,"href":"https:\/\/www.ub.edu\/greecs\/wp-json\/wp\/v2\/pages\/261"}],"wp:attachment":[{"href":"https:\/\/www.ub.edu\/greecs\/wp-json\/wp\/v2\/media?parent=377"}],"wp:term":[{"taxonomy":"post_tag","embeddable":true,"href":"https:\/\/www.ub.edu\/greecs\/wp-json\/wp\/v2\/tags?post=377"}],"curies":[{"name":"wp","href":"https:\/\/api.w.org\/{rel}","templated":true}]}}

Jordi Mundó

<div class="wp-block-group alignfull"><div class="wp-block-group__inner-container is-layout-flow wp-block-group-is-layout-flow">
<div class="wp-block-jetpack-layout-grid alignfull column1-desktop-grid__span-12 column1-desktop-grid__row-1 column1-tablet-grid__span-8 column1-tablet-grid__row-1 column1-mobile-grid__span-4 column1-mobile-grid__row-1">
<div class="wp-block-jetpack-layout-grid-column wp-block-jetpack-layout-grid__padding-none">
<p>Associate Professor of Moral Philosophy, Philosophy of the Social Sciences and Social Theory at the University of Barcelona. He has authored books on ethics and epistemology of the social sciences and published several book chapters and articles on political philosophy, conceptual history, fiduciary relationships, political freedom, property rights, commons, social theory, social cognition, and social epidemiology (loneliness, inequality and mental health). Principal Investigator of the Research Group on Ethics and Epistemology of the Social Sciences (GREECS) at the University of Barcelona. Bioethics Research Award (2019) by the Víctor Grífols i Lucas Foundation. Teaching Quality Distinction (2023) &#8216;to recognize the excellence of an outstanding teaching career&#8217;, awarded by the Social Council of the University of Barcelona.</p>



<p><strong>Contact: </strong><a href="mailto:jordimundo@ub.edu">jordimundo@ub.edu</a><br><strong>Further information:</strong> <a rel="noreferrer noopener" href="http://orcid.org/0000-0002-1510-8511" target="_blank">ORCID</a>; <a rel="noreferrer noopener" href="https://webgrec.ub.edu/webpages/tmp/ang/jordimundo.ub.edu.html" target="_blank">University of Barcelona</a> </p>



<h4 class="wp-block-heading has-dark-yellow-color has-text-color">Featured publications</h4>



<p>Mundó, J. 2025. Fiduciary Relationships. <em>Current Sociology</em>, 73 (2), pp. 192-208. Doi: 10.1177/00113921241271860</p>



<p>Mundó, J. 2024. Citizenship and the republican idea: from Rome to the Renaissance. In: M. García Cabeza and Th. Faist (eds.). <em>Encyclopedia of Citizenship Studie</em>s.<a><em> </em></a>Cheltenham: Edward Elgar, pp. 25-29. Doi: <a href="https://doi.org/10.4337/9781800880467.ch02" target="_blank" rel="noreferrer noopener">10.4337/9781800880467.ch02</a></p>



<p>Mundó, J. 2024. La invisibilización jurídica de la naturaleza social de la propiedad: hegemonías y resistencias.&nbsp;<em>Res Publica. Revista de Historia de las Ideas Políticas</em>, 27(2), pp. 71-80.&nbsp;<a href="http://dx.doi.org/10.5209/rpub.93411">Doi: 10.5209/rpub.93411</a></p>



<p>Mundó, J.; Soza, S.; Macedo de Medeiros Albrecht, N.F. 2022. Privatization and the governance of the commons. In: A. Azmanova and J. Chamberlain<a> </a>(eds.). <em>Capitalism, Democracy, Socialism: Critical Debates</em>. Cham: Springer, pp. 35-70. Doi: 10.1007/978-3-031-08407-2_3</p>



<p>Mundó, J. 2015. Political freedom in Locke’s republicanism. In: Bosc, Y.; Dalisson, R.; Frétigné, J.; Hamel, C.; Lounissi, C. (dirs.), <em>Cultures des républicanismes. Pratiques-Représentations-Concepts de la Révolution à aujourd&#8217;hui</em>. París: Édicions Kimé, pp. 103-117.</p>



<p class="has-normal-font-size"></p>
</div>
</div>
</div></div>

<p>Associate Professor of Moral Philosophy, Philosophy of the Social Sciences and Social Theory at the University of Barcelona. He has authored books on ethics and epistemology of the social sciences and published several book chapters and articles on political philosophy, conceptual history, fiduciary relationships, political freedom, property rights, commons, social theory, social cognition, and social &hellip; <a href="https://www.ub.edu/greecs/people/jordi-mundo/" class="more-link">Continue reading <span class="screen-reader-text">Jordi Mundó</span></a></p>
