{"id":391,"date":"2020-02-14T22:14:09","date_gmt":"2020-02-14T21:14:09","guid":{"rendered":"http:\/\/greecsinfo.data.blog\/?page_id=391"},"modified":"2025-12-27T08:56:15","modified_gmt":"2025-12-27T07:56:15","slug":"david-guerrero","status":"publish","type":"page","link":"https:\/\/www.ub.edu\/greecs\/people\/david-guerrero\/","title":{"rendered":"David Guerrero"},"content":{"rendered":"\n<div class=\"wp-block-group alignfull\"><div class=\"wp-block-group__inner-container is-layout-flow wp-block-group-is-layout-flow\">\n<div class=\"wp-block-group alignfull\"><div class=\"wp-block-group__inner-container is-layout-flow wp-block-group-is-layout-flow\">\n<div class=\"wp-block-jetpack-layout-grid alignfull column1-desktop-grid__span-12 column1-desktop-grid__row-1 column1-tablet-grid__span-8 column1-tablet-grid__row-1 column1-mobile-grid__span-4 column1-mobile-grid__row-1 column1-desktop-grid__span-2 column2-desktop-grid__span-10 column2-desktop-grid__start-3 column2-desktop-grid__row-1 column1-tablet-grid__span-4 column2-tablet-grid__span-4 column2-tablet-grid__start-5 column2-tablet-grid__row-1 column2-mobile-grid__span-4 column2-mobile-grid__row-2\">\n<div class=\"wp-block-jetpack-layout-grid-column wp-block-jetpack-layout-grid__padding-none\">\n<p>He holds a cotutelle PhD in Sociology (University of Barcelona) and Philosophy (University of Groningen), with a thesis titled <em>Reframing Expressive Freedom: Free Speech Libertarianism, Republicanism and the Political Economy of Communication<\/em> (July 2024). The thesis has recieved the Sir Ernest Barker Prize 2025 (Political Studies Association, UK), the Leo Strauss Award 2025 (American Political Science Association), and the Luis D\u00edez del Corral Prize 2025 (Centro de Estudios Pol\u00edticos y Constitucionales).<\/p>\n\n\n\n<p>David is a Juan de la Cierva postdoctoral fellow at Universitat Pompeu Fabra, and works at the intersection between the sociology of communication, intellectual history and political theory. His research revolves around the history and theory of expressive liberties in modern Western societies (free speech, religious toleration, freedom of thought&#8230;), paying particular attention to how the distribution of material and symbolic communication resources contributes to, or prevents, the realization of such expressive ideals. He is member of the editorial board of <em>Sin Permiso<\/em>.<\/p>\n\n\n\n<p><strong>Contact:<\/strong> <a href=\"mailto:david.guerrero@ub.edu\">david.guerrero@upf.edu<\/a>; <a href=\"https:\/\/bsky.app\/profile\/david-guerrero.bsky.social\" target=\"_blank\" rel=\"noreferrer noopener\">@david-guerrero.bsky.social<\/a><br><strong>Further information: <\/strong><a href=\"https:\/\/orcid.org\/0000-0003-1128-6537\" target=\"_blank\" rel=\"noreferrer noopener\">ORCID<\/a>; <a href=\"https:\/\/www.researchgate.net\/profile\/David_Guerrero29\" target=\"_blank\" rel=\"noreferrer noopener\">ResearchGate<\/a><\/p>\n\n\n\n<h4 class=\"wp-block-heading has-dark-yellow-color has-text-color\">Featured publications<\/h4>\n\n\n\n<p>Guerrero, D. (2024). \u2018You are a bad boy to keep sending me pretty books\u2019: Harold Laski, Justice Holmes, and the origins of free speech as a \u2018marketplace of ideas\u2019,&nbsp;<em>Intellectual History Review<\/em>, 35(2): 227-246.<\/p>\n\n\n\n<p>Guerrero, D., (2024). Structural domination, neorepublicanism and the return of liberal state overreach,&nbsp;<em>Journal of Political Power,&nbsp;<\/em>17(2): 188-207.<\/p>\n\n\n\n<p>Guerrero, D. (2024). Contracultura y econom\u00eda pol\u00edtica de la comunicaci\u00f3n. <em>Res Publica. Revista de Historia de las Ideas Pol\u00edticas<\/em>, 27(2): 133-143.<\/p>\n\n\n\n<p>Guerrero, D. and P\u00e9rez-Fern\u00e1ndez, A. (2024). Rosa Luxemburg as a Republican  Agitator: Shaping Social Democracy in Imperial Germany. In F. Jacob (ed.), <em>Rosa   Luxemburg: Periphery and Perception<\/em>, B\u00fcchner, 207-239<\/p>\n\n\n\n<p>Guerrero, D. and Mart\u00ednez-Cava, J. (2022). Between tyranny and self-interest: Why neorepublicanism disregards natural rights.&nbsp;<em>Theoria. A Journal of Social and Political Theory,<\/em>&nbsp;69(171): 140-171.<br><\/p>\n<\/div>\n<\/div>\n<\/div><\/div>\n<\/div><\/div>\n","protected":false},"excerpt":{"rendered":"<p>He holds a cotutelle PhD in Sociology (University of Barcelona) and Philosophy (University of Groningen), with a thesis titled Reframing Expressive Freedom: Free Speech Libertarianism, Republicanism and the Political Economy of Communication (July 2024). The thesis has recieved the Sir Ernest Barker Prize 2025 (Political Studies Association, UK), the Leo Strauss Award 2025 (American Political &hellip; <a href=\"https:\/\/www.ub.edu\/greecs\/people\/david-guerrero\/\" class=\"more-link\">Continue reading <span class=\"screen-reader-text\">David Guerrero<\/span><\/a><\/p>\n","protected":false},"author":2,"featured_media":0,"parent":261,"menu_order":0,"comment_status":"closed","ping_status":"closed","template":"","meta":{"footnotes":""},"tags":[4,9],"class_list":["post-391","page","type-page","status-publish","hentry","tag-member","tag-member_menu","no-featured-image"],"jetpack_sharing_enabled":true,"_links":{"self":[{"href":"https:\/\/www.ub.edu\/greecs\/wp-json\/wp\/v2\/pages\/391","targetHints":{"allow":["GET"]}}],"collection":[{"href":"https:\/\/www.ub.edu\/greecs\/wp-json\/wp\/v2\/pages"}],"about":[{"href":"https:\/\/www.ub.edu\/greecs\/wp-json\/wp\/v2\/types\/page"}],"author":[{"embeddable":true,"href":"https:\/\/www.ub.edu\/greecs\/wp-json\/wp\/v2\/users\/2"}],"replies":[{"embeddable":true,"href":"https:\/\/www.ub.edu\/greecs\/wp-json\/wp\/v2\/comments?post=391"}],"version-history":[{"count":12,"href":"https:\/\/www.ub.edu\/greecs\/wp-json\/wp\/v2\/pages\/391\/revisions"}],"predecessor-version":[{"id":1204,"href":"https:\/\/www.ub.edu\/greecs\/wp-json\/wp\/v2\/pages\/391\/revisions\/1204"}],"up":[{"embeddable":true,"href":"https:\/\/www.ub.edu\/greecs\/wp-json\/wp\/v2\/pages\/261"}],"wp:attachment":[{"href":"https:\/\/www.ub.edu\/greecs\/wp-json\/wp\/v2\/media?parent=391"}],"wp:term":[{"taxonomy":"post_tag","embeddable":true,"href":"https:\/\/www.ub.edu\/greecs\/wp-json\/wp\/v2\/tags?post=391"}],"curies":[{"name":"wp","href":"https:\/\/api.w.org\/{rel}","templated":true}]}}