{"id":11970,"date":"2022-08-03T10:32:12","date_gmt":"2022-08-03T10:32:12","guid":{"rendered":"https:\/\/www.ub.edu\/grel\/?post_type=product&#038;p=11970"},"modified":"2022-08-03T10:32:12","modified_gmt":"2022-08-03T10:32:12","slug":"las-elecciones-municipales-de-2015-en-cataluna-y-el-nuevo-ciclo-electoral","status":"publish","type":"product","link":"https:\/\/www.ub.edu\/grel\/Publicacio\/las-elecciones-municipales-de-2015-en-cataluna-y-el-nuevo-ciclo-electoral\/","title":{"rendered":"Las elecciones municipales de 2015 en Catalu\u00f1a y el nuevo ciclo electoral."},"content":{"rendered":"<p>Esta publicaci\u00f3n recoge las principales aportaciones discutidas en las reuniones acad\u00e9micas celebradas en el ICPS a lo largo de 2015 y 2016, con el objetivo de analizar los resultados de las diferentes contiendas electorales que tuvieron lugar en catalu\u00f1a en 2015. A ellas se a\u00f1adieron luego otras aportaciones de expertos con el fin de que la presente monograf\u00eda sirviese de continuaci\u00f3n y complemento a la obra &#8220;Partidos y elecciones en la Catalu\u00f1a del siglo xxi&#8221;, tambi\u00e9n publicada por el ICPS en 2011, en aquella ocasi\u00f3n bajo la edici\u00f3n de Joan Marcet y Xavier Casals. De esta forma, se pretende ofrecer al lector especializado (pero tambi\u00e9n al p\u00fablico m\u00e1s general interesado en el tema) una visi\u00f3n de conjunto sobre el devenir de la pol\u00edtica catalana desde el inicio de la democracia hasta la actualidad.<\/p>\n","protected":false},"excerpt":{"rendered":"<p>Magre, J., Pont, A. (2017). Las elecciones municipales de 2015 en Catalu\u00f1a y el nuevo ciclo electoral. In La pol\u00edtica del Proceso: actores y elecciones (2010-2016): El sistema pol\u00edtico catal\u00e1n en tiempos de crisis y cambio (pp. 273-302). Institut de Ci\u00e8ncies Pol\u00edtiques i Socials.<\/p>\n","protected":false},"featured_media":11166,"template":"","meta":[],"product_cat":[434],"product_tag":[357],"blog_post_layout_featured_media_urls":{"thumbnail":["https:\/\/www.ub.edu\/grel\/wp-content\/uploads\/2016\/11\/grel-publicacio01-150x150.png",150,150,true],"full":["https:\/\/www.ub.edu\/grel\/wp-content\/uploads\/2016\/11\/grel-publicacio01.png",1200,1200,false]},"categories":["84"],"categories_names":{"84":{"name":"external","link":"https:\/\/www.ub.edu\/grel\/?taxonomy=product_type&term=external"}},"comments_number":"0","_links":{"self":[{"href":"https:\/\/www.ub.edu\/grel\/wp-json\/wp\/v2\/product\/11970"}],"collection":[{"href":"https:\/\/www.ub.edu\/grel\/wp-json\/wp\/v2\/product"}],"about":[{"href":"https:\/\/www.ub.edu\/grel\/wp-json\/wp\/v2\/types\/product"}],"wp:featuredmedia":[{"embeddable":true,"href":"https:\/\/www.ub.edu\/grel\/wp-json\/wp\/v2\/media\/11166"}],"wp:attachment":[{"href":"https:\/\/www.ub.edu\/grel\/wp-json\/wp\/v2\/media?parent=11970"}],"wp:term":[{"taxonomy":"product_cat","embeddable":true,"href":"https:\/\/www.ub.edu\/grel\/wp-json\/wp\/v2\/product_cat?post=11970"},{"taxonomy":"product_tag","embeddable":true,"href":"https:\/\/www.ub.edu\/grel\/wp-json\/wp\/v2\/product_tag?post=11970"}],"curies":[{"name":"wp","href":"https:\/\/api.w.org\/{rel}","templated":true}]}}