{"id":11974,"date":"2022-08-03T10:32:12","date_gmt":"2022-08-03T10:32:12","guid":{"rendered":"https:\/\/www.ub.edu\/grel\/?post_type=product&#038;p=11974"},"modified":"2022-08-05T16:42:01","modified_gmt":"2022-08-05T16:42:01","slug":"els-consistoris-sorgits-de-les-eleccions-locals-de-2015-un-punt-i-apart","status":"publish","type":"product","link":"https:\/\/www.ub.edu\/grel\/Publicacio\/els-consistoris-sorgits-de-les-eleccions-locals-de-2015-un-punt-i-apart\/","title":{"rendered":"Els consistoris sorgits de les eleccions locals de 2015: un punt i apart."},"content":{"rendered":"","protected":false},"excerpt":{"rendered":"<p>Pano, E., Vi\u00f1as, A., S\u00e1nchez, J.M., Magre, J. (2017). Els consistoris sorgits de les eleccions locals de 2015: un punt ia part. Anuari pol\u00edtic de Catalunya, (9), 121-150.<\/p>\n","protected":false},"featured_media":11166,"template":"","meta":[],"product_cat":[434],"product_tag":[412],"blog_post_layout_featured_media_urls":{"thumbnail":["https:\/\/www.ub.edu\/grel\/wp-content\/uploads\/2016\/11\/grel-publicacio01-150x150.png",150,150,true],"full":["https:\/\/www.ub.edu\/grel\/wp-content\/uploads\/2016\/11\/grel-publicacio01.png",1200,1200,false]},"categories":["84"],"categories_names":{"84":{"name":"external","link":"https:\/\/www.ub.edu\/grel\/?taxonomy=product_type&term=external"}},"comments_number":"0","_links":{"self":[{"href":"https:\/\/www.ub.edu\/grel\/wp-json\/wp\/v2\/product\/11974"}],"collection":[{"href":"https:\/\/www.ub.edu\/grel\/wp-json\/wp\/v2\/product"}],"about":[{"href":"https:\/\/www.ub.edu\/grel\/wp-json\/wp\/v2\/types\/product"}],"wp:featuredmedia":[{"embeddable":true,"href":"https:\/\/www.ub.edu\/grel\/wp-json\/wp\/v2\/media\/11166"}],"wp:attachment":[{"href":"https:\/\/www.ub.edu\/grel\/wp-json\/wp\/v2\/media?parent=11974"}],"wp:term":[{"taxonomy":"product_cat","embeddable":true,"href":"https:\/\/www.ub.edu\/grel\/wp-json\/wp\/v2\/product_cat?post=11974"},{"taxonomy":"product_tag","embeddable":true,"href":"https:\/\/www.ub.edu\/grel\/wp-json\/wp\/v2\/product_tag?post=11974"}],"curies":[{"name":"wp","href":"https:\/\/api.w.org\/{rel}","templated":true}]}}