{"id":12982,"date":"2022-09-23T11:41:11","date_gmt":"2022-09-23T11:41:11","guid":{"rendered":"https:\/\/www.ub.edu\/grel\/?post_type=product&#038;p=12982"},"modified":"2022-09-23T12:21:06","modified_gmt":"2022-09-23T12:21:06","slug":"la-gestio-en-el-centre-del-debat-el-retorn-del-pendol","status":"publish","type":"product","link":"https:\/\/www.ub.edu\/grel\/Publicacio\/la-gestio-en-el-centre-del-debat-el-retorn-del-pendol\/","title":{"rendered":"La gesti\u00f3 en el centre del debat, el retorn del p\u00e8ndol?"},"content":{"rendered":"","protected":false},"excerpt":{"rendered":"<p>Puey, E. P., Revent\u00f3s, L., &#038; Ferran, J. M. (2018). La gesti\u00f3 en el centre del debat, el retorn del p\u00e8ndol?. Anuari pol\u00edtic de Catalunya, (12), 119-141.<\/p>\n","protected":false},"featured_media":11166,"template":"","meta":[],"product_cat":[434],"product_tag":[412],"blog_post_layout_featured_media_urls":{"thumbnail":["https:\/\/www.ub.edu\/grel\/wp-content\/uploads\/2016\/11\/grel-publicacio01-150x150.png",150,150,true],"full":["https:\/\/www.ub.edu\/grel\/wp-content\/uploads\/2016\/11\/grel-publicacio01.png",1200,1200,false]},"categories":["81"],"categories_names":{"81":{"name":"simple","link":"https:\/\/www.ub.edu\/grel\/?taxonomy=product_type&term=simple"}},"comments_number":"0","_links":{"self":[{"href":"https:\/\/www.ub.edu\/grel\/wp-json\/wp\/v2\/product\/12982"}],"collection":[{"href":"https:\/\/www.ub.edu\/grel\/wp-json\/wp\/v2\/product"}],"about":[{"href":"https:\/\/www.ub.edu\/grel\/wp-json\/wp\/v2\/types\/product"}],"wp:featuredmedia":[{"embeddable":true,"href":"https:\/\/www.ub.edu\/grel\/wp-json\/wp\/v2\/media\/11166"}],"wp:attachment":[{"href":"https:\/\/www.ub.edu\/grel\/wp-json\/wp\/v2\/media?parent=12982"}],"wp:term":[{"taxonomy":"product_cat","embeddable":true,"href":"https:\/\/www.ub.edu\/grel\/wp-json\/wp\/v2\/product_cat?post=12982"},{"taxonomy":"product_tag","embeddable":true,"href":"https:\/\/www.ub.edu\/grel\/wp-json\/wp\/v2\/product_tag?post=12982"}],"curies":[{"name":"wp","href":"https:\/\/api.w.org\/{rel}","templated":true}]}}