{"id":15837,"date":"2023-02-08T17:30:44","date_gmt":"2023-02-08T17:30:44","guid":{"rendered":"https:\/\/www.ub.edu\/grel\/?post_type=product&#038;p=15837"},"modified":"2023-02-08T17:30:44","modified_gmt":"2023-02-08T17:30:44","slug":"estado-de-cumplimiento-de-los-derechos-de-la-ninez-y-adolescencia-un-analisis-desde-la-funcion-publica-en-informe-anual-2021-derechos-humanos-de-ninos-ninas-y-adolescentes-en-chile-defensoria-de","status":"publish","type":"product","link":"https:\/\/www.ub.edu\/grel\/Publicacio\/estado-de-cumplimiento-de-los-derechos-de-la-ninez-y-adolescencia-un-analisis-desde-la-funcion-publica-en-informe-anual-2021-derechos-humanos-de-ninos-ninas-y-adolescentes-en-chile-defensoria-de\/","title":{"rendered":"Estado de cumplimiento de los derechos de la ni\u00f1ez y adolescencia: un an\u00e1lisis desde la funci\u00f3n p\u00fablica. En: Informe Anual 2021. Derechos humanos de ni\u00f1os, ni\u00f1as y adolescentes en Chile (Defensor\u00eda de la Ni\u00f1ez, 2021)"},"content":{"rendered":"","protected":false},"excerpt":{"rendered":"<p>Guzm\u00e1n, G. Osorno, V. &amp; Pizarro, P. (2021)<\/p>\n","protected":false},"featured_media":12489,"template":"","meta":[],"product_cat":[94],"product_tag":[454],"blog_post_layout_featured_media_urls":{"thumbnail":["https:\/\/www.ub.edu\/grel\/wp-content\/uploads\/2022\/08\/grel-publicacio05-150x150.png",150,150,true],"full":["https:\/\/www.ub.edu\/grel\/wp-content\/uploads\/2022\/08\/grel-publicacio05.png",1200,1200,false]},"categories":["81"],"categories_names":{"81":{"name":"simple","link":"https:\/\/www.ub.edu\/grel\/?taxonomy=product_type&term=simple"}},"comments_number":"0","_links":{"self":[{"href":"https:\/\/www.ub.edu\/grel\/wp-json\/wp\/v2\/product\/15837"}],"collection":[{"href":"https:\/\/www.ub.edu\/grel\/wp-json\/wp\/v2\/product"}],"about":[{"href":"https:\/\/www.ub.edu\/grel\/wp-json\/wp\/v2\/types\/product"}],"wp:featuredmedia":[{"embeddable":true,"href":"https:\/\/www.ub.edu\/grel\/wp-json\/wp\/v2\/media\/12489"}],"wp:attachment":[{"href":"https:\/\/www.ub.edu\/grel\/wp-json\/wp\/v2\/media?parent=15837"}],"wp:term":[{"taxonomy":"product_cat","embeddable":true,"href":"https:\/\/www.ub.edu\/grel\/wp-json\/wp\/v2\/product_cat?post=15837"},{"taxonomy":"product_tag","embeddable":true,"href":"https:\/\/www.ub.edu\/grel\/wp-json\/wp\/v2\/product_tag?post=15837"}],"curies":[{"name":"wp","href":"https:\/\/api.w.org\/{rel}","templated":true}]}}