{"id":27,"date":"2024-10-21T14:17:59","date_gmt":"2024-10-21T12:17:59","guid":{"rendered":"https:\/\/www.ub.edu\/grindofi\/?page_id=27"},"modified":"2025-03-07T19:37:07","modified_gmt":"2025-03-07T17:37:07","slug":"membres","status":"publish","type":"page","link":"https:\/\/www.ub.edu\/grindofi\/membres\/","title":{"rendered":"Qui som"},"content":{"rendered":"\n<div class=\"wp-block-columns alignwide is-layout-flex wp-container-core-columns-is-layout-28f84493 wp-block-columns-is-layout-flex\">\n<div class=\"wp-block-column is-layout-flow wp-block-column-is-layout-flow\">\n<h2 class=\"wp-block-heading has-primary-color has-text-color has-link-color has-medium-font-size wp-elements-a41e1d4023b1201b111d6b26f24bd13b\"><strong>El Grup d&#8217;Innovaci\u00f3 Docent en Fisiologia \u00abGrInDoFi\u00bb de la UB es constitu\u00ed l&#8217;any 1990, estant format inicialment per quatre professors i professores del Departament de Fisiologia de la Facultat de Biologia de la UB.<\/strong><\/h2>\n\n\n\n<p><\/p>\n\n\n\n<hr class=\"wp-block-separator has-css-opacity is-style-wide\"\/>\n\n\n\n<p><\/p>\n\n\n\n<h2 class=\"wp-block-heading has-text-align-center\" id=\"1\" style=\"font-size:33px;line-height:0.5\"><em> <\/em><\/h2>\n\n\n\n<p class=\"has-text-align-center\"><\/p>\n\n\n\n<div style=\"height:16px\" aria-hidden=\"true\" class=\"wp-block-spacer\"><\/div>\n<\/div>\n\n\n\n<div class=\"wp-block-column is-layout-flow wp-block-column-is-layout-flow\">\n<hr class=\"wp-block-separator has-css-opacity is-style-wide\"\/>\n\n\n\n<figure class=\"wp-block-image aligncenter size-full is-resized\"><img loading=\"lazy\" decoding=\"async\" width=\"1920\" height=\"2560\" src=\"https:\/\/www.ub.edu\/grindofi\/wp-content\/uploads\/2024\/10\/Jaume-3-scaled.jpg\" alt=\"\" class=\"wp-image-190\" style=\"width:98px;height:auto\" srcset=\"https:\/\/www.ub.edu\/grindofi\/wp-content\/uploads\/2024\/10\/Jaume-3-scaled.jpg 1920w, https:\/\/www.ub.edu\/grindofi\/wp-content\/uploads\/2024\/10\/Jaume-3-225x300.jpg 225w, https:\/\/www.ub.edu\/grindofi\/wp-content\/uploads\/2024\/10\/Jaume-3-768x1024.jpg 768w, https:\/\/www.ub.edu\/grindofi\/wp-content\/uploads\/2024\/10\/Jaume-3-1152x1536.jpg 1152w, https:\/\/www.ub.edu\/grindofi\/wp-content\/uploads\/2024\/10\/Jaume-3-1536x2048.jpg 1536w\" sizes=\"auto, (max-width: 1920px) 100vw, 1920px\" \/><\/figure>\n\n\n\n<div class=\"wp-block-group is-vertical is-layout-flex wp-container-core-group-is-layout-fe9cc265 wp-block-group-is-layout-flex\">\n<div class=\"wp-block-group is-vertical is-layout-flex wp-container-core-group-is-layout-fe9cc265 wp-block-group-is-layout-flex\">\n<h3 class=\"wp-block-heading has-text-align-center has-foreground-color has-text-color has-link-color has-medium-font-size wp-elements-65971808f64edf105f3742f3e7a0079b\" id=\"sparrow\"><strong><em>Jaume Fern\u00e1ndez<\/em> <\/strong><em>Coordinador des de 1990 a 2023<\/em><\/h3>\n<\/div>\n<\/div>\n\n\n\n<div class=\"wp-block-buttons is-layout-flex wp-container-core-buttons-is-layout-168ce233 wp-block-buttons-is-layout-flex\">\n<div class=\"wp-block-button has-custom-width wp-block-button__width-100\"><a class=\"wp-block-button__link has-foreground-background-color has-background wp-element-button\">jaume.fernadez@ub.edu<\/a><\/div>\n<\/div>\n\n\n\n<p style=\"font-size:0rem\">jaumefernandez@ub.edu<\/p>\n\n\n\n<div style=\"height:16px\" aria-hidden=\"true\" class=\"wp-block-spacer\"><\/div>\n<\/div>\n\n\n\n<div class=\"wp-block-column is-layout-flow wp-block-column-is-layout-flow\">\n<hr class=\"wp-block-separator has-css-opacity is-style-wide\"\/>\n\n\n\n<figure class=\"wp-block-image aligncenter size-full is-resized\"><img loading=\"lazy\" decoding=\"async\" width=\"100\" height=\"100\" src=\"https:\/\/www.ub.edu\/grindofi\/wp-content\/uploads\/2024\/10\/Josefina.jpg\" alt=\"\" class=\"wp-image-178\" style=\"width:128px;height:auto\"\/><\/figure>\n\n\n\n<h3 class=\"wp-block-heading has-text-align-center has-medium-font-size\" id=\"sparrow\"><em><strong>Josefina Blasco<\/strong><\/em><\/h3>\n\n\n\n<p><\/p>\n\n\n\n<div class=\"wp-block-buttons is-layout-flex wp-block-buttons-is-layout-flex\">\n<div class=\"wp-block-button has-custom-width wp-block-button__width-100\"><a class=\"wp-block-button__link has-foreground-background-color has-background wp-element-button\">jblasco@ub.edu<\/a><\/div>\n<\/div>\n\n\n\n<div style=\"height:16px\" aria-hidden=\"true\" class=\"wp-block-spacer\"><\/div>\n<\/div>\n\n\n\n<div class=\"wp-block-column is-layout-flow wp-block-column-is-layout-flow\">\n<hr class=\"wp-block-separator has-css-opacity is-style-wide\"\/>\n\n\n\n<figure class=\"wp-block-image aligncenter size-full is-resized\"><img loading=\"lazy\" decoding=\"async\" width=\"200\" height=\"200\" src=\"https:\/\/www.ub.edu\/grindofi\/wp-content\/uploads\/2024\/10\/tpages.jpg\" alt=\"\" class=\"wp-image-70\" style=\"width:130px;height:auto\" srcset=\"https:\/\/www.ub.edu\/grindofi\/wp-content\/uploads\/2024\/10\/tpages.jpg 200w, https:\/\/www.ub.edu\/grindofi\/wp-content\/uploads\/2024\/10\/tpages-150x150.jpg 150w\" sizes=\"auto, (max-width: 200px) 100vw, 200px\" \/><\/figure>\n\n\n\n<h3 class=\"wp-block-heading has-text-align-center has-medium-font-size\" id=\"sparrow\"><em><strong>Teresa Pag\u00e8s<\/strong><\/em><\/h3>\n\n\n\n<p><\/p>\n\n\n\n<div class=\"wp-block-buttons is-layout-flex wp-block-buttons-is-layout-flex\">\n<div class=\"wp-block-button has-custom-width wp-block-button__width-100\"><a class=\"wp-block-button__link has-foreground-background-color has-background wp-element-button\">tpages@ub.edu<\/a><\/div>\n<\/div>\n\n\n\n<div style=\"height:16px\" aria-hidden=\"true\" class=\"wp-block-spacer\"><\/div>\n<\/div>\n\n\n\n<div class=\"wp-block-column is-layout-flow wp-block-column-is-layout-flow\">\n<hr class=\"wp-block-separator has-css-opacity is-style-wide\"\/>\n\n\n\n<figure class=\"wp-block-image aligncenter size-full is-resized\"><img loading=\"lazy\" decoding=\"async\" width=\"425\" height=\"470\" src=\"https:\/\/www.ub.edu\/grindofi\/wp-content\/uploads\/2024\/10\/Gines-3-1.jpg\" alt=\"\" class=\"wp-image-234\" style=\"width:116px;height:auto\" srcset=\"https:\/\/www.ub.edu\/grindofi\/wp-content\/uploads\/2024\/10\/Gines-3-1.jpg 425w, https:\/\/www.ub.edu\/grindofi\/wp-content\/uploads\/2024\/10\/Gines-3-1-271x300.jpg 271w\" sizes=\"auto, (max-width: 425px) 100vw, 425px\" \/><\/figure>\n\n\n\n<h3 class=\"wp-block-heading has-text-align-center has-medium-font-size\" id=\"sparrow\"><em><strong>Gin\u00e9s Viscor<\/strong><\/em><\/h3>\n\n\n\n<p><\/p>\n\n\n\n<div class=\"wp-block-buttons is-layout-flex wp-block-buttons-is-layout-flex\">\n<div class=\"wp-block-button has-custom-width wp-block-button__width-100\"><a class=\"wp-block-button__link has-foreground-background-color has-background wp-element-button\">gviscor@ub.edu<\/a><\/div>\n<\/div>\n\n\n\n<div style=\"height:16px\" aria-hidden=\"true\" class=\"wp-block-spacer\"><\/div>\n<\/div>\n<\/div>\n\n\n\n<p class=\"has-large-font-size\">A partir de l&#8217;any 2000 s&#8217;han anat incorporant nous membres, formant actualment part del grup:<\/p>\n\n\n\n<div class=\"wp-block-columns is-layout-flex wp-container-core-columns-is-layout-28f84493 wp-block-columns-is-layout-flex\">\n<div class=\"wp-block-column is-layout-flow wp-block-column-is-layout-flow\">\n<figure class=\"wp-block-image aligncenter size-full is-resized\"><img loading=\"lazy\" decoding=\"async\" width=\"134\" height=\"142\" src=\"https:\/\/www.ub.edu\/grindofi\/wp-content\/uploads\/2024\/11\/Ramon-2.jpg\" alt=\"\" class=\"wp-image-333\" style=\"width:125px;height:auto\"\/><\/figure>\n\n\n\n<div class=\"wp-block-buttons is-layout-flex wp-block-buttons-is-layout-flex\">\n<div class=\"wp-block-button has-custom-font-size\" style=\"font-size:0.8rem\"><a class=\"wp-block-button__link wp-element-button\"><strong>Joan Ram\u00f3n Torrella<\/strong> <em>jtorrella@ub.edu<\/em> <strong><em>Coordinador des del 2023<\/em><\/strong><\/a><\/div>\n<\/div>\n\n\n\n<figure class=\"wp-block-image aligncenter size-large is-resized\"><img loading=\"lazy\" decoding=\"async\" width=\"300\" height=\"408\" src=\"https:\/\/www.ub.edu\/grindofi\/wp-content\/uploads\/2024\/11\/Norma-2.jpg\" alt=\"\" class=\"wp-image-332\" style=\"width:97px;height:auto\" srcset=\"https:\/\/www.ub.edu\/grindofi\/wp-content\/uploads\/2024\/11\/Norma-2.jpg 300w, https:\/\/www.ub.edu\/grindofi\/wp-content\/uploads\/2024\/11\/Norma-2-221x300.jpg 221w\" sizes=\"auto, (max-width: 300px) 100vw, 300px\" \/><\/figure>\n\n\n\n<div class=\"wp-block-buttons is-layout-flex wp-block-buttons-is-layout-flex\">\n<div class=\"wp-block-button has-custom-font-size\" style=\"font-size:0.8rem\"><a class=\"wp-block-button__link wp-element-button\"><strong>Norma V. Alva <\/strong><em>nvalva@ub.edu<\/em><\/a><\/div>\n<\/div>\n\n\n\n<figure class=\"wp-block-image aligncenter size-full is-resized\"><img loading=\"lazy\" decoding=\"async\" width=\"143\" height=\"145\" src=\"https:\/\/www.ub.edu\/grindofi\/wp-content\/uploads\/2024\/11\/Sara-4.jpg\" alt=\"\" class=\"wp-image-334\" style=\"width:124px;height:auto\"\/><\/figure>\n\n\n\n<div class=\"wp-block-buttons is-layout-flex wp-block-buttons-is-layout-flex\">\n<div class=\"wp-block-button has-custom-font-size\" style=\"font-size:0.8rem\"><a class=\"wp-block-button__link wp-element-button\"><strong>Sara Ramos<\/strong> <em>sara.ramosromero@ub.edu<\/em><\/a><\/div>\n<\/div>\n<\/div>\n\n\n\n<div class=\"wp-block-column is-layout-flow wp-block-column-is-layout-flow\">\n<figure class=\"wp-block-image aligncenter size-full is-resized\"><img loading=\"lazy\" decoding=\"async\" width=\"100\" height=\"100\" src=\"https:\/\/www.ub.edu\/grindofi\/wp-content\/uploads\/2024\/11\/Angels-3.jpg\" alt=\"\" class=\"wp-image-326\" style=\"width:130px;height:auto\"\/><\/figure>\n\n\n\n<div class=\"wp-block-buttons is-content-justification-center is-layout-flex wp-container-core-buttons-is-layout-a89b3969 wp-block-buttons-is-layout-flex\">\n<div class=\"wp-block-button has-custom-font-size\" style=\"font-size:0.8rem\"><a class=\"wp-block-button__link wp-element-button\"><strong>M. \u00c0ngels Gallardo<\/strong> <em>mgallardo@ub.edu<\/em><\/a><\/div>\n<\/div>\n\n\n\n<figure class=\"wp-block-gallery has-nested-images columns-default is-cropped wp-block-gallery-1 is-layout-flex wp-block-gallery-is-layout-flex\">\n<figure class=\"wp-block-image size-large is-resized\"><img loading=\"lazy\" decoding=\"async\" width=\"114\" height=\"105\" data-id=\"329\" src=\"https:\/\/www.ub.edu\/grindofi\/wp-content\/uploads\/2024\/11\/Irene-3.jpg\" alt=\"\" class=\"wp-image-329\" style=\"width:145px;height:auto\"\/><\/figure>\n<\/figure>\n\n\n\n<div class=\"wp-block-buttons is-layout-flex wp-block-buttons-is-layout-flex\">\n<div class=\"wp-block-button has-custom-font-size\" style=\"font-size:0.8rem\"><a class=\"wp-block-button__link wp-element-button\"><strong>Irene Garc\u00eda <em>M<\/em>eil\u00e1n <\/strong><em>irene.garcia@ub.edu<\/em><\/a><\/div>\n<\/div>\n\n\n\n<figure class=\"wp-block-gallery has-nested-images columns-default is-cropped wp-block-gallery-2 is-layout-flex wp-block-gallery-is-layout-flex\">\n<figure class=\"wp-block-image size-large is-resized\"><img loading=\"lazy\" decoding=\"async\" width=\"200\" height=\"200\" data-id=\"331\" src=\"https:\/\/www.ub.edu\/grindofi\/wp-content\/uploads\/2024\/11\/Miguel-2.jpg\" alt=\"\" class=\"wp-image-331\" style=\"width:105px;height:auto\" srcset=\"https:\/\/www.ub.edu\/grindofi\/wp-content\/uploads\/2024\/11\/Miguel-2.jpg 200w, https:\/\/www.ub.edu\/grindofi\/wp-content\/uploads\/2024\/11\/Miguel-2-150x150.jpg 150w\" sizes=\"auto, (max-width: 200px) 100vw, 200px\" \/><\/figure>\n<\/figure>\n\n\n\n<div class=\"wp-block-buttons is-layout-flex wp-block-buttons-is-layout-flex\">\n<div class=\"wp-block-button has-custom-font-size\" style=\"font-size:0.8rem\"><a class=\"wp-block-button__link wp-element-button\"><strong>Miguel Mart\u00edn<\/strong> <em>martinperez@ub.edu<\/em><\/a><\/div>\n<\/div>\n<\/div>\n\n\n\n<div class=\"wp-block-column is-layout-flow wp-block-column-is-layout-flow\">\n<figure class=\"wp-block-image aligncenter size-full is-resized\"><img loading=\"lazy\" decoding=\"async\" width=\"100\" height=\"100\" src=\"https:\/\/www.ub.edu\/grindofi\/wp-content\/uploads\/2024\/11\/Carbonell-2.png\" alt=\"\" class=\"wp-image-327\" style=\"width:130px;height:auto\"\/><\/figure>\n\n\n\n<div class=\"wp-block-buttons is-layout-flex wp-block-buttons-is-layout-flex\">\n<div class=\"wp-block-button has-custom-font-size\" style=\"font-size:0.8rem\"><a class=\"wp-block-button__link wp-element-button\"><strong>Teresa Carbonell<\/strong> <em>tcarbonell@ub.edu<\/em><\/a><\/div>\n<\/div>\n\n\n\n<figure class=\"wp-block-image aligncenter size-full is-resized\"><img loading=\"lazy\" decoding=\"async\" width=\"648\" height=\"648\" src=\"https:\/\/www.ub.edu\/grindofi\/wp-content\/uploads\/2024\/11\/Laura-2.jpg\" alt=\"\" class=\"wp-image-330\" style=\"width:127px;height:auto\" srcset=\"https:\/\/www.ub.edu\/grindofi\/wp-content\/uploads\/2024\/11\/Laura-2.jpg 648w, https:\/\/www.ub.edu\/grindofi\/wp-content\/uploads\/2024\/11\/Laura-2-300x300.jpg 300w, https:\/\/www.ub.edu\/grindofi\/wp-content\/uploads\/2024\/11\/Laura-2-150x150.jpg 150w\" sizes=\"auto, (max-width: 648px) 100vw, 648px\" \/><\/figure>\n\n\n\n<div class=\"wp-block-buttons is-layout-flex wp-block-buttons-is-layout-flex\">\n<div class=\"wp-block-button has-custom-font-size\" style=\"font-size:0.8rem\"><a class=\"wp-block-button__link wp-element-button\"><strong>Laura Fern\u00e1ndez Alacid<\/strong> <em>fernandez_alacid@ub.edu<\/em><\/a><\/div>\n<\/div>\n<\/div>\n\n\n\n<div class=\"wp-block-column is-layout-flow wp-block-column-is-layout-flow\" style=\"font-size:0.8rem\">\n<figure class=\"wp-block-image aligncenter size-full is-resized\"><img loading=\"lazy\" decoding=\"async\" width=\"173\" height=\"205\" src=\"https:\/\/www.ub.edu\/grindofi\/wp-content\/uploads\/2024\/11\/Toni-2.jpg\" alt=\"\" class=\"wp-image-325\" style=\"width:111px;height:auto\"\/><\/figure>\n\n\n\n<div class=\"wp-block-buttons is-layout-flex wp-block-buttons-is-layout-flex\">\n<div class=\"wp-block-button has-custom-font-size\" style=\"font-size:0.8rem\"><a class=\"wp-block-button__link wp-element-button\"><strong>Antoni Ibarz<\/strong> <em>tibarz@ub.edu<\/em><\/a><\/div>\n<\/div>\n\n\n\n<figure class=\"wp-block-image size-large\"><img loading=\"lazy\" decoding=\"async\" width=\"216\" height=\"186\" src=\"https:\/\/www.ub.edu\/grindofi\/wp-content\/uploads\/2024\/11\/Garoa-3bis.jpg\" alt=\"\" class=\"wp-image-328\"\/><\/figure>\n\n\n\n<div class=\"wp-block-buttons is-layout-flex wp-block-buttons-is-layout-flex\">\n<div class=\"wp-block-button has-custom-font-size\" style=\"font-size:0.8rem\"><a class=\"wp-block-button__link wp-element-button\"><strong>Garoa Santocildes<\/strong> <em>gsantocildes@ub.edu<\/em><\/a><\/div>\n<\/div>\n<\/div>\n<\/div>\n\n\n\n<ul class=\"wp-block-list\">\n<li><strong>A m\u00e9s, vam comptar amb becaris de FPI, de suport a la doc\u00e8ncia i de col\u00b7laboraci\u00f3 en departaments. <\/strong><\/li>\n<\/ul>\n\n\n\n<p><\/p>\n\n\n\n<h2 class=\"wp-block-heading\">Reconeixements i distincions<\/h2>\n\n\n\n<figure class=\"wp-block-image aligncenter size-large is-resized\"><img loading=\"lazy\" decoding=\"async\" width=\"1024\" height=\"684\" src=\"https:\/\/www.ub.edu\/grindofi\/wp-content\/uploads\/2025\/02\/pexels-pavel-danilyuk-7942430-1024x684.jpg\" alt=\"\" class=\"wp-image-695\" style=\"width:341px;height:auto\" srcset=\"https:\/\/www.ub.edu\/grindofi\/wp-content\/uploads\/2025\/02\/pexels-pavel-danilyuk-7942430-1024x684.jpg 1024w, https:\/\/www.ub.edu\/grindofi\/wp-content\/uploads\/2025\/02\/pexels-pavel-danilyuk-7942430-300x200.jpg 300w, https:\/\/www.ub.edu\/grindofi\/wp-content\/uploads\/2025\/02\/pexels-pavel-danilyuk-7942430-768x513.jpg 768w, https:\/\/www.ub.edu\/grindofi\/wp-content\/uploads\/2025\/02\/pexels-pavel-danilyuk-7942430-1536x1025.jpg 1536w, https:\/\/www.ub.edu\/grindofi\/wp-content\/uploads\/2025\/02\/pexels-pavel-danilyuk-7942430-2048x1367.jpg 2048w\" sizes=\"auto, (max-width: 1024px) 100vw, 1024px\" \/><\/figure>\n\n\n\n<p><\/p>\n\n\n\n<div class=\"wp-block-group is-nowrap is-layout-flex wp-container-core-group-is-layout-6c531013 wp-block-group-is-layout-flex\">\n<div class=\"wp-block-cover is-light has-small-font-size\" style=\"margin-top:var(--wp--preset--spacing--30);margin-bottom:var(--wp--preset--spacing--30);min-height:64px;aspect-ratio:unset;\"><span aria-hidden=\"true\" class=\"wp-block-cover__background has-tertiary-background-color has-background-dim-100 has-background-dim\"><\/span><div class=\"wp-block-cover__inner-container is-layout-constrained wp-container-core-cover-is-layout-ca705bc9 wp-block-cover-is-layout-constrained\">\n<p class=\"has-text-align-center has-primary-color has-text-color has-link-color has-medium-font-size wp-elements-bd538870a216d7bd9590af027045b606\"><strong>CREACI\u00d3 DEL GRUP<\/strong><\/p>\n\n\n\n<p class=\"has-text-align-center\">Grup d&#8217;Innovaci\u00f3 Docent (GID) <\/p>\n\n\n\n<p class=\"has-text-align-center has-primary-color has-text-color has-link-color wp-elements-b436fe4b55163aaa0d61df50b6816bfd\">Creat l&#8217;any 1990<\/p>\n\n\n\n<p class=\"has-text-align-center has-primary-color has-text-color has-link-color wp-elements-fe260dac858e4520a4560aa75e296767\">Dept. Fisiologia, UB<\/p>\n<\/div><\/div>\n\n\n\n<div class=\"wp-block-cover is-light has-primary-color has-text-color has-link-color has-small-font-size wp-elements-f14969d922bdf362e03f1d93e0cb0c21 wp-duotone-000000-c9a07b-3\" style=\"margin-top:var(--wp--preset--spacing--30);margin-bottom:var(--wp--preset--spacing--30);min-height:64px;aspect-ratio:unset;\"><span aria-hidden=\"true\" class=\"wp-block-cover__background has-tertiary-background-color has-background-dim-100 has-background-dim\"><\/span><div class=\"wp-block-cover__inner-container is-layout-constrained wp-container-core-cover-is-layout-eb5a687c wp-block-cover-is-layout-constrained\">\n<p class=\"has-text-align-center has-primary-color has-text-color has-link-color has-medium-font-size wp-elements-eacdd02cb5ed50065871517477e2c245\"><strong>RECONEIXEMENT UB<\/strong><\/p>\n\n\n\n<p class=\"has-text-align-center has-primary-color has-text-color has-link-color wp-elements-ff13ef08e00676945273c1dbf05eb4db\">Grup d&#8217;Innovaci\u00f3 Docent Reconegut UB <\/p>\n\n\n\n<p class=\"has-text-align-center has-primary-color has-text-color has-link-color wp-elements-824c41d921e85cd9994982b31bff7052\">&nbsp;1991-2002 (3\/III\/09\/P.Inst.\/FERN)<\/p>\n<\/div><\/div>\n<\/div>\n\n\n\n<div class=\"wp-block-group is-content-justification-center is-nowrap is-layout-flex wp-container-core-group-is-layout-23441af8 wp-block-group-is-layout-flex\">\n<div class=\"wp-block-cover is-light has-small-font-size\" style=\"margin-top:var(--wp--preset--spacing--30);margin-bottom:var(--wp--preset--spacing--30);min-height:64px;aspect-ratio:unset;\"><span aria-hidden=\"true\" class=\"wp-block-cover__background has-tertiary-background-color has-background-dim-100 has-background-dim\"><\/span><div class=\"wp-block-cover__inner-container is-layout-constrained wp-container-core-cover-is-layout-fbefd6b5 wp-block-cover-is-layout-constrained\">\n<p class=\"has-text-align-center has-primary-color has-text-color has-link-color has-medium-font-size wp-elements-fdfacde5d16ab50e3923a62822d14cec\"><strong>GRUP D&#8217;EXCEL\u00b7L\u00c8NCIA UB<\/strong><\/p>\n\n\n\n<p class=\"has-text-align-center has-primary-color has-text-color has-link-color wp-elements-0c9087cd55eb3e95ec127255e45cf2b6\">Grup d&#8217;Innovaci\u00f3 Docent d\u2019Excel\u00b7l\u00e8ncia  <\/p>\n\n\n\n<p class=\"has-text-align-center has-primary-color has-text-color has-link-color wp-elements-950447d1432451173d5fc49f65eb18e3\">2000-2003 (III\/Fern\u00e1ndez)&nbsp;<\/p>\n<\/div><\/div>\n\n\n\n<div class=\"wp-block-cover is-light has-small-font-size\" style=\"margin-top:0;margin-bottom:0;min-height:64px;aspect-ratio:unset;\"><span aria-hidden=\"true\" class=\"wp-block-cover__background has-tertiary-background-color has-background-dim-100 has-background-dim\"><\/span><div class=\"wp-block-cover__inner-container is-layout-constrained wp-container-core-cover-is-layout-fff0c75b wp-block-cover-is-layout-constrained\">\n<p class=\"has-text-align-center has-primary-color has-text-color has-link-color has-medium-font-size wp-elements-8c860003278604186b262843fcbe6e01\"><strong>GRUP CONSOLIDAT<\/strong><\/p>\n\n\n\n<p class=\"has-text-align-center has-primary-color has-text-color has-link-color wp-elements-308d3fed1741667e3132b1a9c35233f9\">Grup d&#8217;Innovaci\u00f3 Docent Consolidat UB<\/p>\n\n\n\n<p class=\"has-text-align-center has-primary-color has-text-color has-link-color wp-elements-e870d213466f397e600c45be1d3b8800\">2003GIDC-UB\/10<\/p>\n\n\n\n<p class=\"has-text-align-center has-primary-color has-text-color has-link-color wp-elements-9bc495c549082a21cd0827e6e3f05c9a\">Renovat fins l&#8217;actualitat:<\/p>\n\n\n\n<p class=\"has-text-align-center has-primary-color has-text-color has-link-color wp-elements-3445b304e3615b9a1baedefcd77df17f\">(2006GIDC-UB\/10), (2008GIDC-UB\/10), (GIDCUB-13\/049), (GINDOC-UB\/049)<\/p>\n<\/div><\/div>\n<\/div>\n\n\n\n<div class=\"wp-block-group is-content-justification-center is-nowrap is-layout-flex wp-container-core-group-is-layout-23441af8 wp-block-group-is-layout-flex\">\n<div class=\"wp-block-cover is-light has-small-font-size\" style=\"margin-top:var(--wp--preset--spacing--30);margin-bottom:var(--wp--preset--spacing--30);min-height:64px;aspect-ratio:unset;\"><span aria-hidden=\"true\" class=\"wp-block-cover__background has-tertiary-background-color has-background-dim-100 has-background-dim\"><\/span><div class=\"wp-block-cover__inner-container is-layout-constrained wp-container-core-cover-is-layout-eb5a687c wp-block-cover-is-layout-constrained\">\n<p class=\"has-text-align-center has-primary-color has-text-color has-link-color has-medium-font-size wp-elements-dc592ce40c16d2036580469d6ec2bdac\"><strong>DISTINCI\u00d3 QUALITAT DOCENT<\/strong><\/p>\n\n\n\n<p class=\"has-text-align-center has-primary-color has-text-color has-link-color wp-elements-41af0daff01847361f42d7d81c083fb6\">Distinci\u00f3 Jaume Vicens Vives 2007 a la Qualitat Docent<\/p>\n\n\n\n<p class=\"has-text-align-center has-primary-color has-text-color has-link-color wp-elements-85846ee879c42483bf40bf3bc4e9b5c4\">Generalitat de Catalunya<\/p>\n\n\n\n<p class=\"has-text-align-center has-primary-color has-text-color has-link-color wp-elements-2a5bac19fd689f309fe9a5a6a0fc3bab\">(Decret 184\/2007, DOG 30 agost 2007)<\/p>\n\n\n\n<p><\/p>\n\n\n\n<figure class=\"wp-block-image aligncenter size-large is-resized\"><img loading=\"lazy\" decoding=\"async\" width=\"1024\" height=\"1021\" src=\"https:\/\/www.ub.edu\/grindofi\/wp-content\/uploads\/2025\/02\/Placa-Vicens-Vives-1024x1021.jpg\" alt=\"\" class=\"wp-image-732\" style=\"width:177px;height:auto\" srcset=\"https:\/\/www.ub.edu\/grindofi\/wp-content\/uploads\/2025\/02\/Placa-Vicens-Vives-1024x1021.jpg 1024w, https:\/\/www.ub.edu\/grindofi\/wp-content\/uploads\/2025\/02\/Placa-Vicens-Vives-300x300.jpg 300w, https:\/\/www.ub.edu\/grindofi\/wp-content\/uploads\/2025\/02\/Placa-Vicens-Vives-150x150.jpg 150w, https:\/\/www.ub.edu\/grindofi\/wp-content\/uploads\/2025\/02\/Placa-Vicens-Vives-768x766.jpg 768w, https:\/\/www.ub.edu\/grindofi\/wp-content\/uploads\/2025\/02\/Placa-Vicens-Vives-1536x1532.jpg 1536w, https:\/\/www.ub.edu\/grindofi\/wp-content\/uploads\/2025\/02\/Placa-Vicens-Vives.jpg 2033w\" sizes=\"auto, (max-width: 1024px) 100vw, 1024px\" \/><\/figure>\n<\/div><\/div>\n<\/div>\n\n\n\n<p><\/p>\n\n\n\n<p><\/p>\n","protected":false},"excerpt":{"rendered":"<p>El Grup d&#8217;Innovaci\u00f3 Docent en Fisiologia \u00abGrInDoFi\u00bb de la UB es constitu\u00ed l&#8217;any 1990, estant format inicialment per quatre professors i professores del Departament de Fisiologia de la Facultat de Biologia de la UB. Jaume Fern\u00e1ndez Coordinador des de 1990 a 2023 jaumefernandez@ub.edu Josefina Blasco Teresa Pag\u00e8s Gin\u00e9s Viscor A partir de l&#8217;any 2000 s&#8217;han [&hellip;]<\/p>\n","protected":false},"author":1,"featured_media":0,"parent":0,"menu_order":0,"comment_status":"closed","ping_status":"closed","template":"","meta":{"footnotes":""},"class_list":["post-27","page","type-page","status-publish","hentry"],"_links":{"self":[{"href":"https:\/\/www.ub.edu\/grindofi\/wp-json\/wp\/v2\/pages\/27","targetHints":{"allow":["GET"]}}],"collection":[{"href":"https:\/\/www.ub.edu\/grindofi\/wp-json\/wp\/v2\/pages"}],"about":[{"href":"https:\/\/www.ub.edu\/grindofi\/wp-json\/wp\/v2\/types\/page"}],"author":[{"embeddable":true,"href":"https:\/\/www.ub.edu\/grindofi\/wp-json\/wp\/v2\/users\/1"}],"replies":[{"embeddable":true,"href":"https:\/\/www.ub.edu\/grindofi\/wp-json\/wp\/v2\/comments?post=27"}],"version-history":[{"count":125,"href":"https:\/\/www.ub.edu\/grindofi\/wp-json\/wp\/v2\/pages\/27\/revisions"}],"predecessor-version":[{"id":734,"href":"https:\/\/www.ub.edu\/grindofi\/wp-json\/wp\/v2\/pages\/27\/revisions\/734"}],"wp:attachment":[{"href":"https:\/\/www.ub.edu\/grindofi\/wp-json\/wp\/v2\/media?parent=27"}],"curies":[{"name":"wp","href":"https:\/\/api.w.org\/{rel}","templated":true}]}}