{"id":1787,"date":"2016-09-12T19:12:34","date_gmt":"2016-09-12T19:12:34","guid":{"rendered":"http:\/\/www.ub.edu\/idiomesb2\/?page_id=1787"},"modified":"2025-10-09T13:48:43","modified_gmt":"2025-10-09T11:48:43","slug":"lexpressio-oral","status":"publish","type":"page","link":"https:\/\/www.ub.edu\/idiomesb2\/angles\/com-millorar\/lexpressio-oral\/","title":{"rendered":"L&#8217;expressi\u00f3 oral"},"content":{"rendered":"<div class=\"wpb-content-wrapper\"><p>[vc_row][vc_column][vc_column_text]<img loading=\"lazy\" decoding=\"async\" class=\"alignright wp-image-1929\" src=\"https:\/\/www.ub.edu\/idiomesb2\/wp-content\/uploads\/2016\/09\/Shakespeare2-1.jpg\" alt=\"L'expressi\u00f3 oral\" width=\"450\" height=\"296\" srcset=\"https:\/\/www.ub.edu\/idiomesb2\/wp-content\/uploads\/2016\/09\/Shakespeare2-1.jpg 1067w, https:\/\/www.ub.edu\/idiomesb2\/wp-content\/uploads\/2016\/09\/Shakespeare2-1-300x198.jpg 300w, https:\/\/www.ub.edu\/idiomesb2\/wp-content\/uploads\/2016\/09\/Shakespeare2-1-1024x675.jpg 1024w\" sizes=\"auto, (max-width: 450px) 100vw, 450px\" \/>L&#8217;expressi\u00f3 oral \u00e9s la capacitat de <strong>parlar<\/strong>, i una llengua serveix b\u00e0sicament per comunicar-se! Per aquest motiu us recomanem que poseu en pr\u00e0ctica el que aneu aprenent, fins i tot si sou principiants. Contacteu amb altres persones per comunicar-vos, encara que sigui amb di\u00e0legs molt senzills.<\/p>\n<ul>\n<li><strong>Perdeu la timidesa<\/strong>! Equivocar-se \u00e9s normal quan es parla una llengua estrangera, i \u00e9s important que accepteu l&#8217;error com a part de l&#8217;aprenentatge.<\/li>\n<li>No us amo\u00efneu si no teniu una pronunciaci\u00f3 perfecta, perqu\u00e8 \u00e9s normal tenir accent. Tot i aix\u00ed, cal treballar la fon\u00e8tica i la pronunciaci\u00f3 amb materials espec\u00edfics.<\/li>\n<li>Tingueu present que la <strong>fon\u00e8tica anglesa \u00e9s m\u00e9s complicada<\/strong> del que sembla. El fet que sigui una llengua amb moltes paraules d&#8217;origen llat\u00ed ens pot fer creure que \u00e9s f\u00e0cil de pronunciar, per\u00f2 res m\u00e9s lluny de la realitat. Per exemple, l\u2019angl\u00e8s no t\u00e9 cinc vocals, com podr\u00edem suposar, sin\u00f3 al voltant de dotze, depenent del dialecte. De manera que podr\u00edem pensar que les vocals de <em>cut<\/em> i <em>cat<\/em>\u00a0es pronuncien com una [a] per\u00f2 no \u00e9s\u00a0aix\u00ed. La vocal de <em>cat<\/em> \u00e9s [\u00e6], mentre que la de <em>cut<\/em> \u00e9s [\u028c], diferent a la de <em>put<\/em>, que \u00e9s [\u028a]. Dif\u00edcil, oi? (*).<\/li>\n<li>Per millorar la pronunciaci\u00f3 i la flu\u00efdesa, tamb\u00e9 podeu fer un exercici molt senzill: agafeu un \u00e0udio o un v\u00eddeo en angl\u00e8s, que sigui del vostre nivell. Si \u00e9s possible, que estigui acompanyat de transcripci\u00f3 o de subt\u00edtols en angl\u00e8s, \u00e9s a dir que tingueu el text tamb\u00e9 per escrit. Reprodu\u00efu frases a\u00efllades fixant-vos en la pronunciaci\u00f3 nativa, i repetiu-les intentant imitar-la. Si ho feu cada dia, nom\u00e9s uns minuts, no trigareu a notar la difer\u00e8ncia.<\/li>\n<li>Intenteu practicar l\u2019oralitat tant com pugueu: participeu en grups de conversa, o busqueu-vos una parella d\u2019intercanvi. Ho podeu fer <strong>presencialment o virtualment<\/strong>. Per aprofitar millor les converses, una bona opci\u00f3 \u00e9s que acordeu uns dies abans de quines q\u00fcestions parlareu, i que us prepareu llegint i escoltant sobre el tema, buscant vocabulari, escrivint frases, idees o preguntes.<\/li>\n<\/ul>\n<p>(*) Exemples extrets del Wikitionary de la Wikipedia.[\/vc_column_text][vc_row_inner][vc_column_inner el_class=&#8221;vcenter&#8221; width=&#8221;1\/3&#8243;][vc_single_image image=&#8221;7308&#8243; img_size=&#8221;full&#8221; alignment=&#8221;center&#8221; onclick=&#8221;custom_link&#8221; img_link_target=&#8221;_blank&#8221; link=&#8221;https:\/\/www.ub.edu\/idiomesb2\/angles\/recursos-daprenentatge\/?page_id=1806#sf-&amp;#123;%221%22:%22Angles%22,%224%22:%22Aprenentatge%22,%227%22:%22Expressio%20oral,%20fonetica%20i%20pronunciacio%22,%22search-id%22:%221%22&amp;#125;&#8221;][\/vc_column_inner][vc_column_inner el_class=&#8221;vcenter&#8221; width=&#8221;1\/3&#8243;][vc_single_image image=&#8221;7310&#8243; img_size=&#8221;full&#8221; alignment=&#8221;center&#8221; onclick=&#8221;custom_link&#8221; img_link_target=&#8221;_blank&#8221; link=&#8221;https:\/\/www.ub.edu\/idiomesb2\/angles\/recursos-daprenentatge\/?page_id=1806#sf-&amp;#123;%221%22:%22Angles%22,%224%22:%22Intercanvi%20i%20interaccio%22,%2210%22:%22Conversa%20presencial%22,%22search-id%22:%221%22&amp;#125;&#8221;][\/vc_column_inner][vc_column_inner el_class=&#8221;vcenter&#8221; width=&#8221;1\/3&#8243;][vc_single_image image=&#8221;7311&#8243; img_size=&#8221;full&#8221; alignment=&#8221;center&#8221; onclick=&#8221;custom_link&#8221; img_link_target=&#8221;_blank&#8221; link=&#8221;https:\/\/www.ub.edu\/idiomesb2\/angles\/recursos-daprenentatge\/?page_id=1806#sf-&amp;#123;%221%22:%22Angles%22,%224%22:%22Intercanvi%20i%20interaccio%22,%2210%22:%22Conversa%20virtual%22,%22search-id%22:%221%22&amp;#125;&#8221;][\/vc_column_inner][\/vc_row_inner][\/vc_column][\/vc_row][vc_row][vc_column][vc_separator][\/vc_column][\/vc_row][vc_row][vc_column][vc_video link=&#8221;https:\/\/www.youtube.com\/watch?v=9rr-L0d8ZkY&#8221; el_width=&#8221;50&#8243; align=&#8221;center&#8221;][\/vc_column][\/vc_row][vc_row][vc_column][vc_message message_box_color=&#8221;grey&#8221; icon_fontawesome=&#8221;fa fa-hand-o-right&#8221;]Aquesta secci\u00f3 ha comptat amb la col\u00b7laboraci\u00f3 de l&#8217;Albert Badosa Rold\u00f3s, que ha elaborat el par\u00e0graf sobre la fon\u00e8tica anglesa.[\/vc_message][\/vc_column][\/vc_row]<\/p>\n<\/div>","protected":false},"excerpt":{"rendered":"<p>[vc_row][vc_column][vc_column_text]L&#8217;expressi\u00f3 oral \u00e9s la capacitat de parlar, i una llengua serveix b\u00e0sicament per comunicar-se! Per aquest motiu us recomanem que poseu en pr\u00e0ctica el que aneu aprenent, fins i tot si sou principiants. Contacteu amb altres persones per comunicar-vos, encara que sigui amb di\u00e0legs molt senzills. Perdeu la timidesa! Equivocar-se \u00e9s normal quan es parla <a class=\"more-link\" href=\"https:\/\/www.ub.edu\/idiomesb2\/angles\/com-millorar\/lexpressio-oral\/\">Continue reading <i class=\"fa fa-chevron-right\"><\/i><\/a><\/p>\n","protected":false},"author":2,"featured_media":0,"parent":1776,"menu_order":0,"comment_status":"closed","ping_status":"closed","template":"page-angles.php","meta":{"footnotes":""},"class_list":["post-1787","page","type-page","status-publish","hentry"],"_links":{"self":[{"href":"https:\/\/www.ub.edu\/idiomesb2\/wp-json\/wp\/v2\/pages\/1787","targetHints":{"allow":["GET"]}}],"collection":[{"href":"https:\/\/www.ub.edu\/idiomesb2\/wp-json\/wp\/v2\/pages"}],"about":[{"href":"https:\/\/www.ub.edu\/idiomesb2\/wp-json\/wp\/v2\/types\/page"}],"author":[{"embeddable":true,"href":"https:\/\/www.ub.edu\/idiomesb2\/wp-json\/wp\/v2\/users\/2"}],"replies":[{"embeddable":true,"href":"https:\/\/www.ub.edu\/idiomesb2\/wp-json\/wp\/v2\/comments?post=1787"}],"version-history":[{"count":21,"href":"https:\/\/www.ub.edu\/idiomesb2\/wp-json\/wp\/v2\/pages\/1787\/revisions"}],"predecessor-version":[{"id":9380,"href":"https:\/\/www.ub.edu\/idiomesb2\/wp-json\/wp\/v2\/pages\/1787\/revisions\/9380"}],"up":[{"embeddable":true,"href":"https:\/\/www.ub.edu\/idiomesb2\/wp-json\/wp\/v2\/pages\/1776"}],"wp:attachment":[{"href":"https:\/\/www.ub.edu\/idiomesb2\/wp-json\/wp\/v2\/media?parent=1787"}],"curies":[{"name":"wp","href":"https:\/\/api.w.org\/{rel}","templated":true}]}}