{"id":2226,"date":"2016-09-25T21:51:46","date_gmt":"2016-09-25T21:51:46","guid":{"rendered":"http:\/\/www.ub.edu\/idiomesb2\/?page_id=2226"},"modified":"2025-10-02T16:36:28","modified_gmt":"2025-10-02T14:36:28","slug":"pla-guiat-intensiu","status":"publish","type":"page","link":"https:\/\/www.ub.edu\/idiomesb2\/frances\/quin-pla-de-treball-trio\/pla-guiat-intensiu\/","title":{"rendered":"Pla guiat intensiu: seguir un curs d\u2019autoaprenentatge, i complementar-lo amb altres materials"},"content":{"rendered":"<div class=\"wpb-content-wrapper\"><p>[vc_row][vc_column][vc_column_text]<img loading=\"lazy\" decoding=\"async\" class=\"alignleft wp-image-3216\" src=\"https:\/\/www.ub.edu\/idiomesb2\/wp-content\/uploads\/2016\/06\/Intensiu_franc\u00e8s.jpg\" alt=\"Pla guiat intensiu\" width=\"400\" height=\"297\" srcset=\"https:\/\/www.ub.edu\/idiomesb2\/wp-content\/uploads\/2016\/06\/Intensiu_franc\u00e8s.jpg 947w, https:\/\/www.ub.edu\/idiomesb2\/wp-content\/uploads\/2016\/06\/Intensiu_franc\u00e8s-300x222.jpg 300w\" sizes=\"auto, (max-width: 400px) 100vw, 400px\" \/>Com ja hem explicat, els cursos d&#8217;autoaprenentatge ofereixen una metodologia estructurada i guiada que cobreix tots els aspectes de la llengua per\u00f2, depenent de quin sigui el nostre objectiu, poden ser insuficients.<\/p>\n<p>Per aix\u00f2, una altra opci\u00f3 \u00e9s seguir un curs, i simult\u00e0niament anar <strong>refor\u00e7ant l\u2019aprenentatge amb altres materials<\/strong>. D\u2019aquesta manera, els continguts del curs us guiaran per ampliar el vostre estudi de la gram\u00e0tica, el vocabulari i totes les habilitats ling\u00fc\u00edstiques (comprensi\u00f3 oral, compressi\u00f3 escrita, expressi\u00f3 oral i expressi\u00f3 escrita) amb altres eines i recursos. I aix\u00ed treballareu m\u00e9s a fons.<\/p>\n<p>El m\u00e8tode de fer-ho \u00e9s molt senzill: si el curs us est\u00e0 ensenyant, per exemple, els sons nasals, busqueu altres exercicis, v\u00eddeos i \u00e0udios sobre aquest tema fon\u00e8tic, que siguin del vostre nivell, per practicar m\u00e9s. O, si esteu treballant <em>les adjectifs possessifs<\/em>, intenteu utilitzar-los en di\u00e0legs amb la vostra <a href=\"https:\/\/www.ub.edu\/idiomesb2\/frances\/claus-per-a-lexit\/aprenentatge-social-i-compartit\/#1467827425481-a6572d38-1b5e\" target=\"_blank\" rel=\"noopener noreferrer\">parella ling\u00fc\u00edstica<\/a>. O si esteu estudiant el vocabulari dels aliments, llegiu textos addicionals sobre aquesta q\u00fcesti\u00f3, que tamb\u00e9 siguin del vostre nivell. O en cas que estigueu aprenent a raonar i argumentar amb els connectors <em>mais<\/em>, <em>au debut<\/em>, <em>m\u00eame si<\/em> i <em>c\u2019est-\u00e0-dire<\/em>, procureu utilitzar-los en textos i converses amb altres persones.\u00a0Hi ha una f\u00f3rmula que \u00e9s infal\u00b7lible: <strong>com m\u00e9s practiqueu, m\u00e9s aprendreu<\/strong>![\/vc_column_text][vc_row_inner][vc_column_inner width=&#8221;1\/2&#8243;][vc_single_image image=&#8221;7349&#8243; img_size=&#8221;full&#8221; alignment=&#8221;center&#8221; onclick=&#8221;custom_link&#8221; img_link_target=&#8221;_blank&#8221; link=&#8221;https:\/\/www.ub.edu\/idiomesb2\/frances\/recursos-daprenentatge\/#sf-&amp;#123;%221%22:%22Frances%22,%224%22:%22Aprenentatge%22,%227%22:%22Cursos%20dautoaprenentatge%22,%22search-id%22:%221%22&amp;#125;&#8221;][\/vc_column_inner][vc_column_inner width=&#8221;1\/2&#8243;][vc_single_image image=&#8221;7352&#8243; img_size=&#8221;full&#8221; alignment=&#8221;center&#8221; onclick=&#8221;custom_link&#8221; img_link_target=&#8221;_blank&#8221; link=&#8221;https:\/\/www.ub.edu\/idiomesb2\/frances\/recursos-daprenentatge\/#sf-&amp;#123;%221%22:%22Frances%22,%224%22:%22Aprenentatge%22,%22search-id%22:%221%22&amp;#125;&#8221;][\/vc_column_inner][\/vc_row_inner][\/vc_column][\/vc_row]<\/p>\n<\/div>","protected":false},"excerpt":{"rendered":"<p>[vc_row][vc_column][vc_column_text]Com ja hem explicat, els cursos d&#8217;autoaprenentatge ofereixen una metodologia estructurada i guiada que cobreix tots els aspectes de la llengua per\u00f2, depenent de quin sigui el nostre objectiu, poden ser insuficients. Per aix\u00f2, una altra opci\u00f3 \u00e9s seguir un curs, i simult\u00e0niament anar refor\u00e7ant l\u2019aprenentatge amb altres materials. D\u2019aquesta manera, els continguts del curs <a class=\"more-link\" href=\"https:\/\/www.ub.edu\/idiomesb2\/frances\/quin-pla-de-treball-trio\/pla-guiat-intensiu\/\">Continue reading <i class=\"fa fa-chevron-right\"><\/i><\/a><\/p>\n","protected":false},"author":2,"featured_media":0,"parent":2220,"menu_order":0,"comment_status":"closed","ping_status":"closed","template":"page-frances.php","meta":{"footnotes":""},"class_list":["post-2226","page","type-page","status-publish","hentry"],"_links":{"self":[{"href":"https:\/\/www.ub.edu\/idiomesb2\/wp-json\/wp\/v2\/pages\/2226","targetHints":{"allow":["GET"]}}],"collection":[{"href":"https:\/\/www.ub.edu\/idiomesb2\/wp-json\/wp\/v2\/pages"}],"about":[{"href":"https:\/\/www.ub.edu\/idiomesb2\/wp-json\/wp\/v2\/types\/page"}],"author":[{"embeddable":true,"href":"https:\/\/www.ub.edu\/idiomesb2\/wp-json\/wp\/v2\/users\/2"}],"replies":[{"embeddable":true,"href":"https:\/\/www.ub.edu\/idiomesb2\/wp-json\/wp\/v2\/comments?post=2226"}],"version-history":[{"count":17,"href":"https:\/\/www.ub.edu\/idiomesb2\/wp-json\/wp\/v2\/pages\/2226\/revisions"}],"predecessor-version":[{"id":9357,"href":"https:\/\/www.ub.edu\/idiomesb2\/wp-json\/wp\/v2\/pages\/2226\/revisions\/9357"}],"up":[{"embeddable":true,"href":"https:\/\/www.ub.edu\/idiomesb2\/wp-json\/wp\/v2\/pages\/2220"}],"wp:attachment":[{"href":"https:\/\/www.ub.edu\/idiomesb2\/wp-json\/wp\/v2\/media?parent=2226"}],"curies":[{"name":"wp","href":"https:\/\/api.w.org\/{rel}","templated":true}]}}

<div class="wpb-content-wrapper"><p>[vc_row][vc_column][vc_column_text]<img loading="lazy" decoding="async" class="alignleft wp-image-3216" src="https://www.ub.edu/idiomesb2/wp-content/uploads/2016/06/Intensiu_francès.jpg" alt="Pla guiat intensiu" width="400" height="297" srcset="https://www.ub.edu/idiomesb2/wp-content/uploads/2016/06/Intensiu_francès.jpg 947w, https://www.ub.edu/idiomesb2/wp-content/uploads/2016/06/Intensiu_francès-300x222.jpg 300w" sizes="auto, (max-width: 400px) 100vw, 400px" />Com ja hem explicat, els cursos d&#8217;autoaprenentatge ofereixen una metodologia estructurada i guiada que cobreix tots els aspectes de la llengua però, depenent de quin sigui el nostre objectiu, poden ser insuficients.</p>
<p>Per això, una altra opció és seguir un curs, i simultàniament anar <strong>reforçant l’aprenentatge amb altres materials</strong>. D’aquesta manera, els continguts del curs us guiaran per ampliar el vostre estudi de la gramàtica, el vocabulari i totes les habilitats lingüístiques (comprensió oral, compressió escrita, expressió oral i expressió escrita) amb altres eines i recursos. I així treballareu més a fons.</p>
<p>El mètode de fer-ho és molt senzill: si el curs us està ensenyant, per exemple, els sons nasals, busqueu altres exercicis, vídeos i àudios sobre aquest tema fonètic, que siguin del vostre nivell, per practicar més. O, si esteu treballant <em>les adjectifs possessifs</em>, intenteu utilitzar-los en diàlegs amb la vostra <a href="https://www.ub.edu/idiomesb2/frances/claus-per-a-lexit/aprenentatge-social-i-compartit/#1467827425481-a6572d38-1b5e" target="_blank" rel="noopener noreferrer">parella lingüística</a>. O si esteu estudiant el vocabulari dels aliments, llegiu textos addicionals sobre aquesta qüestió, que també siguin del vostre nivell. O en cas que estigueu aprenent a raonar i argumentar amb els connectors <em>mais</em>, <em>au debut</em>, <em>même si</em> i <em>c’est-à-dire</em>, procureu utilitzar-los en textos i converses amb altres persones. Hi ha una fórmula que és infal·lible: <strong>com més practiqueu, més aprendreu</strong>![/vc_column_text][vc_row_inner][vc_column_inner width=&#8221;1/2&#8243;][vc_single_image image=&#8221;7349&#8243; img_size=&#8221;full&#8221; alignment=&#8221;center&#8221; onclick=&#8221;custom_link&#8221; img_link_target=&#8221;_blank&#8221; link=&#8221;https://www.ub.edu/idiomesb2/frances/recursos-daprenentatge/#sf-&amp;#123;%221%22:%22Frances%22,%224%22:%22Aprenentatge%22,%227%22:%22Cursos%20dautoaprenentatge%22,%22search-id%22:%221%22&amp;#125;&#8221;][/vc_column_inner][vc_column_inner width=&#8221;1/2&#8243;][vc_single_image image=&#8221;7352&#8243; img_size=&#8221;full&#8221; alignment=&#8221;center&#8221; onclick=&#8221;custom_link&#8221; img_link_target=&#8221;_blank&#8221; link=&#8221;https://www.ub.edu/idiomesb2/frances/recursos-daprenentatge/#sf-&amp;#123;%221%22:%22Frances%22,%224%22:%22Aprenentatge%22,%22search-id%22:%221%22&amp;#125;&#8221;][/vc_column_inner][/vc_row_inner][/vc_column][/vc_row]</p>
</div>

<p>[vc_row][vc_column][vc_column_text]Com ja hem explicat, els cursos d&#8217;autoaprenentatge ofereixen una metodologia estructurada i guiada que cobreix tots els aspectes de la llengua però, depenent de quin sigui el nostre objectiu, poden ser insuficients. Per això, una altra opció és seguir un curs, i simultàniament anar reforçant l’aprenentatge amb altres materials. D’aquesta manera, els continguts del curs <a class="more-link" href="https://www.ub.edu/idiomesb2/frances/quin-pla-de-treball-trio/pla-guiat-intensiu/">Continue reading <i class="fa fa-chevron-right"></i></a></p>
