{"id":2300,"date":"2016-09-26T21:34:36","date_gmt":"2016-09-26T21:34:36","guid":{"rendered":"http:\/\/www.ub.edu\/idiomesb2\/?page_id=2300"},"modified":"2021-09-21T14:45:42","modified_gmt":"2021-09-21T12:45:42","slug":"estrategies-de-motivacio","status":"publish","type":"page","link":"https:\/\/www.ub.edu\/idiomesb2\/frances\/claus-per-a-lexit\/estrategies-de-motivacio\/","title":{"rendered":"Estrat\u00e8gies de motivaci\u00f3"},"content":{"rendered":"<div class=\"wpb-content-wrapper\"><p>[vc_row][vc_column][vc_column_text]Estudiar una llengua requereix ganes i entusiasme, i estar motivat ajuda a aprendre millor. Com ho podem fer per no desanimar-nos? Les seg\u00fcents pautes i recomanacions us serviran de suport i us acompanyaran en el cam\u00ed.[\/vc_column_text][\/vc_column][\/vc_row][vc_row][vc_column width=&#8221;1\/6&#8243;][\/vc_column][vc_column width=&#8221;2\/3&#8243;][vc_tta_accordion style=&#8221;flat&#8221; color=&#8221;orange&#8221; active_section=&#8221;0&#8243; collapsible_all=&#8221;true&#8221;][vc_tta_section title=&#8221;Coneixeu-vos a vosaltres mateixos&#8221; tab_id=&#8221;1467828400320-2f4aaedb-4c6e&#8221;][vc_row_inner][vc_column_inner][vc_column_text]Com us motiveu normalment? Us proposem que ho esbrineu amb l&#8217;ajuda del test <strong><a href=\"http:\/\/marciaconner.com\/assess\/motivationstyle\/\" target=\"_blank\" rel=\"noopener\"><em>What is Your Motivation Style<\/em><\/a><\/strong>?[\/vc_column_text][\/vc_column_inner][\/vc_row_inner][\/vc_tta_section][vc_tta_section title=&#8221;Trenqueu amb els estereotips&#8221; tab_id=&#8221;1467828400379-ee48bc09-ec77&#8243;][vc_row_inner][vc_column_inner][vc_column_text]Quants cops hem sentit que aprendre un idioma \u00e9s \u00abdif\u00edcil\u00bb, requereix \u00absacrifici\u00bb o \u00abdisciplina\u00bb? Oblideu-vos d\u2019aquestes creences limitants. Aprendre una llengua \u00e9s adquirir nous coneixements i habilitats, obrir-se portes, cr\u00e9ixer i realitzar-se personalment.[\/vc_column_text][\/vc_column_inner][\/vc_row_inner][\/vc_tta_section][vc_tta_section title=&#8221;Gestioneu b\u00e9 els objectius&#8221; tab_id=&#8221;1467828549581-f161c14f-38a4&#8243;][vc_row_inner][vc_column_inner][vc_column_text]<\/p>\n<ul>\n<li>Avanceu a base d\u2019objectius petits: assolir-los us proporcionar\u00e0 satisfacci\u00f3.<\/li>\n<li>Aneu-vos posant metes a mitj\u00e0 termini. Per exemple, presentar-vos a un examen oficial, o fer un viatge. Aix\u00f2 us ajudar\u00e0 a perseverar.<\/li>\n<\/ul>\n<p>[\/vc_column_text][\/vc_column_inner][\/vc_row_inner][\/vc_tta_section][vc_tta_section title=&#8221;Utilitzeu bones estrat\u00e8gies d\u2019aprenentatge&#8221; tab_id=&#8221;1467828554419-9e443b71-44ab&#8221;][vc_row_inner][vc_column_inner][vc_column_text]<\/p>\n<ul>\n<li>Treballeu amb materials del nivell adequat per a vosaltres: si utilitzeu recursos massa f\u00e0cils avan\u00e7areu poc, i si s\u00f3n massa dif\u00edcils podr\u00edeu desanimar-vos.<\/li>\n<li>Accepteu l\u2019error com a part essencial de l&#8217;aprenentatge: equivocar-se mai \u00e9s un frac\u00e0s.<\/li>\n<li>A partir d\u2019un cert nivell (B1, B2) costa m\u00e9s ser conscient dels progressos, per\u00f2 aix\u00f2 no vol dir que no hi siguin. Recordeu-ho!<\/li>\n<\/ul>\n<p>[\/vc_column_text][\/vc_column_inner][\/vc_row_inner][\/vc_tta_section][vc_tta_section title=&#8221;Confieu en vosaltres mateixos&#8221; tab_id=&#8221;1467828648717-830ef6f4-04e6&#8243;][vc_row_inner][vc_column_inner][vc_column_text]<\/p>\n<ul>\n<li>No us compareu amb altres persones. Tots tenim aptituds diferents, i vosaltres feu el vostre propi i \u00fanic cam\u00ed.<\/li>\n<li>Davant les dificultats o els errors, no genereu missatges negatius en contra vostra. Intenteu fer sempre una autovaloraci\u00f3 positiva, fixant-vos en els objectius que s\u00ed que heu assolit.<\/li>\n<\/ul>\n<p>[\/vc_column_text][\/vc_column_inner][\/vc_row_inner][\/vc_tta_section][vc_tta_section title=&#8221;Motiveu-vos a trav\u00e9s de l\u2019oci&#8221; tab_id=&#8221;1467828652037-7fba6acf-20a4&#8243;][vc_row_inner][vc_column_inner][vc_column_text]<\/p>\n<ul>\n<li>Poseu-vos en contacte amb la cultura: escolteu can\u00e7ons, mireu pel\u00b7l\u00edcules o aprofiteu els esdeveniments culturals de la vostra ciutat.<\/li>\n<li>Participeu en f\u00f2rums i comunitats d\u2019Internet sobre temes que us agradin (la moda, la literatura, els esports, etc.) en la llengua que esteu estudiant. Llegiu tamb\u00e9 sobre aquests temes.<\/li>\n<li>Viatgeu a un pa\u00eds on es parli l\u2019idioma, si en teniu la possibilitat!<\/li>\n<\/ul>\n<p>[\/vc_column_text][\/vc_column_inner][\/vc_row_inner][\/vc_tta_section][vc_tta_section title=&#8221;Motiveu-vos amb les relacions socials&#8221; tab_id=&#8221;1467828723556-73fd40d0-845d&#8221;][vc_row_inner][vc_column_inner][vc_column_text]Comuniqueu-vos amb altres persones per practicar la conversa i per compartir l\u2019aprenentatge. Trobareu consells per fer-ho a la secci\u00f3 \u00ab<a href=\"https:\/\/www.ub.edu\/idiomesb2\/frances\/claus-per-a-lexit\/aprenentatge-social-i-compartit\/\" target=\"_blank\" rel=\"noopener noreferrer\">Aprenentatge social i compartit<\/a>\u00bb.[\/vc_column_text][\/vc_column_inner][\/vc_row_inner][\/vc_tta_section][vc_tta_section title=&#8221;Aprofiteu la creativitat&#8221; tab_id=&#8221;1467828725972-1bf706ac-7c86&#8243;][vc_row_inner][vc_column_inner][vc_column_text]Sou persones creatives? Utilitzeu aquesta qualitat, perqu\u00e8 pot ser molt motivadora. Deixeu-vos endur per la inspiraci\u00f3 per compondre textos de prosa o poesia, material sonor o audiovisual en llengua francesa, o qualsevol altre tipus de treball&#8230; i compartiu-ho![\/vc_column_text][\/vc_column_inner][\/vc_row_inner][\/vc_tta_section][\/vc_tta_accordion][vc_row_inner][vc_column_inner][\/vc_column_inner][\/vc_row_inner][\/vc_column][vc_column width=&#8221;1\/6&#8243;][\/vc_column][\/vc_row][vc_row][vc_column][vc_separator][\/vc_column][\/vc_row][vc_row][vc_column width=&#8221;1\/2&#8243;][vc_video link=&#8221;https:\/\/www.youtube.com\/watch?v=5fbXaUWfYqI&#8221; el_width=&#8221;90&#8243; align=&#8221;right&#8221;][\/vc_column][vc_column width=&#8221;1\/2&#8243;][vc_single_image image=&#8221;1691&#8243; img_size=&#8221;full&#8221; alignment=&#8221;center&#8221;][\/vc_column][\/vc_row]<\/p>\n<\/div>","protected":false},"excerpt":{"rendered":"<p>[vc_row][vc_column][vc_column_text]Estudiar una llengua requereix ganes i entusiasme, i estar motivat ajuda a aprendre millor. Com ho podem fer per no desanimar-nos? Les seg\u00fcents pautes i recomanacions us serviran de suport i us acompanyaran en el cam\u00ed.[\/vc_column_text][\/vc_column][\/vc_row][vc_row][vc_column width=&#8221;1\/6&#8243;][\/vc_column][vc_column width=&#8221;2\/3&#8243;][vc_tta_accordion style=&#8221;flat&#8221; color=&#8221;orange&#8221; active_section=&#8221;0&#8243; collapsible_all=&#8221;true&#8221;][vc_tta_section title=&#8221;Coneixeu-vos a vosaltres mateixos&#8221; tab_id=&#8221;1467828400320-2f4aaedb-4c6e&#8221;][vc_row_inner][vc_column_inner][vc_column_text]Com us motiveu normalment? Us proposem que ho esbrineu <a class=\"more-link\" href=\"https:\/\/www.ub.edu\/idiomesb2\/frances\/claus-per-a-lexit\/estrategies-de-motivacio\/\">Continue reading <i class=\"fa fa-chevron-right\"><\/i><\/a><\/p>\n","protected":false},"author":2,"featured_media":0,"parent":2292,"menu_order":0,"comment_status":"closed","ping_status":"closed","template":"page-frances.php","meta":{"footnotes":""},"class_list":["post-2300","page","type-page","status-publish","hentry"],"_links":{"self":[{"href":"https:\/\/www.ub.edu\/idiomesb2\/wp-json\/wp\/v2\/pages\/2300","targetHints":{"allow":["GET"]}}],"collection":[{"href":"https:\/\/www.ub.edu\/idiomesb2\/wp-json\/wp\/v2\/pages"}],"about":[{"href":"https:\/\/www.ub.edu\/idiomesb2\/wp-json\/wp\/v2\/types\/page"}],"author":[{"embeddable":true,"href":"https:\/\/www.ub.edu\/idiomesb2\/wp-json\/wp\/v2\/users\/2"}],"replies":[{"embeddable":true,"href":"https:\/\/www.ub.edu\/idiomesb2\/wp-json\/wp\/v2\/comments?post=2300"}],"version-history":[{"count":10,"href":"https:\/\/www.ub.edu\/idiomesb2\/wp-json\/wp\/v2\/pages\/2300\/revisions"}],"predecessor-version":[{"id":6905,"href":"https:\/\/www.ub.edu\/idiomesb2\/wp-json\/wp\/v2\/pages\/2300\/revisions\/6905"}],"up":[{"embeddable":true,"href":"https:\/\/www.ub.edu\/idiomesb2\/wp-json\/wp\/v2\/pages\/2292"}],"wp:attachment":[{"href":"https:\/\/www.ub.edu\/idiomesb2\/wp-json\/wp\/v2\/media?parent=2300"}],"curies":[{"name":"wp","href":"https:\/\/api.w.org\/{rel}","templated":true}]}}

Estratègies de motivació

<div class="wpb-content-wrapper"><p>[vc_row][vc_column][vc_column_text]Estudiar una llengua requereix ganes i entusiasme, i estar motivat ajuda a aprendre millor. Com ho podem fer per no desanimar-nos? Les següents pautes i recomanacions us serviran de suport i us acompanyaran en el camí.[/vc_column_text][/vc_column][/vc_row][vc_row][vc_column width=&#8221;1/6&#8243;][/vc_column][vc_column width=&#8221;2/3&#8243;][vc_tta_accordion style=&#8221;flat&#8221; color=&#8221;orange&#8221; active_section=&#8221;0&#8243; collapsible_all=&#8221;true&#8221;][vc_tta_section title=&#8221;Coneixeu-vos a vosaltres mateixos&#8221; tab_id=&#8221;1467828400320-2f4aaedb-4c6e&#8221;][vc_row_inner][vc_column_inner][vc_column_text]Com us motiveu normalment? Us proposem que ho esbrineu amb l&#8217;ajuda del test <strong><a href="http://marciaconner.com/assess/motivationstyle/" target="_blank" rel="noopener"><em>What is Your Motivation Style</em></a></strong>?[/vc_column_text][/vc_column_inner][/vc_row_inner][/vc_tta_section][vc_tta_section title=&#8221;Trenqueu amb els estereotips&#8221; tab_id=&#8221;1467828400379-ee48bc09-ec77&#8243;][vc_row_inner][vc_column_inner][vc_column_text]Quants cops hem sentit que aprendre un idioma és «difícil», requereix «sacrifici» o «disciplina»? Oblideu-vos d’aquestes creences limitants. Aprendre una llengua és adquirir nous coneixements i habilitats, obrir-se portes, créixer i realitzar-se personalment.[/vc_column_text][/vc_column_inner][/vc_row_inner][/vc_tta_section][vc_tta_section title=&#8221;Gestioneu bé els objectius&#8221; tab_id=&#8221;1467828549581-f161c14f-38a4&#8243;][vc_row_inner][vc_column_inner][vc_column_text]</p>
<ul>
<li>Avanceu a base d’objectius petits: assolir-los us proporcionarà satisfacció.</li>
<li>Aneu-vos posant metes a mitjà termini. Per exemple, presentar-vos a un examen oficial, o fer un viatge. Això us ajudarà a perseverar.</li>
</ul>
<p>[/vc_column_text][/vc_column_inner][/vc_row_inner][/vc_tta_section][vc_tta_section title=&#8221;Utilitzeu bones estratègies d’aprenentatge&#8221; tab_id=&#8221;1467828554419-9e443b71-44ab&#8221;][vc_row_inner][vc_column_inner][vc_column_text]</p>
<ul>
<li>Treballeu amb materials del nivell adequat per a vosaltres: si utilitzeu recursos massa fàcils avançareu poc, i si són massa difícils podríeu desanimar-vos.</li>
<li>Accepteu l’error com a part essencial de l&#8217;aprenentatge: equivocar-se mai és un fracàs.</li>
<li>A partir d’un cert nivell (B1, B2) costa més ser conscient dels progressos, però això no vol dir que no hi siguin. Recordeu-ho!</li>
</ul>
<p>[/vc_column_text][/vc_column_inner][/vc_row_inner][/vc_tta_section][vc_tta_section title=&#8221;Confieu en vosaltres mateixos&#8221; tab_id=&#8221;1467828648717-830ef6f4-04e6&#8243;][vc_row_inner][vc_column_inner][vc_column_text]</p>
<ul>
<li>No us compareu amb altres persones. Tots tenim aptituds diferents, i vosaltres feu el vostre propi i únic camí.</li>
<li>Davant les dificultats o els errors, no genereu missatges negatius en contra vostra. Intenteu fer sempre una autovaloració positiva, fixant-vos en els objectius que sí que heu assolit.</li>
</ul>
<p>[/vc_column_text][/vc_column_inner][/vc_row_inner][/vc_tta_section][vc_tta_section title=&#8221;Motiveu-vos a través de l’oci&#8221; tab_id=&#8221;1467828652037-7fba6acf-20a4&#8243;][vc_row_inner][vc_column_inner][vc_column_text]</p>
<ul>
<li>Poseu-vos en contacte amb la cultura: escolteu cançons, mireu pel·lícules o aprofiteu els esdeveniments culturals de la vostra ciutat.</li>
<li>Participeu en fòrums i comunitats d’Internet sobre temes que us agradin (la moda, la literatura, els esports, etc.) en la llengua que esteu estudiant. Llegiu també sobre aquests temes.</li>
<li>Viatgeu a un país on es parli l’idioma, si en teniu la possibilitat!</li>
</ul>
<p>[/vc_column_text][/vc_column_inner][/vc_row_inner][/vc_tta_section][vc_tta_section title=&#8221;Motiveu-vos amb les relacions socials&#8221; tab_id=&#8221;1467828723556-73fd40d0-845d&#8221;][vc_row_inner][vc_column_inner][vc_column_text]Comuniqueu-vos amb altres persones per practicar la conversa i per compartir l’aprenentatge. Trobareu consells per fer-ho a la secció «<a href="https://www.ub.edu/idiomesb2/frances/claus-per-a-lexit/aprenentatge-social-i-compartit/" target="_blank" rel="noopener noreferrer">Aprenentatge social i compartit</a>».[/vc_column_text][/vc_column_inner][/vc_row_inner][/vc_tta_section][vc_tta_section title=&#8221;Aprofiteu la creativitat&#8221; tab_id=&#8221;1467828725972-1bf706ac-7c86&#8243;][vc_row_inner][vc_column_inner][vc_column_text]Sou persones creatives? Utilitzeu aquesta qualitat, perquè pot ser molt motivadora. Deixeu-vos endur per la inspiració per compondre textos de prosa o poesia, material sonor o audiovisual en llengua francesa, o qualsevol altre tipus de treball&#8230; i compartiu-ho![/vc_column_text][/vc_column_inner][/vc_row_inner][/vc_tta_section][/vc_tta_accordion][vc_row_inner][vc_column_inner][/vc_column_inner][/vc_row_inner][/vc_column][vc_column width=&#8221;1/6&#8243;][/vc_column][/vc_row][vc_row][vc_column][vc_separator][/vc_column][/vc_row][vc_row][vc_column width=&#8221;1/2&#8243;][vc_video link=&#8221;https://www.youtube.com/watch?v=5fbXaUWfYqI&#8221; el_width=&#8221;90&#8243; align=&#8221;right&#8221;][/vc_column][vc_column width=&#8221;1/2&#8243;][vc_single_image image=&#8221;1691&#8243; img_size=&#8221;full&#8221; alignment=&#8221;center&#8221;][/vc_column][/vc_row]</p>
</div>

<p>[vc_row][vc_column][vc_column_text]Estudiar una llengua requereix ganes i entusiasme, i estar motivat ajuda a aprendre millor. Com ho podem fer per no desanimar-nos? Les següents pautes i recomanacions us serviran de suport i us acompanyaran en el camí.[/vc_column_text][/vc_column][/vc_row][vc_row][vc_column width=&#8221;1/6&#8243;][/vc_column][vc_column width=&#8221;2/3&#8243;][vc_tta_accordion style=&#8221;flat&#8221; color=&#8221;orange&#8221; active_section=&#8221;0&#8243; collapsible_all=&#8221;true&#8221;][vc_tta_section title=&#8221;Coneixeu-vos a vosaltres mateixos&#8221; tab_id=&#8221;1467828400320-2f4aaedb-4c6e&#8221;][vc_row_inner][vc_column_inner][vc_column_text]Com us motiveu normalment? Us proposem que ho esbrineu <a class="more-link" href="https://www.ub.edu/idiomesb2/frances/claus-per-a-lexit/estrategies-de-motivacio/">Continue reading <i class="fa fa-chevron-right"></i></a></p>
