{"id":2304,"date":"2016-09-26T21:40:53","date_gmt":"2016-09-26T21:40:53","guid":{"rendered":"http:\/\/www.ub.edu\/idiomesb2\/?page_id=2304"},"modified":"2025-10-09T15:28:07","modified_gmt":"2025-10-09T13:28:07","slug":"com-resoldre-dubtes","status":"publish","type":"page","link":"https:\/\/www.ub.edu\/idiomesb2\/frances\/claus-per-a-lexit\/com-resoldre-dubtes\/","title":{"rendered":"Com resoldre dubtes"},"content":{"rendered":"<div class=\"wpb-content-wrapper\"><p>[vc_row][vc_column][vc_column_text]<img loading=\"lazy\" decoding=\"async\" class=\"alignleft wp-image-2342 size-full\" src=\"https:\/\/www.ub.edu\/idiomesb2\/wp-content\/uploads\/2016\/09\/4767700249_1318fca82f_o.jpg\" alt=\"Com resoldre dubtes\" width=\"400\" height=\"300\" srcset=\"https:\/\/www.ub.edu\/idiomesb2\/wp-content\/uploads\/2016\/09\/4767700249_1318fca82f_o.jpg 400w, https:\/\/www.ub.edu\/idiomesb2\/wp-content\/uploads\/2016\/09\/4767700249_1318fca82f_o-300x225.jpg 300w\" sizes=\"auto, (max-width: 400px) 100vw, 400px\" \/>Quan aprenem pel nostre compte, ens podem trobar que tenim dificultats en \u00e0mbits concrets, o que hi ha conceptes que no entenem. En aquests casos, pot ser necess\u00e0ria l\u2019ajuda d\u2019altres persones. On podeu adre\u00e7ar-vos si teniu dubtes o dificultats?<\/p>\n<p><strong>Comunitats virtuals d\u2019aprenents de lleng\u00fces<\/strong>. Hi ha webs amb comunitats d\u2019aprenents de lleng\u00fces on podreu xatejar, resoldre dubtes, participar en f\u00f2rums i contactar amb persones d\u2019altres pa\u00efsos de manera gratu\u00efta.<\/p>\n<p><strong>Grups d&#8217;aprenentatge<\/strong>. Podeu formar-vos un grup d\u2019estudiants de franc\u00e8s, que tinguin el mateix nivell que vosaltres, per ajudar-vos i col\u00b7laborar. A la secci\u00f3 <a href=\"https:\/\/www.ub.edu\/idiomesb2\/alemany\/claus-per-a-lexit\/aprenentatge-social-i-compartit\/\" target=\"_blank\" rel=\"noopener noreferrer\">Aprenentatge social i compartit<\/a> hi trobareu consells per fer-ho.<\/p>\n<p><strong>Bancs de temps<\/strong>. Ofereixen moltes possibilitats, una de les quals \u00e9s la d\u2019estudiar i practicar idiomes de franc. Podeu buscar-hi persones que us ajudin amb la llengua francesa. Alguns bancs de temps s\u00f3n d\u2019\u00e0mbit local, per\u00f2 n\u2019hi ha d\u2019altres que s\u00f3n internacionals i funcionen en l\u00ednia. Aix\u00ed doncs, penseu-vos qu\u00e8 podeu oferir, i endavant![\/vc_column_text][vc_row_inner][vc_column_inner el_class=&#8221;vcenter&#8221; width=&#8221;1\/2&#8243;][vc_single_image image=&#8221;7382&#8243; img_size=&#8221;full&#8221; alignment=&#8221;center&#8221; onclick=&#8221;custom_link&#8221; img_link_target=&#8221;_blank&#8221; link=&#8221;https:\/\/www.ub.edu\/idiomesb2\/frances\/recursos-daprenentatge\/\/?page_id=2318#sf-&amp;#123;%221%22:%22Frances%22,%224%22:%22Intercanvi%20i%20interaccio%22,%2210%22:%22Comunitats%20virtuals%20daprenents%20de%20llengues%22,%22search-id%22:%221%22&amp;#125;&#8221;][\/vc_column_inner][vc_column_inner el_class=&#8221;vcenter&#8221; width=&#8221;1\/2&#8243;][vc_single_image image=&#8221;7387&#8243; img_size=&#8221;full&#8221; alignment=&#8221;center&#8221; onclick=&#8221;custom_link&#8221; img_link_target=&#8221;_blank&#8221; link=&#8221;https:\/\/www.ub.edu\/idiomesb2\/frances\/recursos-daprenentatge\/\/?page_id=2318#sf-&amp;#123;%221%22:%22Frances%22,%224%22:%22Intercanvi%20i%20interaccio%22,%2210%22:%22Bancs%20de%20temps%22,%22search-id%22:%221%22&amp;#125;&#8221;][\/vc_column_inner][\/vc_row_inner][\/vc_column][\/vc_row]<\/p>\n<\/div>","protected":false},"excerpt":{"rendered":"<p>[vc_row][vc_column][vc_column_text]Quan aprenem pel nostre compte, ens podem trobar que tenim dificultats en \u00e0mbits concrets, o que hi ha conceptes que no entenem. En aquests casos, pot ser necess\u00e0ria l\u2019ajuda d\u2019altres persones. On podeu adre\u00e7ar-vos si teniu dubtes o dificultats? Comunitats virtuals d\u2019aprenents de lleng\u00fces. Hi ha webs amb comunitats d\u2019aprenents de lleng\u00fces on podreu xatejar, <a class=\"more-link\" href=\"https:\/\/www.ub.edu\/idiomesb2\/frances\/claus-per-a-lexit\/com-resoldre-dubtes\/\">Continue reading <i class=\"fa fa-chevron-right\"><\/i><\/a><\/p>\n","protected":false},"author":2,"featured_media":0,"parent":2292,"menu_order":0,"comment_status":"closed","ping_status":"closed","template":"page-frances.php","meta":{"footnotes":""},"class_list":["post-2304","page","type-page","status-publish","hentry"],"_links":{"self":[{"href":"https:\/\/www.ub.edu\/idiomesb2\/wp-json\/wp\/v2\/pages\/2304","targetHints":{"allow":["GET"]}}],"collection":[{"href":"https:\/\/www.ub.edu\/idiomesb2\/wp-json\/wp\/v2\/pages"}],"about":[{"href":"https:\/\/www.ub.edu\/idiomesb2\/wp-json\/wp\/v2\/types\/page"}],"author":[{"embeddable":true,"href":"https:\/\/www.ub.edu\/idiomesb2\/wp-json\/wp\/v2\/users\/2"}],"replies":[{"embeddable":true,"href":"https:\/\/www.ub.edu\/idiomesb2\/wp-json\/wp\/v2\/comments?post=2304"}],"version-history":[{"count":10,"href":"https:\/\/www.ub.edu\/idiomesb2\/wp-json\/wp\/v2\/pages\/2304\/revisions"}],"predecessor-version":[{"id":9409,"href":"https:\/\/www.ub.edu\/idiomesb2\/wp-json\/wp\/v2\/pages\/2304\/revisions\/9409"}],"up":[{"embeddable":true,"href":"https:\/\/www.ub.edu\/idiomesb2\/wp-json\/wp\/v2\/pages\/2292"}],"wp:attachment":[{"href":"https:\/\/www.ub.edu\/idiomesb2\/wp-json\/wp\/v2\/media?parent=2304"}],"curies":[{"name":"wp","href":"https:\/\/api.w.org\/{rel}","templated":true}]}}