{"id":289,"date":"2016-06-01T10:23:53","date_gmt":"2016-06-01T10:23:53","guid":{"rendered":"http:\/\/www.ub.edu\/idiomesb2\/?page_id=289"},"modified":"2017-10-16T08:57:33","modified_gmt":"2017-10-16T08:57:33","slug":"la-gestio-del-temps","status":"publish","type":"page","link":"https:\/\/www.ub.edu\/idiomesb2\/alemany\/claus-per-a-lexit\/la-gestio-del-temps\/","title":{"rendered":"La gesti\u00f3 del temps"},"content":{"rendered":"<div class=\"wpb-content-wrapper\"><p>[vc_row][vc_column][vc_column_text]La majoria d\u2019aprenents es topen amb el problema del temps. Com es pot aprofitar al m\u00e0xim? Els seg\u00fcents consells us hi ajudaran.<\/p>\n<p><strong>Intenteu establir un horari per estudiar<\/strong>, en funci\u00f3 dels vostres objectius i del temps de qu\u00e8 disposeu.<\/p>\n<p><strong>\u00c9s millor treballar una mica cada dia<\/strong>, encara que nom\u00e9s siguin quinze minuts, que fer-ho una tarda sencera a la setmana. L\u2019aprenentatge d\u2019un idioma, com qualsevol altre exercici f\u00edsic o mental, \u00e9s molt m\u00e9s efica\u00e7 si es practica amb freq\u00fc\u00e8ncia.<br \/>\n<img loading=\"lazy\" decoding=\"async\" class=\"alignleft wp-image-1163\" src=\"https:\/\/www.ub.edu\/idiomesb2\/wp-content\/uploads\/2016\/06\/Temps2.jpg\" alt=\"Temps2\" width=\"350\" height=\"263\" srcset=\"https:\/\/www.ub.edu\/idiomesb2\/wp-content\/uploads\/2016\/06\/Temps2.jpg 960w, https:\/\/www.ub.edu\/idiomesb2\/wp-content\/uploads\/2016\/06\/Temps2-300x225.jpg 300w\" sizes=\"auto, (max-width: 350px) 100vw, 350px\" \/><br \/>\n<strong>Incorporeu la llengua alemanya als vostres h\u00e0bits diaris<\/strong>. Les tecnologies digitals ens permeten fer-ho de moltes maneres: escoltant la r\u00e0dio, veient la televisi\u00f3, llegint textos diversos, escoltant can\u00e7ons o podcasts, xatejant&#8230; Com m\u00e9s contacte tingueu amb l\u2019idioma, m\u00e9s assimilaci\u00f3.<\/p>\n<p><strong>Aprofiteu les apps<\/strong> per practicar a les estones d\u2019espera amb el m\u00f2bil o la tauleta, per exemple als transports p\u00fablics.<\/p>\n<p><strong>Si \u00e9s necessari&#8230; descongestioneu!<\/strong> A vegades s&#8217;arriba a un punt en qu\u00e8 ens sentim saturats. Quan us passi aix\u00f2, feu uns dies de pausa. De tant en tant el cervell necessita un descans per assimilar el que ha apr\u00e8s.[\/vc_column_text][\/vc_column][\/vc_row][vc_row][vc_column width=&#8221;1\/2&#8243;][vc_video link=&#8221;https:\/\/www.youtube.com\/watch?v=swpHCy5NAV4&#8243; align=&#8221;center&#8221;][\/vc_column][vc_column width=&#8221;1\/2&#8243;][vc_single_image image=&#8221;862&#8243; img_size=&#8221;full&#8221; alignment=&#8221;center&#8221;][\/vc_column][\/vc_row]<\/p>\n<\/div>","protected":false},"excerpt":{"rendered":"<p>[vc_row][vc_column][vc_column_text]La majoria d\u2019aprenents es topen amb el problema del temps. Com es pot aprofitar al m\u00e0xim? Els seg\u00fcents consells us hi ajudaran. Intenteu establir un horari per estudiar, en funci\u00f3 dels vostres objectius i del temps de qu\u00e8 disposeu. \u00c9s millor treballar una mica cada dia, encara que nom\u00e9s siguin quinze minuts, que fer-ho una <a class=\"more-link\" href=\"https:\/\/www.ub.edu\/idiomesb2\/alemany\/claus-per-a-lexit\/la-gestio-del-temps\/\">Continue reading <i class=\"fa fa-chevron-right\"><\/i><\/a><\/p>\n","protected":false},"author":2,"featured_media":0,"parent":251,"menu_order":0,"comment_status":"closed","ping_status":"closed","template":"page-alemany.php","meta":{"footnotes":""},"class_list":["post-289","page","type-page","status-publish","hentry"],"_links":{"self":[{"href":"https:\/\/www.ub.edu\/idiomesb2\/wp-json\/wp\/v2\/pages\/289","targetHints":{"allow":["GET"]}}],"collection":[{"href":"https:\/\/www.ub.edu\/idiomesb2\/wp-json\/wp\/v2\/pages"}],"about":[{"href":"https:\/\/www.ub.edu\/idiomesb2\/wp-json\/wp\/v2\/types\/page"}],"author":[{"embeddable":true,"href":"https:\/\/www.ub.edu\/idiomesb2\/wp-json\/wp\/v2\/users\/2"}],"replies":[{"embeddable":true,"href":"https:\/\/www.ub.edu\/idiomesb2\/wp-json\/wp\/v2\/comments?post=289"}],"version-history":[{"count":12,"href":"https:\/\/www.ub.edu\/idiomesb2\/wp-json\/wp\/v2\/pages\/289\/revisions"}],"predecessor-version":[{"id":4469,"href":"https:\/\/www.ub.edu\/idiomesb2\/wp-json\/wp\/v2\/pages\/289\/revisions\/4469"}],"up":[{"embeddable":true,"href":"https:\/\/www.ub.edu\/idiomesb2\/wp-json\/wp\/v2\/pages\/251"}],"wp:attachment":[{"href":"https:\/\/www.ub.edu\/idiomesb2\/wp-json\/wp\/v2\/media?parent=289"}],"curies":[{"name":"wp","href":"https:\/\/api.w.org\/{rel}","templated":true}]}}