{"id":565,"date":"2016-07-07T09:26:32","date_gmt":"2016-07-07T09:26:32","guid":{"rendered":"http:\/\/www.ub.edu\/idiomesb2\/?page_id=565"},"modified":"2025-10-01T16:11:16","modified_gmt":"2025-10-01T14:11:16","slug":"la-gramatica","status":"publish","type":"page","link":"https:\/\/www.ub.edu\/idiomesb2\/alemany\/com-millorar\/la-gramatica\/","title":{"rendered":"La gram\u00e0tica"},"content":{"rendered":"<div class=\"wpb-content-wrapper\"><p>[vc_row][vc_column][vc_column_text]<img loading=\"lazy\" decoding=\"async\" class=\"alignright wp-image-2905\" src=\"https:\/\/www.ub.edu\/idiomesb2\/wp-content\/uploads\/2016\/07\/Grammatik3.jpg\" alt=\"La gram\u00e0tica\" width=\"450\" height=\"301\" srcset=\"https:\/\/www.ub.edu\/idiomesb2\/wp-content\/uploads\/2016\/07\/Grammatik3.jpg 1051w, https:\/\/www.ub.edu\/idiomesb2\/wp-content\/uploads\/2016\/07\/Grammatik3-300x201.jpg 300w, https:\/\/www.ub.edu\/idiomesb2\/wp-content\/uploads\/2016\/07\/Grammatik3-1024x685.jpg 1024w\" sizes=\"auto, (max-width: 450px) 100vw, 450px\" \/>La gram\u00e0tica \u00e9s un \u00e0mbit important en el domini d&#8217;una llengua, perqu\u00e8 ens ajuda a parlar-la i escriure-la correctament. En el cas de l&#8217;alemany, ens hi haurem de concentrar especialment, perqu\u00e8 \u00e9s un idioma amb una gram\u00e0tica complexa i una mica diferent de la nostra. Els seg\u00fcents consells poden ajudar-vos:<\/p>\n<ul>\n<li>Per treballar\u00a0aquest aspecte d&#8217;una llengua\u00a0cal fer exercicis, per\u00f2 tamb\u00e9 necessitareu una bona <strong>gram\u00e0tica de consulta<\/strong> per resoldre els dubtes que us vagin sorgint.<\/li>\n<li>A Internet hi ha recursos que us ajudaran a practicar-la, per\u00f2 en alguns casos poden ser insuficients i us caldr\u00e0 rec\u00f3rrer a bibliografia. Des d&#8217;aqu\u00ed us recomanem webs i llibres. Els trobareu a l&#8217;enlla\u00e7 sota aquestes l\u00ednies.<\/li>\n<li>\u00c9s molt \u00fatil fer <strong>fitxes o esquemes<\/strong> amb els aspectes que us resultin m\u00e9s dif\u00edcils. D\u2019aquesta manera \u00abordenareu\u00bb les regles a la vostra manera. Aix\u00ed recordareu millor les estructures i tindreu una font de consulta personalitzada que us ser\u00e0 \u00fatil.<\/li>\n<li>No us limiteu a un sol nivell. Si teniu dificultats amb algun tema, podeu treballar amb materials d\u2019un nivell immediatament inferior.<\/li>\n<li>\u00c9s molt habitual practicar la gram\u00e0tica <strong>per escrit<\/strong>, per exemple fent exercicis d&#8217;omplir els buits o d&#8217;opci\u00f3 m\u00faltiple. Per\u00f2 tamb\u00e9 \u00e9s aconsellable que ho feu <strong>oralment<\/strong>, formulant frases amb les estructures que aneu aprenent. Aix\u00ed adquirireu agilitat. Podeu fer-ho sols, o tamb\u00e9 en parella o en grup. Per exemple, amb la vostra <a href=\"https:\/\/www.ub.edu\/idiomesb2\/alemany\/claus-per-a-lexit\/aprenentatge-social-i-compartit\/\" target=\"_blank\" rel=\"noopener noreferrer\">parella d&#8217;intercanvi ling\u00fc\u00edstic<\/a>, si en teniu. En aquest darrer cas, podria anar-vos molt b\u00e9 si abans de conversar us prepareu pr\u00e8viament els temes, el vocabulari i la gram\u00e0tica que fareu servir.<\/li>\n<li>Hi ha aspectes de la gram\u00e0tica alemanya que s\u00f3n <strong>especialment dif\u00edcils o importants<\/strong>, i haureu de dedicar-hi atenci\u00f3. \u00c9s el cas de les declinacions (<em>Nominativ<\/em>, <em>Akkusativ<\/em>, <em>Dativ<\/em>, <em>Genitiv<\/em>), l\u2019ordre dels diferents elements dins la frase, els verbs separables o l\u2019\u00fas de les formes passives (<em>Passiv<\/em>).<\/li>\n<\/ul>\n<p>[\/vc_column_text][vc_row_inner][vc_column_inner width=&#8221;1\/3&#8243;][\/vc_column_inner][vc_column_inner width=&#8221;1\/3&#8243;][vc_single_image image=&#8221;7237&#8243; img_size=&#8221;full&#8221; alignment=&#8221;center&#8221; onclick=&#8221;custom_link&#8221; img_link_target=&#8221;_blank&#8221; link=&#8221;https:\/\/www.ub.edu\/idiomesb2\/alemany\/recursos-daprenentatge\/#sf-&amp;#123;%221%22:%22Alemany%22,%224%22:%22Aprenentatge%22,%227%22:%22Gramatica%22,%22search-id%22:%221%22&amp;#125;&#8221;][\/vc_column_inner][vc_column_inner width=&#8221;1\/3&#8243;][\/vc_column_inner][\/vc_row_inner][\/vc_column][\/vc_row][vc_row][vc_column][\/vc_column][\/vc_row]<\/p>\n<\/div>","protected":false},"excerpt":{"rendered":"<p>[vc_row][vc_column][vc_column_text]La gram\u00e0tica \u00e9s un \u00e0mbit important en el domini d&#8217;una llengua, perqu\u00e8 ens ajuda a parlar-la i escriure-la correctament. En el cas de l&#8217;alemany, ens hi haurem de concentrar especialment, perqu\u00e8 \u00e9s un idioma amb una gram\u00e0tica complexa i una mica diferent de la nostra. Els seg\u00fcents consells poden ajudar-vos: Per treballar\u00a0aquest aspecte d&#8217;una llengua\u00a0cal <a class=\"more-link\" href=\"https:\/\/www.ub.edu\/idiomesb2\/alemany\/com-millorar\/la-gramatica\/\">Continue reading <i class=\"fa fa-chevron-right\"><\/i><\/a><\/p>\n","protected":false},"author":2,"featured_media":0,"parent":205,"menu_order":0,"comment_status":"closed","ping_status":"closed","template":"page-alemany.php","meta":{"footnotes":""},"class_list":["post-565","page","type-page","status-publish","hentry"],"_links":{"self":[{"href":"https:\/\/www.ub.edu\/idiomesb2\/wp-json\/wp\/v2\/pages\/565","targetHints":{"allow":["GET"]}}],"collection":[{"href":"https:\/\/www.ub.edu\/idiomesb2\/wp-json\/wp\/v2\/pages"}],"about":[{"href":"https:\/\/www.ub.edu\/idiomesb2\/wp-json\/wp\/v2\/types\/page"}],"author":[{"embeddable":true,"href":"https:\/\/www.ub.edu\/idiomesb2\/wp-json\/wp\/v2\/users\/2"}],"replies":[{"embeddable":true,"href":"https:\/\/www.ub.edu\/idiomesb2\/wp-json\/wp\/v2\/comments?post=565"}],"version-history":[{"count":60,"href":"https:\/\/www.ub.edu\/idiomesb2\/wp-json\/wp\/v2\/pages\/565\/revisions"}],"predecessor-version":[{"id":9312,"href":"https:\/\/www.ub.edu\/idiomesb2\/wp-json\/wp\/v2\/pages\/565\/revisions\/9312"}],"up":[{"embeddable":true,"href":"https:\/\/www.ub.edu\/idiomesb2\/wp-json\/wp\/v2\/pages\/205"}],"wp:attachment":[{"href":"https:\/\/www.ub.edu\/idiomesb2\/wp-json\/wp\/v2\/media?parent=565"}],"curies":[{"name":"wp","href":"https:\/\/api.w.org\/{rel}","templated":true}]}}