{"id":218,"date":"2018-01-24T11:38:03","date_gmt":"2018-01-24T10:38:38","guid":{"rendered":"http:\/\/www.ub.edu\/imarte\/nouwp4812017\/?page_id=218"},"modified":"2024-06-19T10:10:04","modified_gmt":"2024-06-19T09:10:04","slug":"postgraus","status":"publish","type":"page","link":"https:\/\/www.ub.edu\/imarte\/historic\/postgraus\/","title":{"rendered":"Postgraus"},"content":{"rendered":"<div id=\"pl-218\"  class=\"panel-layout\" ><div id=\"pg-218-0\"  class=\"panel-grid panel-no-style\" ><div id=\"pgc-218-0-0\"  class=\"panel-grid-cell\" ><div id=\"panel-218-0-0-0\" class=\"so-panel widget widget_imartew_page_title panel-first-child panel-last-child\" data-index=\"0\" ><div\n\t\t\t\n\t\t\tclass=\"so-widget-imartew_page_title so-widget-imartew_page_title-default-0785d86991c3-218\"\n\t\t\t\n\t\t><h1 class='page-title'>Postgraus<\/h1><\/div><\/div><\/div><\/div><div id=\"pg-218-1\"  class=\"panel-grid panel-no-style\" ><div id=\"pgc-218-1-0\"  class=\"panel-grid-cell\" ><div id=\"panel-218-1-0-0\" class=\"so-panel widget widget_sow-editor panel-first-child panel-last-child\" data-index=\"1\" ><div\n\t\t\t\n\t\t\tclass=\"so-widget-sow-editor so-widget-sow-editor-base\"\n\t\t\t\n\t\t>\n<div class=\"siteorigin-widget-tinymce textwidget\">\n\t<p>Presentem en aquest apartat tots els continguts dels postgraus generats des del nostre equip d'investigaci\u00f3, que van significar un gran avan\u00e7 en el coneixement sobre el que seria posteriormnt una de les l\u00ednies d'investigaci\u00f3 dels nostres projectes I+D (Ministeri) i SGR (Generalitat de Catalunya).<\/p>\n<\/div>\n<\/div><\/div><\/div><\/div><div id=\"pg-218-2\"  class=\"panel-grid panel-no-style\" ><div id=\"pgc-218-2-0\"  class=\"panel-grid-cell\" ><div id=\"panel-218-2-0-0\" class=\"so-panel widget widget_imartew_separator panel-first-child panel-last-child\" data-index=\"2\" ><div\n\t\t\t\n\t\t\tclass=\"so-widget-imartew_separator so-widget-imartew_separator-default-af0eaef6dfd4-218\"\n\t\t\t\n\t\t><hr class='imarte-separator'\/><\/div><\/div><\/div><\/div><div id=\"pg-218-3\"  class=\"panel-grid panel-no-style\" ><div id=\"pgc-218-3-0\"  class=\"panel-grid-cell\" ><div id=\"panel-218-3-0-0\" class=\"so-panel widget widget_imartew_related_pages_menu panel-first-child panel-last-child\" data-index=\"3\" ><div\n\t\t\t\n\t\t\tclass=\"so-widget-imartew_related_pages_menu so-widget-imartew_related_pages_menu-default-d75171398898-218\"\n\t\t\t\n\t\t><ul class='imarte-page-menu imarte-page-menu--related imarte-page-menu--list'><li class='imarte-page-menu__li imarte-page-menu__li--1'><a class='imarte-page-menu__item' href='https:\/\/www.ub.edu\/imarte\/historic\/postgraus\/postgrau-1999\/'>Postgrau 1999<\/a><\/li><li class='imarte-page-menu__li imarte-page-menu__li--1'><a class='imarte-page-menu__item' href='https:\/\/www.ub.edu\/imarte\/historic\/postgraus\/postgrau-1998\/'>Postgrau 1998<\/a><\/li><\/ul><\/div><\/div><\/div><\/div><\/div>","protected":false},"excerpt":{"rendered":"<p>Presentem en aquest apartat tots els continguts dels postgraus generats des del nostre equip d&#8217;investigaci\u00f3, que van significar un gran avan\u00e7 en el coneixement sobre el que seria posteriormnt una de les l\u00ednies d&#8217;investigaci\u00f3 dels nostres projectes I+D (Ministeri) i SGR (Generalitat de Catalunya).<\/p>\n","protected":false},"author":2,"featured_media":0,"parent":13892,"menu_order":1,"comment_status":"closed","ping_status":"closed","template":"","meta":{"_acf_changed":false,"inline_featured_image":false,"footnotes":""},"class_list":["post-218","page","type-page","status-publish","hentry"," cat-0"],"acf":[],"yoast_head":"<!-- This site is optimized with the Yoast SEO plugin v23.8 - https:\/\/yoast.com\/wordpress\/plugins\/seo\/ -->\n<title>Postgraus | Imarte<\/title>\n<meta name=\"robots\" content=\"index, follow, max-snippet:-1, max-image-preview:large, max-video-preview:-1\" \/>\n<link rel=\"canonical\" href=\"https:\/\/www.ub.edu\/imarte\/historic\/postgraus\/\" \/>\n<meta property=\"og:locale\" content=\"ca_ES\" \/>\n<meta property=\"og:type\" content=\"article\" \/>\n<meta property=\"og:title\" content=\"Postgraus | Imarte\" \/>\n<meta property=\"og:description\" content=\"Presentem en aquest apartat tots els continguts dels postgraus generats des del nostre equip d&#039;investigaci\u00f3, que van significar un gran avan\u00e7 en el coneixement sobre el que seria posteriormnt una de les l\u00ednies d&#039;investigaci\u00f3 dels nostres projectes I+D (Ministeri) i SGR (Generalitat de Catalunya).\" \/>\n<meta property=\"og:url\" content=\"https:\/\/www.ub.edu\/imarte\/historic\/postgraus\/\" \/>\n<meta property=\"og:site_name\" content=\"Imarte\" \/>\n<meta property=\"article:modified_time\" content=\"2024-06-19T09:10:04+00:00\" \/>\n<meta name=\"twitter:card\" content=\"summary_large_image\" \/>\n<meta name=\"twitter:label1\" content=\"Temps estimat de lectura\" \/>\n\t<meta name=\"twitter:data1\" content=\"1 minut\" \/>\n<script type=\"application\/ld+json\" class=\"yoast-schema-graph\">{\"@context\":\"https:\/\/schema.org\",\"@graph\":[{\"@type\":\"WebPage\",\"@id\":\"https:\/\/www.ub.edu\/imarte\/historic\/postgraus\/\",\"url\":\"https:\/\/www.ub.edu\/imarte\/historic\/postgraus\/\",\"name\":\"Postgraus | Imarte\",\"isPartOf\":{\"@id\":\"https:\/\/www.ub.edu\/imarte\/#website\"},\"datePublished\":\"2018-01-24T10:38:38+00:00\",\"dateModified\":\"2024-06-19T09:10:04+00:00\",\"breadcrumb\":{\"@id\":\"https:\/\/www.ub.edu\/imarte\/historic\/postgraus\/#breadcrumb\"},\"inLanguage\":\"ca\",\"potentialAction\":[{\"@type\":\"ReadAction\",\"target\":[\"https:\/\/www.ub.edu\/imarte\/historic\/postgraus\/\"]}]},{\"@type\":\"BreadcrumbList\",\"@id\":\"https:\/\/www.ub.edu\/imarte\/historic\/postgraus\/#breadcrumb\",\"itemListElement\":[{\"@type\":\"ListItem\",\"position\":1,\"name\":\"Home\",\"item\":\"https:\/\/www.ub.edu\/imarte\/\"},{\"@type\":\"ListItem\",\"position\":2,\"name\":\"Hist\u00f2ric\",\"item\":\"https:\/\/www.ub.edu\/imarte\/historic\/\"},{\"@type\":\"ListItem\",\"position\":3,\"name\":\"Postgraus\"}]},{\"@type\":\"WebSite\",\"@id\":\"https:\/\/www.ub.edu\/imarte\/#website\",\"url\":\"https:\/\/www.ub.edu\/imarte\/\",\"name\":\"Imarte\",\"description\":\"Grup d&#039;investigaci\u00f3, art, ci\u00e8ncia i tecnologia.\",\"potentialAction\":[{\"@type\":\"SearchAction\",\"target\":{\"@type\":\"EntryPoint\",\"urlTemplate\":\"https:\/\/www.ub.edu\/imarte\/?s={search_term_string}\"},\"query-input\":{\"@type\":\"PropertyValueSpecification\",\"valueRequired\":true,\"valueName\":\"search_term_string\"}}],\"inLanguage\":\"ca\"}]}<\/script>\n<!-- \/ Yoast SEO plugin. -->","yoast_head_json":{"title":"Postgraus | Imarte","robots":{"index":"index","follow":"follow","max-snippet":"max-snippet:-1","max-image-preview":"max-image-preview:large","max-video-preview":"max-video-preview:-1"},"canonical":"https:\/\/www.ub.edu\/imarte\/historic\/postgraus\/","og_locale":"ca_ES","og_type":"article","og_title":"Postgraus | Imarte","og_description":"Presentem en aquest apartat tots els continguts dels postgraus generats des del nostre equip d'investigaci\u00f3, que van significar un gran avan\u00e7 en el coneixement sobre el que seria posteriormnt una de les l\u00ednies d'investigaci\u00f3 dels nostres projectes I+D (Ministeri) i SGR (Generalitat de Catalunya).","og_url":"https:\/\/www.ub.edu\/imarte\/historic\/postgraus\/","og_site_name":"Imarte","article_modified_time":"2024-06-19T09:10:04+00:00","twitter_card":"summary_large_image","twitter_misc":{"Temps estimat de lectura":"1 minut"},"schema":{"@context":"https:\/\/schema.org","@graph":[{"@type":"WebPage","@id":"https:\/\/www.ub.edu\/imarte\/historic\/postgraus\/","url":"https:\/\/www.ub.edu\/imarte\/historic\/postgraus\/","name":"Postgraus | Imarte","isPartOf":{"@id":"https:\/\/www.ub.edu\/imarte\/#website"},"datePublished":"2018-01-24T10:38:38+00:00","dateModified":"2024-06-19T09:10:04+00:00","breadcrumb":{"@id":"https:\/\/www.ub.edu\/imarte\/historic\/postgraus\/#breadcrumb"},"inLanguage":"ca","potentialAction":[{"@type":"ReadAction","target":["https:\/\/www.ub.edu\/imarte\/historic\/postgraus\/"]}]},{"@type":"BreadcrumbList","@id":"https:\/\/www.ub.edu\/imarte\/historic\/postgraus\/#breadcrumb","itemListElement":[{"@type":"ListItem","position":1,"name":"Home","item":"https:\/\/www.ub.edu\/imarte\/"},{"@type":"ListItem","position":2,"name":"Hist\u00f2ric","item":"https:\/\/www.ub.edu\/imarte\/historic\/"},{"@type":"ListItem","position":3,"name":"Postgraus"}]},{"@type":"WebSite","@id":"https:\/\/www.ub.edu\/imarte\/#website","url":"https:\/\/www.ub.edu\/imarte\/","name":"Imarte","description":"Grup d&#039;investigaci\u00f3, art, ci\u00e8ncia i tecnologia.","potentialAction":[{"@type":"SearchAction","target":{"@type":"EntryPoint","urlTemplate":"https:\/\/www.ub.edu\/imarte\/?s={search_term_string}"},"query-input":{"@type":"PropertyValueSpecification","valueRequired":true,"valueName":"search_term_string"}}],"inLanguage":"ca"}]}},"_links":{"self":[{"href":"https:\/\/www.ub.edu\/imarte\/wp-json\/wp\/v2\/pages\/218"}],"collection":[{"href":"https:\/\/www.ub.edu\/imarte\/wp-json\/wp\/v2\/pages"}],"about":[{"href":"https:\/\/www.ub.edu\/imarte\/wp-json\/wp\/v2\/types\/page"}],"author":[{"embeddable":true,"href":"https:\/\/www.ub.edu\/imarte\/wp-json\/wp\/v2\/users\/2"}],"replies":[{"embeddable":true,"href":"https:\/\/www.ub.edu\/imarte\/wp-json\/wp\/v2\/comments?post=218"}],"version-history":[{"count":4,"href":"https:\/\/www.ub.edu\/imarte\/wp-json\/wp\/v2\/pages\/218\/revisions"}],"predecessor-version":[{"id":13958,"href":"https:\/\/www.ub.edu\/imarte\/wp-json\/wp\/v2\/pages\/218\/revisions\/13958"}],"up":[{"embeddable":true,"href":"https:\/\/www.ub.edu\/imarte\/wp-json\/wp\/v2\/pages\/13892"}],"wp:attachment":[{"href":"https:\/\/www.ub.edu\/imarte\/wp-json\/wp\/v2\/media?parent=218"}],"curies":[{"name":"wp","href":"https:\/\/api.w.org\/{rel}","templated":true}]}}